{"id":2029,"date":"2011-01-23T16:45:12","date_gmt":"2011-01-23T15:45:12","guid":{"rendered":"http:\/\/www.packpapierverlag.de\/neu\/?page_id=2029"},"modified":"2017-04-09T10:41:16","modified_gmt":"2017-04-09T08:41:16","slug":"literatursalons-vortrage-ausstellungen","status":"publish","type":"page","link":"https:\/\/www.packpapierverlag.de\/?page_id=2029","title":{"rendered":"Ausstellungen, Literatursalons"},"content":{"rendered":"<p><a href=\"https:\/\/www.packpapierverlag.de\/?page_id=6986\">zur Zensurausstellung &#8222;Zensur in der BRD seit 1968&#8220;<\/a><\/p>\n<p>&nbsp;<\/p>\n<p><a href=\"https:\/\/www.packpapierverlag.de\/?page_id=6986\">zur &#8222;No Control&#8220;-Tour, &#8222;Medienkommerz und Intellektuelle Selbstverteidigung &#8211; Vortrag, Diskussion, Ausstellung, Live Rap&#8220;<\/a><\/p>\n<p>&nbsp;<\/p>\n<p><a href=\"https:\/\/www.packpapierverlag.de\/?page_id=7049\">Griechische Wochen Osnabr\u00fcck, Plakat, Programmheft, Ausstellungen im Big Buttinsky, Berlin, Jena und Festivals &#8230;<\/a><\/p>\n<p>&nbsp;<\/p>\n<p>zur Ausstellung &#8222;Meister Floh &#8211; Zensur vor 200 Jahren&#8220;<\/p>\n<p>&nbsp;<\/p>\n<p><a href=\"https:\/\/www.packpapierverlag.de\/wp-content\/uploads\/2011\/01\/utopische-Bibliothek.pdf\" target=\"_blank\">zur Utopie-Ausstellung<\/a><\/p>\n<p>&nbsp;<\/p>\n<p><a href=\"https:\/\/www.packpapierverlag.de\/?page_id=7031\">B\u00fccher zum downloaden<\/a><\/p>\n<p>&nbsp;<\/p>\n<p><a href=\"https:\/\/www.packpapierverlag.de\/wp-content\/uploads\/2017\/03\/B\u00fccherLeser1.pdf\" target=\"_blank\">B\u00fccher + Leser, ein Erinnerungsprojekt f\u00fcr verstaubte Sch\u00e4tze<\/a><\/p>\n<p>&nbsp;<\/p>\n","protected":false},"excerpt":{"rendered":"<p>zur Zensurausstellung &#8222;Zensur in der BRD seit 1968&#8220; &nbsp; zur [&hellip;] &hellip; <a href=\"https:\/\/www.packpapierverlag.de\/?page_id=2029\">Weiterlesen <span class=\"meta-nav\">&rarr;<\/span><\/a><\/p>\n","protected":false},"author":8,"featured_media":0,"parent":0,"menu_order":0,"comment_status":"closed","ping_status":"open","template":"","meta":{"footnotes":""},"class_list":["post-2029","page","type-page","status-publish","hentry"],"_links":{"self":[{"href":"https:\/\/www.packpapierverlag.de\/index.php?rest_route=\/wp\/v2\/pages\/2029","targetHints":{"allow":["GET"]}}],"collection":[{"href":"https:\/\/www.packpapierverlag.de\/index.php?rest_route=\/wp\/v2\/pages"}],"about":[{"href":"https:\/\/www.packpapierverlag.de\/index.php?rest_route=\/wp\/v2\/types\/page"}],"author":[{"embeddable":true,"href":"https:\/\/www.packpapierverlag.de\/index.php?rest_route=\/wp\/v2\/users\/8"}],"replies":[{"embeddable":true,"href":"https:\/\/www.packpapierverlag.de\/index.php?rest_route=%2Fwp%2Fv2%2Fcomments&post=2029"}],"version-history":[{"count":19,"href":"https:\/\/www.packpapierverlag.de\/index.php?rest_route=\/wp\/v2\/pages\/2029\/revisions"}],"predecessor-version":[{"id":10269,"href":"https:\/\/www.packpapierverlag.de\/index.php?rest_route=\/wp\/v2\/pages\/2029\/revisions\/10269"}],"wp:attachment":[{"href":"https:\/\/www.packpapierverlag.de\/index.php?rest_route=%2Fwp%2Fv2%2Fmedia&parent=2029"}],"curies":[{"name":"wp","href":"https:\/\/api.w.org\/{rel}","templated":true}]}}

<p><a href="https://www.packpapierverlag.de/?page_id=6986">zur Zensurausstellung &#8222;Zensur in der BRD seit 1968&#8220;</a></p>
<p>&nbsp;</p>
<p><a href="https://www.packpapierverlag.de/?page_id=6986">zur &#8222;No Control&#8220;-Tour, &#8222;Medienkommerz und Intellektuelle Selbstverteidigung &#8211; Vortrag, Diskussion, Ausstellung, Live Rap&#8220;</a></p>
<p>&nbsp;</p>
<p><a href="https://www.packpapierverlag.de/?page_id=7049">Griechische Wochen Osnabrück, Plakat, Programmheft, Ausstellungen im Big Buttinsky, Berlin, Jena und Festivals &#8230;</a></p>
<p>&nbsp;</p>
<p>zur Ausstellung &#8222;Meister Floh &#8211; Zensur vor 200 Jahren&#8220;</p>
<p>&nbsp;</p>
<p><a href="https://www.packpapierverlag.de/wp-content/uploads/2011/01/utopische-Bibliothek.pdf" target="_blank">zur Utopie-Ausstellung</a></p>
<p>&nbsp;</p>
<p><a href="https://www.packpapierverlag.de/?page_id=7031">Bücher zum downloaden</a></p>
<p>&nbsp;</p>
<p><a href="https://www.packpapierverlag.de/wp-content/uploads/2017/03/BücherLeser1.pdf" target="_blank">Bücher + Leser, ein Erinnerungsprojekt für verstaubte Schätze</a></p>
<p>&nbsp;</p>
