{"id":1015,"date":"2010-12-17T16:31:28","date_gmt":"2010-12-17T15:31:28","guid":{"rendered":"http:\/\/www.packpapierverlag.de\/neu\/?p=1015"},"modified":"2017-10-12T17:10:19","modified_gmt":"2017-10-12T15:10:19","slug":"lanza-del-vasto-die-arche","status":"publish","type":"product","link":"https:\/\/www.packpapierverlag.de\/?product=lanza-del-vasto-die-arche","title":{"rendered":"Lanza del Vasto: Die Arche stellt sich vor (v64)"},"content":{"rendered":"<p><a href=\"https:\/\/www.packpapierverlag.de\/wp-content\/uploads\/2010\/12\/die-arche.jpg\"><img loading=\"lazy\" decoding=\"async\" class=\"alignleft size-medium wp-image-5269\" title=\"die arche\" src=\"https:\/\/www.packpapierverlag.de\/wp-content\/uploads\/2010\/12\/die-arche-183x300.jpg\" alt=\"\" width=\"183\" height=\"300\" srcset=\"https:\/\/www.packpapierverlag.de\/wp-content\/uploads\/2010\/12\/die-arche-183x300.jpg 183w, https:\/\/www.packpapierverlag.de\/wp-content\/uploads\/2010\/12\/die-arche-300x490.jpg 300w, https:\/\/www.packpapierverlag.de\/wp-content\/uploads\/2010\/12\/die-arche-626x1024.jpg 626w, https:\/\/www.packpapierverlag.de\/wp-content\/uploads\/2010\/12\/die-arche.jpg 1024w\" sizes=\"auto, (max-width: 183px) 100vw, 183px\" \/><\/a><br \/>\n<small style=\"font-family: Helvetica,Arial,sans-serif; color: #132727;\"><big style=\"font-weight: bold; color: #2d5d5d;\">Lanza del Vasto: Die Arche stellt sich vor<\/big><br \/>\n1978, 72 Seiten, DIN A5.<br \/>\nDie Arche ist eine kommunit\u00e4re Lebensgemeinschaft. Sie wurde 1948 von Lanza del Vasto, einem der wichtigsten europ\u00e4ischen Sch\u00fcler von Mahatma Gandhi, in Frankreich gegr\u00fcndet. Grundlagen des Zusammenlebens in den Gemeinschaften sind Dienen und Teilen, das Bestreben, ein einfaches Leben zu f\u00fchren, die Achtung vor dem Leben sowie Gewaltfreiheit. Ziel des Gr\u00fcnders war es, Gandhis Ideale in einem europ\u00e4ischen Kontext umzusetzen. Die Arche-Gemeinschaft wurde so zu einem wichtigen Impulsgeber f\u00fcr die Friedensbewegung in Westeuropa.<br \/>\n<span style=\"font-weight: bold;\">INHALT: <\/span>Vorwort &#8230;. \u00c4hnlichkeiten und Unterschiede &#8230;. Vers\u00f6hnung und Gegens\u00e4tze &#8230;. Die Entstehung des Ordens &#8230;. Der arbeitende Orden der Arche &#8230;. Satzungen &#8230;. Die Gel\u00fcbte &#8230;. Skizze der Regel von Tournier &#8230;. Der religi\u00f6se Standort der Arche &#8230;. Die heutige Situation der Arche &#8230;. Literaturhinweise<\/small><\/p>\n","protected":false},"excerpt":{"rendered":"<p>Lanza del Vasto: Die Arche stellt sich vor 1978, 72 [&hellip;] &hellip; <a href=\"https:\/\/www.packpapierverlag.de\/?product=lanza-del-vasto-die-arche\">Weiterlesen <span class=\"meta-nav\">&rarr;<\/span><\/a><\/p>\n","protected":false},"featured_media":5269,"template":"","meta":[],"product_brand":[],"product_cat":[9,3],"product_tag":[],"class_list":{"0":"post-1015","1":"product","2":"type-product","3":"status-publish","4":"has-post-thumbnail","6":"product_cat-bewegung-widerstand","7":"product_cat-produkte","9":"first","10":"instock","11":"shipping-taxable","12":"purchasable","13":"product-type-simple"},"_links":{"self":[{"href":"https:\/\/www.packpapierverlag.de\/index.php?rest_route=\/wp\/v2\/product\/1015","targetHints":{"allow":["GET"]}}],"collection":[{"href":"https:\/\/www.packpapierverlag.de\/index.php?rest_route=\/wp\/v2\/product"}],"about":[{"href":"https:\/\/www.packpapierverlag.de\/index.php?rest_route=\/wp\/v2\/types\/product"}],"wp:featuredmedia":[{"embeddable":true,"href":"https:\/\/www.packpapierverlag.de\/index.php?rest_route=\/wp\/v2\/media\/5269"}],"wp:attachment":[{"href":"https:\/\/www.packpapierverlag.de\/index.php?rest_route=%2Fwp%2Fv2%2Fmedia&parent=1015"}],"wp:term":[{"taxonomy":"product_brand","embeddable":true,"href":"https:\/\/www.packpapierverlag.de\/index.php?rest_route=%2Fwp%2Fv2%2Fproduct_brand&post=1015"},{"taxonomy":"product_cat","embeddable":true,"href":"https:\/\/www.packpapierverlag.de\/index.php?rest_route=%2Fwp%2Fv2%2Fproduct_cat&post=1015"},{"taxonomy":"product_tag","embeddable":true,"href":"https:\/\/www.packpapierverlag.de\/index.php?rest_route=%2Fwp%2Fv2%2Fproduct_tag&post=1015"}],"curies":[{"name":"wp","href":"https:\/\/api.w.org\/{rel}","templated":true}]}}

<p><a href="https://www.packpapierverlag.de/wp-content/uploads/2010/12/die-arche.jpg"><img loading="lazy" decoding="async" class="alignleft size-medium wp-image-5269" title="die arche" src="https://www.packpapierverlag.de/wp-content/uploads/2010/12/die-arche-183x300.jpg" alt="" width="183" height="300" srcset="https://www.packpapierverlag.de/wp-content/uploads/2010/12/die-arche-183x300.jpg 183w, https://www.packpapierverlag.de/wp-content/uploads/2010/12/die-arche-300x490.jpg 300w, https://www.packpapierverlag.de/wp-content/uploads/2010/12/die-arche-626x1024.jpg 626w, https://www.packpapierverlag.de/wp-content/uploads/2010/12/die-arche.jpg 1024w" sizes="auto, (max-width: 183px) 100vw, 183px" /></a><br />
<small style="font-family: Helvetica,Arial,sans-serif; color: #132727;"><big style="font-weight: bold; color: #2d5d5d;">Lanza del Vasto: Die Arche stellt sich vor</big><br />
1978, 72 Seiten, DIN A5.<br />
Die Arche ist eine kommunitäre Lebensgemeinschaft. Sie wurde 1948 von Lanza del Vasto, einem der wichtigsten europäischen Schüler von Mahatma Gandhi, in Frankreich gegründet. Grundlagen des Zusammenlebens in den Gemeinschaften sind Dienen und Teilen, das Bestreben, ein einfaches Leben zu führen, die Achtung vor dem Leben sowie Gewaltfreiheit. Ziel des Gründers war es, Gandhis Ideale in einem europäischen Kontext umzusetzen. Die Arche-Gemeinschaft wurde so zu einem wichtigen Impulsgeber für die Friedensbewegung in Westeuropa.<br />
<span style="font-weight: bold;">INHALT: </span>Vorwort &#8230;. Ähnlichkeiten und Unterschiede &#8230;. Versöhnung und Gegensätze &#8230;. Die Entstehung des Ordens &#8230;. Der arbeitende Orden der Arche &#8230;. Satzungen &#8230;. Die Gelübte &#8230;. Skizze der Regel von Tournier &#8230;. Der religiöse Standort der Arche &#8230;. Die heutige Situation der Arche &#8230;. Literaturhinweise</small></p>
