{"id":1017,"date":"2010-12-17T16:32:09","date_gmt":"2010-12-17T15:32:09","guid":{"rendered":"http:\/\/www.packpapierverlag.de\/neu\/?p=1017"},"modified":"2017-05-08T12:58:27","modified_gmt":"2017-05-08T10:58:27","slug":"ulrike-letzte-texte","status":"publish","type":"product","link":"https:\/\/www.packpapierverlag.de\/?product=ulrike-letzte-texte","title":{"rendered":"Ulrike Meinhof &#8211; Letzte Texte (v52)"},"content":{"rendered":"<p><a href=\"https:\/\/www.packpapierverlag.de\/wp-content\/uploads\/2010\/12\/Ulrikes-Letzte-Texte.jpg\"><img loading=\"lazy\" decoding=\"async\" class=\"alignleft size-medium wp-image-4433\" title=\"Ulrikes Letzte Texte\" src=\"https:\/\/www.packpapierverlag.de\/wp-content\/uploads\/2010\/12\/Ulrikes-Letzte-Texte-208x300.jpg\" alt=\"\" width=\"208\" height=\"300\" srcset=\"https:\/\/www.packpapierverlag.de\/wp-content\/uploads\/2010\/12\/Ulrikes-Letzte-Texte-208x300.jpg 208w, https:\/\/www.packpapierverlag.de\/wp-content\/uploads\/2010\/12\/Ulrikes-Letzte-Texte-300x432.jpg 300w, https:\/\/www.packpapierverlag.de\/wp-content\/uploads\/2010\/12\/Ulrikes-Letzte-Texte-710x1024.jpg 710w, https:\/\/www.packpapierverlag.de\/wp-content\/uploads\/2010\/12\/Ulrikes-Letzte-Texte.jpg 1024w\" sizes=\"auto, (max-width: 208px) 100vw, 208px\" \/><\/a><big style=\"font-weight: bold; color: #3c7b7b; font-family: Helvetica,Arial,sans-serif;\">Letzte Texte von Ulrike<\/big><small style=\"color: #214444; font-family: Helvetica,Arial,sans-serif;\"><br \/>\nBrosch\u00fcre mit 67 Seiten, DIN A 5. In dieser Brosch\u00fcre sind Texte, Briefe und Fragmente abgedruckt, die Ulrike Meinhof vor allem in der Haft geschrieben hat, das Politische mischt sich hier zwangsl\u00e4ufig mit pers\u00f6nlicher Betroffenheit. Wer allerdings erwartet, einer irgendwie Bez\u00e4hmten zu begegnen&#8230; das sicher nicht. Aber einem Menschen, der zwischen H\u00e4ftlingsexistenz und Theorie aufgerieben wird. Ein interessanter Einblick mehr noch in Meinhofs, denn in die Denke der RAF.<br \/>\n<span style=\"font-weight: bold;\">Inhalt:<\/span><br \/>\nErkl\u00e4rung von Jan- Carl Raspe im Prozess in Stuttgart- Stammheim. __ Fragment \u00fcber Struktur. __ Brief von Ulrike an Hanna Krabbe. __ Brief von Ulrike an die Gefangenen in Hamburg. __ Aus der Diskussion Stammheim. __ Anfang Mai 76: Thema: Oktoberrevolution- 3. Internationale. __ Teile zu der Erkl\u00e4rung der Gefangenen aus der RAF vom Januar 76. __ Brief Ulrike- Diskussion HIER. __ Geschichte der BRD, alte Linke. __ Fragment- zu den Beweisantr\u00e4gen. __ Konzept a.\/u. zu einem anderen Prozess Ende April 76. __ Bewaffneter antiimperialistischer Kampf und die Defensive der Konterrevolution in ihrer psychologischen Kriegsf\u00fchrung gegen das Volk. __ Antiimperialistischer Kampf. __ Proletarischer Internationalismus. __ Zum Begriff des Nationalstaates. __ Metropolenguerilla. __ Die Guerilla ist die Gruppe. __ Psychologische Kriegsf\u00fchrung. __ Die Dialektik von Revolution und Konterrevolution. __ Utrechter Erkl\u00e4rung 14.12.1974. __ Internationales Komitee zur Verteidigung politischer Gefangener in Europa. __ Statut des Rechtshilfefonds f\u00fcr die Verteidigung politischer Gefangener.<\/small><\/p>\n","protected":false},"excerpt":{"rendered":"<p>Letzte Texte von Ulrike Brosch\u00fcre mit 67 Seiten, DIN A [&hellip;] &hellip; <a href=\"https:\/\/www.packpapierverlag.de\/?product=ulrike-letzte-texte\">Weiterlesen <span class=\"meta-nav\">&rarr;<\/span><\/a><\/p>\n","protected":false},"featured_media":4433,"template":"","meta":[],"product_brand":[],"product_cat":[9,3],"product_tag":[],"class_list":{"0":"post-1017","1":"product","2":"type-product","3":"status-publish","4":"has-post-thumbnail","6":"product_cat-bewegung-widerstand","7":"product_cat-produkte","9":"first","10":"instock","11":"shipping-taxable","12":"purchasable","13":"product-type-simple"},"_links":{"self":[{"href":"https:\/\/www.packpapierverlag.de\/index.php?rest_route=\/wp\/v2\/product\/1017","targetHints":{"allow":["GET"]}}],"collection":[{"href":"https:\/\/www.packpapierverlag.de\/index.php?rest_route=\/wp\/v2\/product"}],"about":[{"href":"https:\/\/www.packpapierverlag.de\/index.php?rest_route=\/wp\/v2\/types\/product"}],"wp:featuredmedia":[{"embeddable":true,"href":"https:\/\/www.packpapierverlag.de\/index.php?rest_route=\/wp\/v2\/media\/4433"}],"wp:attachment":[{"href":"https:\/\/www.packpapierverlag.de\/index.php?rest_route=%2Fwp%2Fv2%2Fmedia&parent=1017"}],"wp:term":[{"taxonomy":"product_brand","embeddable":true,"href":"https:\/\/www.packpapierverlag.de\/index.php?rest_route=%2Fwp%2Fv2%2Fproduct_brand&post=1017"},{"taxonomy":"product_cat","embeddable":true,"href":"https:\/\/www.packpapierverlag.de\/index.php?rest_route=%2Fwp%2Fv2%2Fproduct_cat&post=1017"},{"taxonomy":"product_tag","embeddable":true,"href":"https:\/\/www.packpapierverlag.de\/index.php?rest_route=%2Fwp%2Fv2%2Fproduct_tag&post=1017"}],"curies":[{"name":"wp","href":"https:\/\/api.w.org\/{rel}","templated":true}]}}

<p><a href="https://www.packpapierverlag.de/wp-content/uploads/2010/12/Ulrikes-Letzte-Texte.jpg"><img loading="lazy" decoding="async" class="alignleft size-medium wp-image-4433" title="Ulrikes Letzte Texte" src="https://www.packpapierverlag.de/wp-content/uploads/2010/12/Ulrikes-Letzte-Texte-208x300.jpg" alt="" width="208" height="300" srcset="https://www.packpapierverlag.de/wp-content/uploads/2010/12/Ulrikes-Letzte-Texte-208x300.jpg 208w, https://www.packpapierverlag.de/wp-content/uploads/2010/12/Ulrikes-Letzte-Texte-300x432.jpg 300w, https://www.packpapierverlag.de/wp-content/uploads/2010/12/Ulrikes-Letzte-Texte-710x1024.jpg 710w, https://www.packpapierverlag.de/wp-content/uploads/2010/12/Ulrikes-Letzte-Texte.jpg 1024w" sizes="auto, (max-width: 208px) 100vw, 208px" /></a><big style="font-weight: bold; color: #3c7b7b; font-family: Helvetica,Arial,sans-serif;">Letzte Texte von Ulrike</big><small style="color: #214444; font-family: Helvetica,Arial,sans-serif;"><br />
Broschüre mit 67 Seiten, DIN A 5. In dieser Broschüre sind Texte, Briefe und Fragmente abgedruckt, die Ulrike Meinhof vor allem in der Haft geschrieben hat, das Politische mischt sich hier zwangsläufig mit persönlicher Betroffenheit. Wer allerdings erwartet, einer irgendwie Bezähmten zu begegnen&#8230; das sicher nicht. Aber einem Menschen, der zwischen Häftlingsexistenz und Theorie aufgerieben wird. Ein interessanter Einblick mehr noch in Meinhofs, denn in die Denke der RAF.<br />
<span style="font-weight: bold;">Inhalt:</span><br />
Erklärung von Jan- Carl Raspe im Prozess in Stuttgart- Stammheim. __ Fragment über Struktur. __ Brief von Ulrike an Hanna Krabbe. __ Brief von Ulrike an die Gefangenen in Hamburg. __ Aus der Diskussion Stammheim. __ Anfang Mai 76: Thema: Oktoberrevolution- 3. Internationale. __ Teile zu der Erklärung der Gefangenen aus der RAF vom Januar 76. __ Brief Ulrike- Diskussion HIER. __ Geschichte der BRD, alte Linke. __ Fragment- zu den Beweisanträgen. __ Konzept a./u. zu einem anderen Prozess Ende April 76. __ Bewaffneter antiimperialistischer Kampf und die Defensive der Konterrevolution in ihrer psychologischen Kriegsführung gegen das Volk. __ Antiimperialistischer Kampf. __ Proletarischer Internationalismus. __ Zum Begriff des Nationalstaates. __ Metropolenguerilla. __ Die Guerilla ist die Gruppe. __ Psychologische Kriegsführung. __ Die Dialektik von Revolution und Konterrevolution. __ Utrechter Erklärung 14.12.1974. __ Internationales Komitee zur Verteidigung politischer Gefangener in Europa. __ Statut des Rechtshilfefonds für die Verteidigung politischer Gefangener.</small></p>

<p>Letzte Texte von Ulrike Broschüre mit 67 Seiten, DIN A [&hellip;] &hellip; <a href="https://www.packpapierverlag.de/?product=ulrike-letzte-texte">Weiterlesen <span class="meta-nav">&rarr;</span></a></p>
