{"id":1019,"date":"2010-12-17T16:32:29","date_gmt":"2010-12-17T15:32:29","guid":{"rendered":"http:\/\/www.packpapierverlag.de\/neu\/?p=1019"},"modified":"2020-01-29T21:34:58","modified_gmt":"2020-01-29T20:34:58","slug":"20-todestag-ulrike-meinhoff","status":"publish","type":"product","link":"https:\/\/www.packpapierverlag.de\/?product=20-todestag-ulrike-meinhoff","title":{"rendered":"Ulrike Meinhoff, 20.Todestag (w36)"},"content":{"rendered":"<p>Zur Dokumentation<br \/>\n<a href=\"https:\/\/www.packpapierverlag.de\/wp-content\/uploads\/2010\/12\/Podium-Ulrike.jpg\"><img loading=\"lazy\" decoding=\"async\" class=\"alignleft size-medium wp-image-4983\" title=\"Podium Ulrike\" src=\"https:\/\/www.packpapierverlag.de\/wp-content\/uploads\/2010\/12\/Podium-Ulrike-300x207.jpg\" alt=\"\" width=\"300\" height=\"207\" srcset=\"https:\/\/www.packpapierverlag.de\/wp-content\/uploads\/2010\/12\/Podium-Ulrike-300x207.jpg 300w, https:\/\/www.packpapierverlag.de\/wp-content\/uploads\/2010\/12\/Podium-Ulrike.jpg 1024w\" sizes=\"auto, (max-width: 300px) 100vw, 300px\" \/><\/a><br \/>\n<small style=\"color: #143131;\"><big style=\"color: #204f4f;\"><span style=\"font-family: Helvetica,Arial,sans-serif; font-weight: bold;\">Ulrike Meinhof. 20.Todestag. Podiumsgespr\u00e4ch an der TU Berlin vom 3. Mai 1996.<\/span><\/big><br style=\"font-family: Helvetica,Arial,sans-serif;\" \/><span style=\"font-family: Helvetica,Arial,sans-serif;\">Abschrift der Beitr\u00e4ge. Brosch\u00fcre mit 43 Seiten, DIN A 5. <\/span><span style=\"font-family: Helvetica,Arial,sans-serif;\">Moderation: Halina Bendkowski.<\/span><br style=\"font-family: Helvetica,Arial,sans-serif;\" \/><span style=\"font-family: Helvetica,Arial,sans-serif;\"><span style=\"font-weight: bold;\">Mit Redebeitr\u00e4gen von:<\/span><br \/>\nMonika Berberich (1970 in der RAF, 1970- 1988 in Haft) \/ Ali Jansen (1970 in der RAF, 1970- 1981 und 1988- 1993 in Haft)\/ Johann Kresnik (Choreograph)\/ Ralf Reinders (bis 1975 Bewegung 2. Juni, 1988- 1993 in Haft)\/ Karl- Heinz Roth\/ Monika Seifert (alte Freundin von Ulrike Meinhof)\/ Christian Str\u00f6bele (Anwalt, Politiker)\/ Klaus Wagenbach (Verleger)<\/span><br style=\"font-family: Helvetica,Arial,sans-serif;\" \/><span style=\"font-family: Helvetica,Arial,sans-serif;\"><span style=\"font-weight: bold;\">Sonstiger Inhalt: <\/span>*<br \/>\nEinladungsschreiben * Presseerkl\u00e4rung (W\u00fcrdigung der Person Ulrike Meinhof) * Widergabe der Podiumsdiskussion (u.a. werden die Themen Wiederbewaffnung, illegale KPD, Atomtod, Notstandsgesetze, konkret, Bambule, Vietnam, RAF, Bewegung 2. Juni und Stammheim diskutiert) * Pressestimmen, nat\u00fcrlich gr\u00f6\u00dftenteils h\u00f6chst unerfreut \u00fcber die Diskussion im Audimax, ich zitiere im Folgenden die Titelschlagzeilen: Nach den Molotowcocktails: Gedenkparty f\u00fcr Ulrike\/ Veteranentreffen auf Berliner Podium\/ Die T\u00e4ter von einst gefallen sich heute als Opfer\/ Von Erfahrungen \u00fcberrollt\/ Meinen und Hoffen\/ \u201eBuh\u201c &#8211; Rufe f\u00fcr das Bekenntnis gegen Gewalt\/ Dies ist der Westen\/ Die alte M\u00e4r\/ So weit wie sie kommen die wenigsten\/ Mythos nur<br \/>\n\u00b4 f\u00fcr wirre Veteranen * Adressen der Gefangenen, die weiter im Knast sind (Stand November 1996)<\/span><\/small><\/p>\n","protected":false},"excerpt":{"rendered":"<p>Zur Dokumentation Ulrike Meinhof. 20.Todestag. Podiumsgespr\u00e4ch an der TU Berlin [&hellip;] &hellip; <a href=\"https:\/\/www.packpapierverlag.de\/?product=20-todestag-ulrike-meinhoff\">Weiterlesen <span class=\"meta-nav\">&rarr;<\/span><\/a><\/p>\n","protected":false},"featured_media":4983,"template":"","meta":[],"product_brand":[],"product_cat":[9,3],"product_tag":[],"class_list":{"0":"post-1019","1":"product","2":"type-product","3":"status-publish","4":"has-post-thumbnail","6":"product_cat-bewegung-widerstand","7":"product_cat-produkte","9":"first","10":"instock","11":"shipping-taxable","12":"purchasable","13":"product-type-simple"},"_links":{"self":[{"href":"https:\/\/www.packpapierverlag.de\/index.php?rest_route=\/wp\/v2\/product\/1019","targetHints":{"allow":["GET"]}}],"collection":[{"href":"https:\/\/www.packpapierverlag.de\/index.php?rest_route=\/wp\/v2\/product"}],"about":[{"href":"https:\/\/www.packpapierverlag.de\/index.php?rest_route=\/wp\/v2\/types\/product"}],"wp:featuredmedia":[{"embeddable":true,"href":"https:\/\/www.packpapierverlag.de\/index.php?rest_route=\/wp\/v2\/media\/4983"}],"wp:attachment":[{"href":"https:\/\/www.packpapierverlag.de\/index.php?rest_route=%2Fwp%2Fv2%2Fmedia&parent=1019"}],"wp:term":[{"taxonomy":"product_brand","embeddable":true,"href":"https:\/\/www.packpapierverlag.de\/index.php?rest_route=%2Fwp%2Fv2%2Fproduct_brand&post=1019"},{"taxonomy":"product_cat","embeddable":true,"href":"https:\/\/www.packpapierverlag.de\/index.php?rest_route=%2Fwp%2Fv2%2Fproduct_cat&post=1019"},{"taxonomy":"product_tag","embeddable":true,"href":"https:\/\/www.packpapierverlag.de\/index.php?rest_route=%2Fwp%2Fv2%2Fproduct_tag&post=1019"}],"curies":[{"name":"wp","href":"https:\/\/api.w.org\/{rel}","templated":true}]}}

<p>Zur Dokumentation<br />
<a href="https://www.packpapierverlag.de/wp-content/uploads/2010/12/Podium-Ulrike.jpg"><img loading="lazy" decoding="async" class="alignleft size-medium wp-image-4983" title="Podium Ulrike" src="https://www.packpapierverlag.de/wp-content/uploads/2010/12/Podium-Ulrike-300x207.jpg" alt="" width="300" height="207" srcset="https://www.packpapierverlag.de/wp-content/uploads/2010/12/Podium-Ulrike-300x207.jpg 300w, https://www.packpapierverlag.de/wp-content/uploads/2010/12/Podium-Ulrike.jpg 1024w" sizes="auto, (max-width: 300px) 100vw, 300px" /></a><br />
<small style="color: #143131;"><big style="color: #204f4f;"><span style="font-family: Helvetica,Arial,sans-serif; font-weight: bold;">Ulrike Meinhof. 20.Todestag. Podiumsgespräch an der TU Berlin vom 3. Mai 1996.</span></big><br style="font-family: Helvetica,Arial,sans-serif;" /><span style="font-family: Helvetica,Arial,sans-serif;">Abschrift der Beiträge. Broschüre mit 43 Seiten, DIN A 5. </span><span style="font-family: Helvetica,Arial,sans-serif;">Moderation: Halina Bendkowski.</span><br style="font-family: Helvetica,Arial,sans-serif;" /><span style="font-family: Helvetica,Arial,sans-serif;"><span style="font-weight: bold;">Mit Redebeiträgen von:</span><br />
Monika Berberich (1970 in der RAF, 1970- 1988 in Haft) / Ali Jansen (1970 in der RAF, 1970- 1981 und 1988- 1993 in Haft)/ Johann Kresnik (Choreograph)/ Ralf Reinders (bis 1975 Bewegung 2. Juni, 1988- 1993 in Haft)/ Karl- Heinz Roth/ Monika Seifert (alte Freundin von Ulrike Meinhof)/ Christian Ströbele (Anwalt, Politiker)/ Klaus Wagenbach (Verleger)</span><br style="font-family: Helvetica,Arial,sans-serif;" /><span style="font-family: Helvetica,Arial,sans-serif;"><span style="font-weight: bold;">Sonstiger Inhalt: </span>*<br />
Einladungsschreiben * Presseerklärung (Würdigung der Person Ulrike Meinhof) * Widergabe der Podiumsdiskussion (u.a. werden die Themen Wiederbewaffnung, illegale KPD, Atomtod, Notstandsgesetze, konkret, Bambule, Vietnam, RAF, Bewegung 2. Juni und Stammheim diskutiert) * Pressestimmen, natürlich größtenteils höchst unerfreut über die Diskussion im Audimax, ich zitiere im Folgenden die Titelschlagzeilen: Nach den Molotowcocktails: Gedenkparty für Ulrike/ Veteranentreffen auf Berliner Podium/ Die Täter von einst gefallen sich heute als Opfer/ Von Erfahrungen überrollt/ Meinen und Hoffen/ „Buh“ &#8211; Rufe für das Bekenntnis gegen Gewalt/ Dies ist der Westen/ Die alte Mär/ So weit wie sie kommen die wenigsten/ Mythos nur<br />
´ für wirre Veteranen * Adressen der Gefangenen, die weiter im Knast sind (Stand November 1996)</span></small></p>

<p>Zur Dokumentation Ulrike Meinhof. 20.Todestag. Podiumsgespräch an der TU Berlin [&hellip;] &hellip; <a href="https://www.packpapierverlag.de/?product=20-todestag-ulrike-meinhoff">Weiterlesen <span class="meta-nav">&rarr;</span></a></p>
