{"id":1125,"date":"2010-12-17T17:06:27","date_gmt":"2010-12-17T16:06:27","guid":{"rendered":"http:\/\/www.packpapierverlag.de\/neu\/?p=1125"},"modified":"2022-01-16T11:15:14","modified_gmt":"2022-01-16T10:15:14","slug":"mihaly-jo-ballade-vom-elend","status":"publish","type":"product","link":"https:\/\/www.packpapierverlag.de\/?product=mihaly-jo-ballade-vom-elend","title":{"rendered":"Mihaly, Jo: Ballade vom Elend 2,- (w72)"},"content":{"rendered":"<p><a href=\"https:\/\/www.packpapierverlag.de\/wp-content\/uploads\/2010\/12\/Ballade-vom-Elend.jpg\"><img loading=\"lazy\" decoding=\"async\" class=\"alignleft size-medium wp-image-5003\" title=\"Ballade vom Elend\" src=\"https:\/\/www.packpapierverlag.de\/wp-content\/uploads\/2010\/12\/Ballade-vom-Elend-215x300.jpg\" alt=\"\" width=\"215\" height=\"300\" srcset=\"https:\/\/www.packpapierverlag.de\/wp-content\/uploads\/2010\/12\/Ballade-vom-Elend-215x300.jpg 215w, https:\/\/www.packpapierverlag.de\/wp-content\/uploads\/2010\/12\/Ballade-vom-Elend-300x417.jpg 300w, https:\/\/www.packpapierverlag.de\/wp-content\/uploads\/2010\/12\/Ballade-vom-Elend-736x1024.jpg 736w, https:\/\/www.packpapierverlag.de\/wp-content\/uploads\/2010\/12\/Ballade-vom-Elend.jpg 1024w\" sizes=\"auto, (max-width: 215px) 100vw, 215px\" \/><\/a><small style=\"color: #09054d;\"><big style=\"color: #791637;\"><span style=\"font-family: Helvetica,Arial,sans-serif; font-weight: bold;\">Jo Mih\u00e0ly: Ballade vom Elend 2,-\u20ac (w72)<br \/>\n<\/span><\/big><\/small><\/p>\n<p><small style=\"color: #09054d;\"><br style=\"font-family: Helvetica,Arial,sans-serif;\" \/><span style=\"font-family: Helvetica,Arial,sans-serif; color: #5a1129;\">Mit Scherenschnitten vom Verfasser. Leonard Steckel gewidmet<\/span>, <span style=\"font-family: Helvetica,Arial,sans-serif; color: #5a1129;\">Reprint, antiquarisch, Zustand: gut. 32 Seiten<\/span><\/small><\/p>\n<p><small style=\"color: #09054d;\"><span style=\"font-family: Helvetica,Arial,sans-serif; color: #5a1129;\">\u201eDem Str\u00e4fling ist die Zelle genug, <\/span><span style=\"font-family: Helvetica,Arial,sans-serif; color: #5a1129;\">acht Ellen die L\u00e4nge, sechs Ellen die Quer, <\/span><span style=\"font-family: Helvetica,Arial,sans-serif; color: #5a1129;\">ein luftiges Grab- und weiter nichts mehr.\u201c<\/span><\/small><\/p>\n<p><small style=\"color: #09054d;\"> <span style=\"font-family: Helvetica,Arial,sans-serif; color: #5a1129;\">Sechs Gedicht- Balladen aus den Grenzbereichen zwischen Boheme, Vagabundentum und Kriminalit\u00e4t. \u00dcber Liebe und Krieg, Variet\u00e9 und Einsamkeit, Hunger und Tod- und \u00fcber das bi\u00dfchen Leben, an dem ein jeder auf seine Weise h\u00e4ngt.<\/span><\/small><\/p>\n","protected":false},"excerpt":{"rendered":"<p>Jo Mih\u00e0ly: Ballade vom Elend 2,-\u20ac (w72) Mit Scherenschnitten vom [&hellip;] &hellip; <a href=\"https:\/\/www.packpapierverlag.de\/?product=mihaly-jo-ballade-vom-elend\">Weiterlesen <span class=\"meta-nav\">&rarr;<\/span><\/a><\/p>\n","protected":false},"featured_media":5003,"template":"","meta":[],"product_brand":[],"product_cat":[18,3],"product_tag":[],"class_list":{"0":"post-1125","1":"product","2":"type-product","3":"status-publish","4":"has-post-thumbnail","6":"product_cat-literatur","7":"product_cat-produkte","9":"first","10":"instock","11":"shipping-taxable","12":"purchasable","13":"product-type-simple"},"_links":{"self":[{"href":"https:\/\/www.packpapierverlag.de\/index.php?rest_route=\/wp\/v2\/product\/1125","targetHints":{"allow":["GET"]}}],"collection":[{"href":"https:\/\/www.packpapierverlag.de\/index.php?rest_route=\/wp\/v2\/product"}],"about":[{"href":"https:\/\/www.packpapierverlag.de\/index.php?rest_route=\/wp\/v2\/types\/product"}],"wp:featuredmedia":[{"embeddable":true,"href":"https:\/\/www.packpapierverlag.de\/index.php?rest_route=\/wp\/v2\/media\/5003"}],"wp:attachment":[{"href":"https:\/\/www.packpapierverlag.de\/index.php?rest_route=%2Fwp%2Fv2%2Fmedia&parent=1125"}],"wp:term":[{"taxonomy":"product_brand","embeddable":true,"href":"https:\/\/www.packpapierverlag.de\/index.php?rest_route=%2Fwp%2Fv2%2Fproduct_brand&post=1125"},{"taxonomy":"product_cat","embeddable":true,"href":"https:\/\/www.packpapierverlag.de\/index.php?rest_route=%2Fwp%2Fv2%2Fproduct_cat&post=1125"},{"taxonomy":"product_tag","embeddable":true,"href":"https:\/\/www.packpapierverlag.de\/index.php?rest_route=%2Fwp%2Fv2%2Fproduct_tag&post=1125"}],"curies":[{"name":"wp","href":"https:\/\/api.w.org\/{rel}","templated":true}]}}