{"id":1130,"date":"2010-12-17T17:07:56","date_gmt":"2010-12-17T16:07:56","guid":{"rendered":"http:\/\/www.packpapierverlag.de\/neu\/?p=1130"},"modified":"2022-01-16T11:59:50","modified_gmt":"2022-01-16T10:59:50","slug":"florian-x-verweigerung-gegen-das-so-sein-und-spiesigwerden","status":"publish","type":"product","link":"https:\/\/www.packpapierverlag.de\/?product=florian-x-verweigerung-gegen-das-so-sein-und-spiesigwerden","title":{"rendered":"Florian X: Verweigerung 3,80\u20ac (p121)"},"content":{"rendered":"<p><a href=\"https:\/\/www.packpapierverlag.de\/wp-content\/uploads\/2010\/12\/Florian-X-Verweigerung.jpg\"><img loading=\"lazy\" decoding=\"async\" class=\"alignleft size-medium wp-image-3203\" title=\"Florian X Verweigerung\" src=\"https:\/\/www.packpapierverlag.de\/wp-content\/uploads\/2010\/12\/Florian-X-Verweigerung-210x300.jpg\" alt=\"\" width=\"210\" height=\"300\" srcset=\"https:\/\/www.packpapierverlag.de\/wp-content\/uploads\/2010\/12\/Florian-X-Verweigerung-210x300.jpg 210w, https:\/\/www.packpapierverlag.de\/wp-content\/uploads\/2010\/12\/Florian-X-Verweigerung-300x427.jpg 300w, https:\/\/www.packpapierverlag.de\/wp-content\/uploads\/2010\/12\/Florian-X-Verweigerung-719x1024.jpg 719w, https:\/\/www.packpapierverlag.de\/wp-content\/uploads\/2010\/12\/Florian-X-Verweigerung.jpg 1024w\" sizes=\"auto, (max-width: 210px) 100vw, 210px\" \/><\/a><br \/>\n<small style=\"color: #203344;\"><big style=\"color: #666600;\"><span style=\"font-family: Helvetica,Arial,sans-serif; font-weight: bold;\">Florian <span style=\"color: #8c1431;\">X<\/span>:<br \/>\nVerweigerung<\/span><\/big> 3,80\u20ac (p121)<br style=\"font-family: Helvetica,Arial,sans-serif; font-weight: bold;\" \/><span style=\"font-family: Helvetica,Arial,sans-serif; font-weight: bold; color: #8c1431;\">Social fiction<\/span> &#8211; ein k<span style=\"font-family: Helvetica,Arial,sans-serif;\">leines, bewu\u00dft \u201eunordentlich\u201c gestaltetes B\u00fcchlein, A6<\/span><span style=\"font-family: Helvetica,Arial,sans-serif;\">, 128 Seiten, einige Abbildungen<\/span><\/small><\/p>\n<p><small style=\"color: #203344;\"><span style=\"font-family: Helvetica,Arial,sans-serif; font-style: italic;\">&#8222;.. <\/span><\/small><small style=\"color: #203344;\"><span style=\"font-family: Helvetica,Arial,sans-serif; font-style: italic;\">wir sind die Versager, sogar im politischen Widerstand kriegen wir <\/span><\/small><small style=\"color: #203344;\"><span style=\"font-family: Helvetica,Arial,sans-serif; font-style: italic;\">nichts mehr gebacken, vermutlich weil ein Sieg, z.B. gegen die Expo, <\/span><\/small><small style=\"color: #203344;\"><span style=\"font-family: Helvetica,Arial,sans-serif; font-style: italic;\">unserer Neigung zur Niederlage widersprechen w\u00fcrde.<\/span><\/small><small style=\"color: #203344; font-style: italic;\"><span style=\"font-family: Helvetica,Arial,sans-serif;\"> Aber <\/span><\/small><small style=\"color: #203344; font-style: italic;\"><span style=\"font-family: Helvetica,Arial,sans-serif;\">eigentlich toll, unsere Szene, ein tolles Fiasko&#8230;<\/span>&#8222;<\/small><\/p>\n<p><small style=\"color: #203344;\"><span style=\"font-family: Helvetica,Arial,sans-serif;\">Florian X gibt es nicht und es gibt ihn \u00fcberall: den Versager, den, der den Anschlu\u00df an die ach-so-gute-Welt verpa\u00dft. Aber dieser Florian nimmt die Rolle des Versagers als Position der bewu\u00dften Verweigerung an und treibt sie bis in den letzten Winkel seines Lebens. Da wird ein sich aufrollender Socken nicht gerichtet, sondern schmerzvoll durch die Fu\u00dfg\u00e4ngerpassage geschlurft, um sich den Blicken der Spie\u00dfer auszusetzen, und die letzte bezahlbare Milchpackung bleibt aus Trotz leer im K\u00fchlschrank stehen, und statt wie fr\u00fcher zu trampen, wandert Florian im Stra\u00dfengraben. Der fr\u00fchere Positiv- Aktivist sucht die links- \u00f6kologische Szene auf, um sich sagen zu lassen, da\u00df er aufgegeben habe.<\/span><br style=\"font-family: Helvetica,Arial,sans-serif;\" \/><span style=\"font-family: Helvetica,Arial,sans-serif;\">EinIrrtum, denn wer ist aufmerksamer und engagierter als der Pessimist, der Gruppengekicher als Fr\u00f6hlichkeitszwang enttarnt, der dazu dient, nicht mehr wirklich politisch oder kulturell aktiv zu sein. Ist die Szene mehr als ein narzistisches Sich- In- Szene- Setzen?<\/span><br style=\"font-family: Helvetica,Arial,sans-serif;\" \/><span style=\"font-family: Helvetica,Arial,sans-serif;\">Florian X verkommt \u00e4u\u00dferlich, doch sein Kopf arbeitet unentwegt: er spricht \u00fcber Hippies, Punks, \u00fcber die Generation X, Kurt Cobain, die EXPO, Chomsky, \u00fcber Trance und Chaos- Musik, das n\u00e4chtelange Programmieren einer neuen Sprache am PC &#8211; was nicht funktioniert, weil \u201eSprache lebendig ist\u201c.<\/span><br style=\"font-family: Helvetica,Arial,sans-serif;\" \/><span style=\"font-family: Helvetica,Arial,sans-serif;\">Der Satz \u201eKriege soll man aufgeben statt durchhalten.\u201c ist eines der Schlagworte eines Verweigerers in Zeiten der New Economy, des Banker- Booms und der Gutgehphilosophie, die mehr mit sich selbstals mit der Welt besch\u00e4ftigt (und meistens gegen sie) ist.<\/span><br style=\"font-family: Helvetica,Arial,sans-serif;\" \/><span style=\"font-family: Helvetica,Arial,sans-serif;\">Anarchistisch. Philosophisch. Destruktiv. Niemals aufgebend.<\/span><\/small><\/p>\n","protected":false},"excerpt":{"rendered":"<p>Florian X: Verweigerung 3,80\u20ac (p121)Social fiction &#8211; ein kleines, bewu\u00dft [&hellip;] &hellip; <a href=\"https:\/\/www.packpapierverlag.de\/?product=florian-x-verweigerung-gegen-das-so-sein-und-spiesigwerden\">Weiterlesen <span class=\"meta-nav\">&rarr;<\/span><\/a><\/p>\n","protected":false},"featured_media":3203,"template":"","meta":[],"product_brand":[],"product_cat":[18,3],"product_tag":[],"class_list":{"0":"post-1130","1":"product","2":"type-product","3":"status-publish","4":"has-post-thumbnail","6":"product_cat-literatur","7":"product_cat-produkte","9":"first","10":"instock","11":"shipping-taxable","12":"purchasable","13":"product-type-simple"},"_links":{"self":[{"href":"https:\/\/www.packpapierverlag.de\/index.php?rest_route=\/wp\/v2\/product\/1130","targetHints":{"allow":["GET"]}}],"collection":[{"href":"https:\/\/www.packpapierverlag.de\/index.php?rest_route=\/wp\/v2\/product"}],"about":[{"href":"https:\/\/www.packpapierverlag.de\/index.php?rest_route=\/wp\/v2\/types\/product"}],"wp:featuredmedia":[{"embeddable":true,"href":"https:\/\/www.packpapierverlag.de\/index.php?rest_route=\/wp\/v2\/media\/3203"}],"wp:attachment":[{"href":"https:\/\/www.packpapierverlag.de\/index.php?rest_route=%2Fwp%2Fv2%2Fmedia&parent=1130"}],"wp:term":[{"taxonomy":"product_brand","embeddable":true,"href":"https:\/\/www.packpapierverlag.de\/index.php?rest_route=%2Fwp%2Fv2%2Fproduct_brand&post=1130"},{"taxonomy":"product_cat","embeddable":true,"href":"https:\/\/www.packpapierverlag.de\/index.php?rest_route=%2Fwp%2Fv2%2Fproduct_cat&post=1130"},{"taxonomy":"product_tag","embeddable":true,"href":"https:\/\/www.packpapierverlag.de\/index.php?rest_route=%2Fwp%2Fv2%2Fproduct_tag&post=1130"}],"curies":[{"name":"wp","href":"https:\/\/api.w.org\/{rel}","templated":true}]}}