{"id":1222,"date":"2010-12-17T17:30:33","date_gmt":"2010-12-17T16:30:33","guid":{"rendered":"http:\/\/www.packpapierverlag.de\/neu\/?p=1222"},"modified":"2017-05-08T13:23:02","modified_gmt":"2017-05-08T11:23:02","slug":"russel-means-die-naturliche-ordnung-wird-sich-durchsetzen","status":"publish","type":"product","link":"https:\/\/www.packpapierverlag.de\/?product=russel-means-die-naturliche-ordnung-wird-sich-durchsetzen","title":{"rendered":"Russel Means: Die nat\u00fcrliche Ordnung wird sich durchsetzen (w83)"},"content":{"rendered":"<p><a href=\"https:\/\/www.packpapierverlag.de\/wp-content\/uploads\/2017\/05\/Russel-Means-Die-nat\u00fcrliche-Ordnung.jpg\" rel=\"attachment wp-att-7337\"><img loading=\"lazy\" decoding=\"async\" class=\"size-medium wp-image-7337 alignleft\" src=\"https:\/\/www.packpapierverlag.de\/wp-content\/uploads\/2017\/05\/Russel-Means-Die-nat\u00fcrliche-Ordnung-214x300.jpg\" alt=\"Russel Means Die nat\u00fcrliche Ordnung\" width=\"214\" height=\"300\" srcset=\"https:\/\/www.packpapierverlag.de\/wp-content\/uploads\/2017\/05\/Russel-Means-Die-nat\u00fcrliche-Ordnung-214x300.jpg 214w, https:\/\/www.packpapierverlag.de\/wp-content\/uploads\/2017\/05\/Russel-Means-Die-nat\u00fcrliche-Ordnung-300x421.jpg 300w, https:\/\/www.packpapierverlag.de\/wp-content\/uploads\/2017\/05\/Russel-Means-Die-nat\u00fcrliche-Ordnung.jpg 421w\" sizes=\"auto, (max-width: 214px) 100vw, 214px\" \/><\/a>Russel Means:<br \/>\nDie nat\u00fcrliche Ordnung wird sich durchsetzen<br \/>\nKleines Heftchen mit 48 Seiten, DIN A6,<br \/>\nPackpapier Verlag, aus der Reihe \u201eIndianer sprechen\u201c, Aktion Friedenstipi.<br \/>\nAbbildung \u00e4hnlich.<\/p>\n<p>Russel Means wurde 1939 als Oglala- Sioux geboren. Als ein f\u00fchrendes Mitglied der AIM (American Indian Movement) war er an vielen spektakul\u00e4ren Protestaktionen beteiligt; die bekannteste: die Besetzung von Wounded Knee 1973. (1890 waren in Wounded Knee etwa 300 Sioux, M\u00e4nner, Frauen, Kinder, in einem schrecklichen Gemetzel von der US- Armee umgebracht worden, darunter Sitting Bull.) W\u00e4hrend der Besetzung 1973 verschanzten sich 300 Indianer in einer kleinen Kirche und in 6 H\u00e4usern; im Laufe der Besetzung wurden diese Anlaufpunkt f\u00fcr Vertreter von 64 St\u00e4mmen, au\u00dferdem f\u00fcr Medizinleute, H\u00e4uptlinge, Wei\u00dfe, Schwarze und Chicanos.<\/p>\n<p>Am 11. M\u00e4rz 73 wurde die Unabh\u00e4ngige Oglalanation ausgerufen. Nach 71 Tagen mussten sich die Besetzer, die von der US- Armee ausgehungert wurden, jedoch ergeben. Insgesamt wurden in der Folgezeit 562 Indianer verhaftet, u.a. Leonard Crow Dog, Dennis Banks, Russel Means und Leonard Peltier; f\u00fcr Banks und Means als R\u00e4delsf\u00fchrer wurden 85 Jahre Gef\u00e4ngnis von der Staatsanwaltschaft gefordert, doch Richter Nichol sprach sie frei und erhob stattdessen Vorw\u00fcrfe gegen die US- Regierung. Alsdann begann eine Mordserie an Indianern, der einige hundert zum Opfer fielen und die nicht versucht wurde, aufzukl\u00e4ren. Auch an Russel Means, der 1975 doch noch inhaftiert wurde, wurde im Gef\u00e4ngnis ein Mordanschlag ver\u00fcbt, der zum Gl\u00fcck scheiterte.<\/p>\n<p>Im Rahmen der Indianerbewegung (\u201eUnruhen\u201c) war 1968 Alcatraz besetzt worden, was in der Indianer- wie in der Hippiebewegung Vorbild f\u00fcr andere Aktionen wurde. Im gleichen Jahr wurde die AIM gegr\u00fcndet. 1970 organisierte Means die Besetzung der Mayflower II, 1971 die Protestaktion auf den \u201eH\u00e4uptern der Presidenten\u201c in Mount Rushmore, Dakota. 1972 f\u00fchrten Means und Banks nach der Ernordung von Raymond Yellow Thunder 1.300 Indianer in die Stadt Gorden und besetzten diese f\u00fcr 3 Tage.<\/p>\n<p>Wegen seines heftigen Charakters war Means in der AIM nicht unumstritten, was seiner hier abgedruckten Rede von 1980, die er bei der internationalen Widerstandtagung hielt, und in der er den Indianischen Widerstands, seine Gr\u00fcnde und Folgen einleuchtend und unter kulturkritischen Gesichtspunkten darlegt, keinen Abbruch tut.<\/p>\n<p>Ab 1991 begann Means Hollywoodkarriere beim Film, er schrieb seine Autobiographie, produzierte Musikalben und meldete sich immer wieder beharrlich zu Wort, das letzte mal nach den Anschl\u00e4gen vom 11. September. Seine Stellungnahme: \u201eAmericans, what are you going to do?\u201c zeugt von seinem steten Engagement f\u00fcr das Land seiner Vorv\u00e4ter.<\/p>\n","protected":false},"excerpt":{"rendered":"<p>Russel Means: Die nat\u00fcrliche Ordnung wird sich durchsetzen Kleines Heftchen [&hellip;] &hellip; <a href=\"https:\/\/www.packpapierverlag.de\/?product=russel-means-die-naturliche-ordnung-wird-sich-durchsetzen\">Weiterlesen <span class=\"meta-nav\">&rarr;<\/span><\/a><\/p>\n","protected":false},"featured_media":7337,"template":"","meta":[],"product_brand":[],"product_cat":[11,3],"product_tag":[],"class_list":{"0":"post-1222","1":"product","2":"type-product","3":"status-publish","4":"has-post-thumbnail","6":"product_cat-indianer-poster-texte","7":"product_cat-produkte","9":"first","10":"instock","11":"shipping-taxable","12":"purchasable","13":"product-type-simple"},"_links":{"self":[{"href":"https:\/\/www.packpapierverlag.de\/index.php?rest_route=\/wp\/v2\/product\/1222","targetHints":{"allow":["GET"]}}],"collection":[{"href":"https:\/\/www.packpapierverlag.de\/index.php?rest_route=\/wp\/v2\/product"}],"about":[{"href":"https:\/\/www.packpapierverlag.de\/index.php?rest_route=\/wp\/v2\/types\/product"}],"wp:featuredmedia":[{"embeddable":true,"href":"https:\/\/www.packpapierverlag.de\/index.php?rest_route=\/wp\/v2\/media\/7337"}],"wp:attachment":[{"href":"https:\/\/www.packpapierverlag.de\/index.php?rest_route=%2Fwp%2Fv2%2Fmedia&parent=1222"}],"wp:term":[{"taxonomy":"product_brand","embeddable":true,"href":"https:\/\/www.packpapierverlag.de\/index.php?rest_route=%2Fwp%2Fv2%2Fproduct_brand&post=1222"},{"taxonomy":"product_cat","embeddable":true,"href":"https:\/\/www.packpapierverlag.de\/index.php?rest_route=%2Fwp%2Fv2%2Fproduct_cat&post=1222"},{"taxonomy":"product_tag","embeddable":true,"href":"https:\/\/www.packpapierverlag.de\/index.php?rest_route=%2Fwp%2Fv2%2Fproduct_tag&post=1222"}],"curies":[{"name":"wp","href":"https:\/\/api.w.org\/{rel}","templated":true}]}}