{"id":15751,"date":"2022-01-01T17:18:00","date_gmt":"2022-01-01T16:18:00","guid":{"rendered":"https:\/\/www.packpapierverlag.de\/?post_type=product&#038;p=15751"},"modified":"2022-01-02T22:42:29","modified_gmt":"2022-01-02T21:42:29","slug":"grueneklee-corona150-seiten-15-e-p185","status":"publish","type":"product","link":"https:\/\/www.packpapierverlag.de\/?product=grueneklee-corona150-seiten-15-e-p185","title":{"rendered":"Gr\u00fcneklee: Corona,150 Seiten, 15,-\u20ac (p185)"},"content":{"rendered":"<p><img loading=\"lazy\" decoding=\"async\" class=\"alignleft wp-image-15578 size-medium\" src=\"https:\/\/www.packpapierverlag.de\/wp-content\/uploads\/2021\/12\/p185corona-210x300.jpg\" alt=\"\" width=\"210\" height=\"300\" srcset=\"https:\/\/www.packpapierverlag.de\/wp-content\/uploads\/2021\/12\/p185corona-210x300.jpg 210w, https:\/\/www.packpapierverlag.de\/wp-content\/uploads\/2021\/12\/p185corona-300x429.jpg 300w, https:\/\/www.packpapierverlag.de\/wp-content\/uploads\/2021\/12\/p185corona.jpg 440w\" sizes=\"auto, (max-width: 210px) 100vw, 210px\" \/>Gerald Gr\u00fcneklee: Corona &#8211; Gegenwart und Zukunft unter dem Virus, 150 Seiten, 15,-\u20ac (p185)<br \/>\n&#8211; eine hilfreiche \u00dcbersichtsarbeit, die die wesentlichen Entwicklungen der Coronapolitik zusammenfa\u00dft. Was in der t\u00e4glichen Aufregung, den Nachrichten und Kommentaren unterzugehen droht, wird bei einer sorgf\u00e4ltigen Lekt\u00fcre sichtbar, es sind die Armutsprobleme, Ignoranz gegen\u00fcber dem globalen S\u00fcden, die Spaltung der Gesellschaft, sozialer Abstieg ganzer Berufsgruppen. Zudem geht es um Fragen individueller Freiheit im Gegensatz zum Gemeinwohl, der k\u00f6rperlichen Selbstbestimmung, (ua. findet Foucault Erw\u00e4hnung), um Fragen der Ideologisierung, etwa ob hier &#8222;die Linke&#8220; versagt habe, denn eine Schw\u00e4che des gesamten Diskurses ist die pauschale Kritik &#8222;der Linken&#8220;, deren konkrete Existenz ohnehin fraglich erscheint, Ideologiekritik ist zwar richtig, aber der Adressat k\u00f6nnte besser ausgew\u00e4hlt sein. Dieses Buch kann schon helfen im Kopf aufzur\u00e4umen.<\/p>\n<p>&nbsp;<\/p>\n","protected":false},"excerpt":{"rendered":"<p>Gerald Gr\u00fcneklee: Corona &#8211; Gegenwart und Zukunft unter dem Virus, [&hellip;] &hellip; <a href=\"https:\/\/www.packpapierverlag.de\/?product=grueneklee-corona150-seiten-15-e-p185\">Weiterlesen <span class=\"meta-nav\">&rarr;<\/span><\/a><\/p>\n","protected":false},"featured_media":15578,"template":"","meta":[],"product_brand":[],"product_cat":[9,6],"product_tag":[],"class_list":{"0":"post-15751","1":"product","2":"type-product","3":"status-publish","4":"has-post-thumbnail","6":"product_cat-bewegung-widerstand","7":"product_cat-politik-und-geschichte","9":"first","10":"instock","11":"shipping-taxable","12":"purchasable","13":"product-type-simple"},"_links":{"self":[{"href":"https:\/\/www.packpapierverlag.de\/index.php?rest_route=\/wp\/v2\/product\/15751","targetHints":{"allow":["GET"]}}],"collection":[{"href":"https:\/\/www.packpapierverlag.de\/index.php?rest_route=\/wp\/v2\/product"}],"about":[{"href":"https:\/\/www.packpapierverlag.de\/index.php?rest_route=\/wp\/v2\/types\/product"}],"wp:featuredmedia":[{"embeddable":true,"href":"https:\/\/www.packpapierverlag.de\/index.php?rest_route=\/wp\/v2\/media\/15578"}],"wp:attachment":[{"href":"https:\/\/www.packpapierverlag.de\/index.php?rest_route=%2Fwp%2Fv2%2Fmedia&parent=15751"}],"wp:term":[{"taxonomy":"product_brand","embeddable":true,"href":"https:\/\/www.packpapierverlag.de\/index.php?rest_route=%2Fwp%2Fv2%2Fproduct_brand&post=15751"},{"taxonomy":"product_cat","embeddable":true,"href":"https:\/\/www.packpapierverlag.de\/index.php?rest_route=%2Fwp%2Fv2%2Fproduct_cat&post=15751"},{"taxonomy":"product_tag","embeddable":true,"href":"https:\/\/www.packpapierverlag.de\/index.php?rest_route=%2Fwp%2Fv2%2Fproduct_tag&post=15751"}],"curies":[{"name":"wp","href":"https:\/\/api.w.org\/{rel}","templated":true}]}}

Grüneklee: Corona,150 Seiten, 15,-€ (p185)

<p><img loading="lazy" decoding="async" class="alignleft wp-image-15578 size-medium" src="https://www.packpapierverlag.de/wp-content/uploads/2021/12/p185corona-210x300.jpg" alt="" width="210" height="300" srcset="https://www.packpapierverlag.de/wp-content/uploads/2021/12/p185corona-210x300.jpg 210w, https://www.packpapierverlag.de/wp-content/uploads/2021/12/p185corona-300x429.jpg 300w, https://www.packpapierverlag.de/wp-content/uploads/2021/12/p185corona.jpg 440w" sizes="auto, (max-width: 210px) 100vw, 210px" />Gerald Grüneklee: Corona &#8211; Gegenwart und Zukunft unter dem Virus, 150 Seiten, 15,-€ (p185)<br />
&#8211; eine hilfreiche Übersichtsarbeit, die die wesentlichen Entwicklungen der Coronapolitik zusammenfaßt. Was in der täglichen Aufregung, den Nachrichten und Kommentaren unterzugehen droht, wird bei einer sorgfältigen Lektüre sichtbar, es sind die Armutsprobleme, Ignoranz gegenüber dem globalen Süden, die Spaltung der Gesellschaft, sozialer Abstieg ganzer Berufsgruppen. Zudem geht es um Fragen individueller Freiheit im Gegensatz zum Gemeinwohl, der körperlichen Selbstbestimmung, (ua. findet Foucault Erwähnung), um Fragen der Ideologisierung, etwa ob hier &#8222;die Linke&#8220; versagt habe, denn eine Schwäche des gesamten Diskurses ist die pauschale Kritik &#8222;der Linken&#8220;, deren konkrete Existenz ohnehin fraglich erscheint, Ideologiekritik ist zwar richtig, aber der Adressat könnte besser ausgewählt sein. Dieses Buch kann schon helfen im Kopf aufzuräumen.</p>
<p>&nbsp;</p>

<p>Gerald Grüneklee: Corona &#8211; Gegenwart und Zukunft unter dem Virus, [&hellip;] &hellip; <a href="https://www.packpapierverlag.de/?product=grueneklee-corona150-seiten-15-e-p185">Weiterlesen <span class="meta-nav">&rarr;</span></a></p>
