{"id":16205,"date":"2022-03-15T21:51:57","date_gmt":"2022-03-15T20:51:57","guid":{"rendered":"https:\/\/www.packpapierverlag.de\/?post_type=product&#038;p=16205"},"modified":"2022-03-15T21:51:58","modified_gmt":"2022-03-15T20:51:58","slug":"aufnaeher-kein-mensch-ist-illegal-weiss-k152","status":"publish","type":"product","link":"https:\/\/www.packpapierverlag.de\/?product=aufnaeher-kein-mensch-ist-illegal-weiss-k152","title":{"rendered":"Aufn\u00e4her Kein Mensch ist illegal, wei\u00df (k152)"},"content":{"rendered":"<p><img loading=\"lazy\" decoding=\"async\" class=\"alignleft wp-image-16122 size-medium\" src=\"https:\/\/www.packpapierverlag.de\/wp-content\/uploads\/2022\/03\/k152keinmensch-weiss-300x294.jpg\" alt=\"\" width=\"300\" height=\"294\" srcset=\"https:\/\/www.packpapierverlag.de\/wp-content\/uploads\/2022\/03\/k152keinmensch-weiss-300x294.jpg 300w, https:\/\/www.packpapierverlag.de\/wp-content\/uploads\/2022\/03\/k152keinmensch-weiss.jpg 800w\" sizes=\"auto, (max-width: 300px) 100vw, 300px\" \/><\/p>\n<p>Aufn\u00e4her Kein Mensch ist illegal, wei\u00df (k152)<\/p>\n<p>Aufn\u00e4her \/ Siebdruck &#8211; Kein Mensch ist illegal, wei\u00df (k152)<\/p>\n","protected":false},"excerpt":{"rendered":"<p>Aufn\u00e4her Kein Mensch ist illegal, wei\u00df (k152) Aufn\u00e4her \/ Siebdruck [&hellip;] &hellip; <a href=\"https:\/\/www.packpapierverlag.de\/?product=aufnaeher-kein-mensch-ist-illegal-weiss-k152\">Weiterlesen <span class=\"meta-nav\">&rarr;<\/span><\/a><\/p>\n","protected":false},"featured_media":16122,"template":"","meta":[],"product_brand":[],"product_cat":[8],"product_tag":[],"class_list":{"0":"post-16205","1":"product","2":"type-product","3":"status-publish","4":"has-post-thumbnail","6":"product_cat-aufkleber-sticker-aufnaher","8":"first","9":"instock","10":"shipping-taxable","11":"purchasable","12":"product-type-simple"},"_links":{"self":[{"href":"https:\/\/www.packpapierverlag.de\/index.php?rest_route=\/wp\/v2\/product\/16205","targetHints":{"allow":["GET"]}}],"collection":[{"href":"https:\/\/www.packpapierverlag.de\/index.php?rest_route=\/wp\/v2\/product"}],"about":[{"href":"https:\/\/www.packpapierverlag.de\/index.php?rest_route=\/wp\/v2\/types\/product"}],"wp:featuredmedia":[{"embeddable":true,"href":"https:\/\/www.packpapierverlag.de\/index.php?rest_route=\/wp\/v2\/media\/16122"}],"wp:attachment":[{"href":"https:\/\/www.packpapierverlag.de\/index.php?rest_route=%2Fwp%2Fv2%2Fmedia&parent=16205"}],"wp:term":[{"taxonomy":"product_brand","embeddable":true,"href":"https:\/\/www.packpapierverlag.de\/index.php?rest_route=%2Fwp%2Fv2%2Fproduct_brand&post=16205"},{"taxonomy":"product_cat","embeddable":true,"href":"https:\/\/www.packpapierverlag.de\/index.php?rest_route=%2Fwp%2Fv2%2Fproduct_cat&post=16205"},{"taxonomy":"product_tag","embeddable":true,"href":"https:\/\/www.packpapierverlag.de\/index.php?rest_route=%2Fwp%2Fv2%2Fproduct_tag&post=16205"}],"curies":[{"name":"wp","href":"https:\/\/api.w.org\/{rel}","templated":true}]}}

Aufnäher Kein Mensch ist illegal, weiß (k152)

<p><img loading="lazy" decoding="async" class="alignleft wp-image-16122 size-medium" src="https://www.packpapierverlag.de/wp-content/uploads/2022/03/k152keinmensch-weiss-300x294.jpg" alt="" width="300" height="294" srcset="https://www.packpapierverlag.de/wp-content/uploads/2022/03/k152keinmensch-weiss-300x294.jpg 300w, https://www.packpapierverlag.de/wp-content/uploads/2022/03/k152keinmensch-weiss.jpg 800w" sizes="auto, (max-width: 300px) 100vw, 300px" /></p>
<p>Aufnäher Kein Mensch ist illegal, weiß (k152)</p>
<p>Aufnäher / Siebdruck &#8211; Kein Mensch ist illegal, weiß (k152)</p>

<p>Aufnäher Kein Mensch ist illegal, weiß (k152) Aufnäher / Siebdruck [&hellip;] &hellip; <a href="https://www.packpapierverlag.de/?product=aufnaeher-kein-mensch-ist-illegal-weiss-k152">Weiterlesen <span class="meta-nav">&rarr;</span></a></p>
