{"id":16218,"date":"2022-03-15T22:07:18","date_gmt":"2022-03-15T21:07:18","guid":{"rendered":"https:\/\/www.packpapierverlag.de\/?post_type=product&#038;p=16218"},"modified":"2022-03-15T22:07:19","modified_gmt":"2022-03-15T21:07:19","slug":"aufnaeher-viva-la-resistencia-weiss-k169","status":"publish","type":"product","link":"https:\/\/www.packpapierverlag.de\/?product=aufnaeher-viva-la-resistencia-weiss-k169","title":{"rendered":"Aufn\u00e4her Viva la resistencia, wei\u00df (k169)"},"content":{"rendered":"<p><img loading=\"lazy\" decoding=\"async\" class=\"alignleft wp-image-16132 size-medium\" src=\"https:\/\/www.packpapierverlag.de\/wp-content\/uploads\/2022\/03\/k169viva-weiss-231x300.jpg\" alt=\"\" width=\"231\" height=\"300\" srcset=\"https:\/\/www.packpapierverlag.de\/wp-content\/uploads\/2022\/03\/k169viva-weiss-231x300.jpg 231w, https:\/\/www.packpapierverlag.de\/wp-content\/uploads\/2022\/03\/k169viva-weiss-300x390.jpg 300w, https:\/\/www.packpapierverlag.de\/wp-content\/uploads\/2022\/03\/k169viva-weiss-788x1024.jpg 788w, https:\/\/www.packpapierverlag.de\/wp-content\/uploads\/2022\/03\/k169viva-weiss.jpg 800w\" sizes=\"auto, (max-width: 231px) 100vw, 231px\" \/><\/p>\n<p>Aufn\u00e4her Viva la resistencia, wei\u00df (k169)<\/p>\n<p>Aufn\u00e4her \/ Siebdruck &#8211; Viva la resistencia, wei\u00df (k169)<\/p>\n","protected":false},"excerpt":{"rendered":"<p>Aufn\u00e4her Viva la resistencia, wei\u00df (k169) Aufn\u00e4her \/ Siebdruck &#8211; [&hellip;] &hellip; <a href=\"https:\/\/www.packpapierverlag.de\/?product=aufnaeher-viva-la-resistencia-weiss-k169\">Weiterlesen <span class=\"meta-nav\">&rarr;<\/span><\/a><\/p>\n","protected":false},"featured_media":16132,"template":"","meta":[],"product_brand":[],"product_cat":[8],"product_tag":[],"class_list":{"0":"post-16218","1":"product","2":"type-product","3":"status-publish","4":"has-post-thumbnail","6":"product_cat-aufkleber-sticker-aufnaher","8":"first","9":"instock","10":"shipping-taxable","11":"purchasable","12":"product-type-simple"},"_links":{"self":[{"href":"https:\/\/www.packpapierverlag.de\/index.php?rest_route=\/wp\/v2\/product\/16218","targetHints":{"allow":["GET"]}}],"collection":[{"href":"https:\/\/www.packpapierverlag.de\/index.php?rest_route=\/wp\/v2\/product"}],"about":[{"href":"https:\/\/www.packpapierverlag.de\/index.php?rest_route=\/wp\/v2\/types\/product"}],"wp:featuredmedia":[{"embeddable":true,"href":"https:\/\/www.packpapierverlag.de\/index.php?rest_route=\/wp\/v2\/media\/16132"}],"wp:attachment":[{"href":"https:\/\/www.packpapierverlag.de\/index.php?rest_route=%2Fwp%2Fv2%2Fmedia&parent=16218"}],"wp:term":[{"taxonomy":"product_brand","embeddable":true,"href":"https:\/\/www.packpapierverlag.de\/index.php?rest_route=%2Fwp%2Fv2%2Fproduct_brand&post=16218"},{"taxonomy":"product_cat","embeddable":true,"href":"https:\/\/www.packpapierverlag.de\/index.php?rest_route=%2Fwp%2Fv2%2Fproduct_cat&post=16218"},{"taxonomy":"product_tag","embeddable":true,"href":"https:\/\/www.packpapierverlag.de\/index.php?rest_route=%2Fwp%2Fv2%2Fproduct_tag&post=16218"}],"curies":[{"name":"wp","href":"https:\/\/api.w.org\/{rel}","templated":true}]}}

Aufnäher Viva la resistencia, weiß (k169)

<p><img loading="lazy" decoding="async" class="alignleft wp-image-16132 size-medium" src="https://www.packpapierverlag.de/wp-content/uploads/2022/03/k169viva-weiss-231x300.jpg" alt="" width="231" height="300" srcset="https://www.packpapierverlag.de/wp-content/uploads/2022/03/k169viva-weiss-231x300.jpg 231w, https://www.packpapierverlag.de/wp-content/uploads/2022/03/k169viva-weiss-300x390.jpg 300w, https://www.packpapierverlag.de/wp-content/uploads/2022/03/k169viva-weiss-788x1024.jpg 788w, https://www.packpapierverlag.de/wp-content/uploads/2022/03/k169viva-weiss.jpg 800w" sizes="auto, (max-width: 231px) 100vw, 231px" /></p>
<p>Aufnäher Viva la resistencia, weiß (k169)</p>
<p>Aufnäher / Siebdruck &#8211; Viva la resistencia, weiß (k169)</p>

<p>Aufnäher Viva la resistencia, weiß (k169) Aufnäher / Siebdruck &#8211; [&hellip;] &hellip; <a href="https://www.packpapierverlag.de/?product=aufnaeher-viva-la-resistencia-weiss-k169">Weiterlesen <span class="meta-nav">&rarr;</span></a></p>
