{"id":17796,"date":"2024-02-04T14:34:26","date_gmt":"2024-02-04T13:34:26","guid":{"rendered":"https:\/\/www.packpapierverlag.de\/?post_type=product&#038;p=17796"},"modified":"2025-07-31T15:52:58","modified_gmt":"2025-07-31T13:52:58","slug":"die-vierte-einsamkeit-p188-50-seiten-a5-e5","status":"publish","type":"product","link":"https:\/\/www.packpapierverlag.de\/?product=die-vierte-einsamkeit-p188-50-seiten-a5-e5","title":{"rendered":"Die Vierte Einsamkeit (p188) 50 Seiten A5"},"content":{"rendered":"<h1 class=\"western\"><span style=\"font-family: Liberation Serif, serif;\"><span style=\"font-size: x-large;\">p188 Cropp\/Trakl: Die Vierte Einsamkeit, illustriert, 50 Seiten A5, \u20ac5,-<\/span><\/span><\/h1>\n<p><span style=\"font-size: medium;\"><img loading=\"lazy\" decoding=\"async\" class=\"alignleft wp-image-19062 size-large\" src=\"https:\/\/www.packpapierverlag.de\/wp-content\/uploads\/2025\/07\/Vierte-Einsamkeit_Seite_01-722x1024.jpg\" alt=\"\" width=\"640\" height=\"908\" srcset=\"https:\/\/www.packpapierverlag.de\/wp-content\/uploads\/2025\/07\/Vierte-Einsamkeit_Seite_01-722x1024.jpg 722w, https:\/\/www.packpapierverlag.de\/wp-content\/uploads\/2025\/07\/Vierte-Einsamkeit_Seite_01-300x426.jpg 300w, https:\/\/www.packpapierverlag.de\/wp-content\/uploads\/2025\/07\/Vierte-Einsamkeit_Seite_01-211x300.jpg 211w, https:\/\/www.packpapierverlag.de\/wp-content\/uploads\/2025\/07\/Vierte-Einsamkeit_Seite_01-1083x1536.jpg 1083w, https:\/\/www.packpapierverlag.de\/wp-content\/uploads\/2025\/07\/Vierte-Einsamkeit_Seite_01.jpg 1166w\" sizes=\"auto, (max-width: 640px) 100vw, 640px\" \/>Cropp: Die Vierte Einsamkeit &#8211; Trakl: Verlassenheit &#8211; Cropp: Stillstand und Ewigkeit \/ <\/span><span style=\"font-size: medium;\">\u00fcber Trakls Lyrik<\/span><\/p>\n<p>\u201e<span style=\"font-size: medium;\">Die \u201evierte Einsamkeit\u201c war eigentlich anhand von Trakls \u201eVerlassenheit\u201c geplant als eine Abrechnung des Expressionismus mit dem Untergang des Kaiserreiches bzw heutigen Untergang des Westens, doch dann kam soviel dazwischen von Janusz Korczaks Drei Einsamkeiten bis zu Strindbergs angeblicher Resignation, von Corona, tagesaktueller Verwirrung, wie der Regierungserkl\u00e4rung zur Einsamkeit und von politischer Dystopie noch gar nicht zu reden, soda\u00df eine Art Prosa-Tryptichon unumg\u00e4nglich wurde. Der Begriff Vierte Einsamkeit leitet sich von Korczaks Definition der drei Einsamkeiten her. Es ist nun ein Thema mit drei Versuchen geworden, fangen wir gleich an:<\/span><\/p>\n<p><span style=\"font-size: medium;\">Einsamkeit &#8211; ist eine beunruhigende und allgegenw\u00e4rtige Tatsache, niemand m\u00f6chte einsam sein und m\u00f6chte auch nicht wahrhaben, da\u00df es eine weitverbreitete Not ist. Dabei ist die selbstgew\u00e4hlte Einsamkeit mehr oder weniger eine Trotzreaktion und insofern genauso beunruhigend.<\/span><\/p>\n<p><a href=\"https:\/\/www.packpapierverlag.de\/wp-content\/uploads\/2025\/07\/Vierte-Einsamkeit-A5.pdf\" target=\"_blank\" rel=\"noopener\"><span style=\"font-size: small;\"><u><b><span style=\"font-size: medium;\">Der vollst\u00e4ndige Text ist als PDF abrufbar unter: &#8230;<\/span><\/b><\/u><\/span><\/a><\/p>\n","protected":false},"excerpt":{"rendered":"<p>p188 Cropp\/Trakl: Die Vierte Einsamkeit, illustriert, 50 Seiten A5, \u20ac5,- [&hellip;] &hellip; <a href=\"https:\/\/www.packpapierverlag.de\/?product=die-vierte-einsamkeit-p188-50-seiten-a5-e5\">Weiterlesen <span class=\"meta-nav\">&rarr;<\/span><\/a><\/p>\n","protected":false},"featured_media":0,"template":"","meta":[],"product_brand":[],"product_cat":[18],"product_tag":[],"class_list":{"0":"post-17796","1":"product","2":"type-product","3":"status-publish","5":"product_cat-literatur","7":"first","8":"instock","9":"shipping-taxable","10":"purchasable","11":"product-type-simple"},"_links":{"self":[{"href":"https:\/\/www.packpapierverlag.de\/index.php?rest_route=\/wp\/v2\/product\/17796","targetHints":{"allow":["GET"]}}],"collection":[{"href":"https:\/\/www.packpapierverlag.de\/index.php?rest_route=\/wp\/v2\/product"}],"about":[{"href":"https:\/\/www.packpapierverlag.de\/index.php?rest_route=\/wp\/v2\/types\/product"}],"wp:attachment":[{"href":"https:\/\/www.packpapierverlag.de\/index.php?rest_route=%2Fwp%2Fv2%2Fmedia&parent=17796"}],"wp:term":[{"taxonomy":"product_brand","embeddable":true,"href":"https:\/\/www.packpapierverlag.de\/index.php?rest_route=%2Fwp%2Fv2%2Fproduct_brand&post=17796"},{"taxonomy":"product_cat","embeddable":true,"href":"https:\/\/www.packpapierverlag.de\/index.php?rest_route=%2Fwp%2Fv2%2Fproduct_cat&post=17796"},{"taxonomy":"product_tag","embeddable":true,"href":"https:\/\/www.packpapierverlag.de\/index.php?rest_route=%2Fwp%2Fv2%2Fproduct_tag&post=17796"}],"curies":[{"name":"wp","href":"https:\/\/api.w.org\/{rel}","templated":true}]}}

<h1 class="western"><span style="font-family: Liberation Serif, serif;"><span style="font-size: x-large;">p188 Cropp/Trakl: Die Vierte Einsamkeit, illustriert, 50 Seiten A5, €5,-</span></span></h1>
<p><span style="font-size: medium;"><img loading="lazy" decoding="async" class="alignleft wp-image-19062 size-large" src="https://www.packpapierverlag.de/wp-content/uploads/2025/07/Vierte-Einsamkeit_Seite_01-722x1024.jpg" alt="" width="640" height="908" srcset="https://www.packpapierverlag.de/wp-content/uploads/2025/07/Vierte-Einsamkeit_Seite_01-722x1024.jpg 722w, https://www.packpapierverlag.de/wp-content/uploads/2025/07/Vierte-Einsamkeit_Seite_01-300x426.jpg 300w, https://www.packpapierverlag.de/wp-content/uploads/2025/07/Vierte-Einsamkeit_Seite_01-211x300.jpg 211w, https://www.packpapierverlag.de/wp-content/uploads/2025/07/Vierte-Einsamkeit_Seite_01-1083x1536.jpg 1083w, https://www.packpapierverlag.de/wp-content/uploads/2025/07/Vierte-Einsamkeit_Seite_01.jpg 1166w" sizes="auto, (max-width: 640px) 100vw, 640px" />Cropp: Die Vierte Einsamkeit &#8211; Trakl: Verlassenheit &#8211; Cropp: Stillstand und Ewigkeit / </span><span style="font-size: medium;">über Trakls Lyrik</span></p>
<p>„<span style="font-size: medium;">Die „vierte Einsamkeit“ war eigentlich anhand von Trakls „Verlassenheit“ geplant als eine Abrechnung des Expressionismus mit dem Untergang des Kaiserreiches bzw heutigen Untergang des Westens, doch dann kam soviel dazwischen von Janusz Korczaks Drei Einsamkeiten bis zu Strindbergs angeblicher Resignation, von Corona, tagesaktueller Verwirrung, wie der Regierungserklärung zur Einsamkeit und von politischer Dystopie noch gar nicht zu reden, sodaß eine Art Prosa-Tryptichon unumgänglich wurde. Der Begriff Vierte Einsamkeit leitet sich von Korczaks Definition der drei Einsamkeiten her. Es ist nun ein Thema mit drei Versuchen geworden, fangen wir gleich an:</span></p>
<p><span style="font-size: medium;">Einsamkeit &#8211; ist eine beunruhigende und allgegenwärtige Tatsache, niemand möchte einsam sein und möchte auch nicht wahrhaben, daß es eine weitverbreitete Not ist. Dabei ist die selbstgewählte Einsamkeit mehr oder weniger eine Trotzreaktion und insofern genauso beunruhigend.</span></p>
<p><a href="https://www.packpapierverlag.de/wp-content/uploads/2025/07/Vierte-Einsamkeit-A5.pdf" target="_blank" rel="noopener"><span style="font-size: small;"><u><b><span style="font-size: medium;">Der vollständige Text ist als PDF abrufbar unter: &#8230;</span></b></u></span></a></p>
