{"id":17801,"date":"2024-02-04T15:03:23","date_gmt":"2024-02-04T14:03:23","guid":{"rendered":"https:\/\/www.packpapierverlag.de\/?post_type=product&#038;p=17801"},"modified":"2024-02-04T15:06:53","modified_gmt":"2024-02-04T14:06:53","slug":"gerald-grueneklee-wider-den-impfzwang-50-s-a5-5-p186","status":"publish","type":"product","link":"https:\/\/www.packpapierverlag.de\/?product=gerald-grueneklee-wider-den-impfzwang-50-s-a5-5-p186","title":{"rendered":"Gerald Gr\u00fcneklee: Wider den Impfzwang, 50 S. A5, 5,- (p186)"},"content":{"rendered":"<p><span style=\"font-size: x-large;\">Gerald Gr\u00fcneklee: Wider den Impfzwang, 50 S. A5, 5,- (p186)<br \/>\n<\/span><\/p>\n<p><span style=\"font-size: medium;\">Ein Gespenst geht um. Das Gespenst des Virus. Es macht uns alle zu Sklav*innen \u2013 sagen <img loading=\"lazy\" decoding=\"async\" class=\"alignleft wp-image-17794 size-medium\" src=\"https:\/\/www.packpapierverlag.de\/wp-content\/uploads\/2024\/02\/p186-ImpfzwangU-221x300.jpg\" alt=\"\" width=\"221\" height=\"300\" srcset=\"https:\/\/www.packpapierverlag.de\/wp-content\/uploads\/2024\/02\/p186-ImpfzwangU-221x300.jpg 221w, https:\/\/www.packpapierverlag.de\/wp-content\/uploads\/2024\/02\/p186-ImpfzwangU-300x408.jpg 300w, https:\/\/www.packpapierverlag.de\/wp-content\/uploads\/2024\/02\/p186-ImpfzwangU.jpg 600w\" sizes=\"auto, (max-width: 221px) 100vw, 221px\" \/>die Herrschenden, die ihre Bev\u00f6lkerung zu Leibeigenen in der Impffrage machen. Regiert wird mit Angst. Der Mensch als Risikofaktor, f\u00fcr sich und andere. Impf Dich oder stirb. Oder Du bringst andere um, das willst Du doch nicht oder? Wir leben in irrsinnigen Zeiten. Zur\u00fcck ins Mittelalter. Inklusive Moralkeule, Hexenjagd, S\u00fcndenbock-Suche: an den Pranger mit den Ungeimpften. Wir kennen keine Parteien mehr, wir kennen nur noch Geimpfte. Hier geht es um das Coronavirus. Gut m\u00f6glich, dass die Impfpflicht \u2013 da diese bu\u00dfgeldbewehrt ist, wird man ruhigen Gewissens von einem Impfzwang sprechen d\u00fcrfen \u2013 bald vom Tisch ist. Die Argumentationen und \u00fcberhaupt die ganze Art und Weise der Debatte haben Aufschlussreiches ans Licht gebracht an Denkweisen. Daher wird dieser Text auch \u00fcber den Anlass hinaus ein Zeitdokument sein. Es ist ein Lehrst\u00fcck: wie mache ich eine Impfpflicht mehrheitsf\u00e4hig? Wie wird mit Dissens umgegangen? Wie werden in einer Gesellschaft, die doch \u201edemokratisch\u201c sein will, Ausgeschlossene markiert, produziert, diffamiert? Dieses Lehrst\u00fcck zeigt auch, dass am Abgrund der Impffrage die gute alte Klassenfrage lauert; es ist ein Klassenkampf von oben gegen unten.<\/span><\/p>\n","protected":false},"excerpt":{"rendered":"<p>Gerald Gr\u00fcneklee: Wider den Impfzwang, 50 S. A5, 5,- (p186) [&hellip;] &hellip; <a href=\"https:\/\/www.packpapierverlag.de\/?product=gerald-grueneklee-wider-den-impfzwang-50-s-a5-5-p186\">Weiterlesen <span class=\"meta-nav\">&rarr;<\/span><\/a><\/p>\n","protected":false},"featured_media":17794,"template":"","meta":[],"product_brand":[],"product_cat":[9,16,6],"product_tag":[],"class_list":{"0":"post-17801","1":"product","2":"type-product","3":"status-publish","4":"has-post-thumbnail","6":"product_cat-bewegung-widerstand","7":"product_cat-krauter-und-drogen","8":"product_cat-politik-und-geschichte","10":"first","11":"instock","12":"shipping-taxable","13":"purchasable","14":"product-type-simple"},"_links":{"self":[{"href":"https:\/\/www.packpapierverlag.de\/index.php?rest_route=\/wp\/v2\/product\/17801","targetHints":{"allow":["GET"]}}],"collection":[{"href":"https:\/\/www.packpapierverlag.de\/index.php?rest_route=\/wp\/v2\/product"}],"about":[{"href":"https:\/\/www.packpapierverlag.de\/index.php?rest_route=\/wp\/v2\/types\/product"}],"wp:featuredmedia":[{"embeddable":true,"href":"https:\/\/www.packpapierverlag.de\/index.php?rest_route=\/wp\/v2\/media\/17794"}],"wp:attachment":[{"href":"https:\/\/www.packpapierverlag.de\/index.php?rest_route=%2Fwp%2Fv2%2Fmedia&parent=17801"}],"wp:term":[{"taxonomy":"product_brand","embeddable":true,"href":"https:\/\/www.packpapierverlag.de\/index.php?rest_route=%2Fwp%2Fv2%2Fproduct_brand&post=17801"},{"taxonomy":"product_cat","embeddable":true,"href":"https:\/\/www.packpapierverlag.de\/index.php?rest_route=%2Fwp%2Fv2%2Fproduct_cat&post=17801"},{"taxonomy":"product_tag","embeddable":true,"href":"https:\/\/www.packpapierverlag.de\/index.php?rest_route=%2Fwp%2Fv2%2Fproduct_tag&post=17801"}],"curies":[{"name":"wp","href":"https:\/\/api.w.org\/{rel}","templated":true}]}}