{"id":17807,"date":"2024-02-04T15:39:12","date_gmt":"2024-02-04T14:39:12","guid":{"rendered":"https:\/\/www.packpapierverlag.de\/?post_type=product&#038;p=17807"},"modified":"2024-05-10T17:26:17","modified_gmt":"2024-05-10T15:26:17","slug":"bettelheim-ua-subjektive-autonomie-152-s-1490-e134","status":"publish","type":"product","link":"https:\/\/www.packpapierverlag.de\/?product=bettelheim-ua-subjektive-autonomie-152-s-1490-e134","title":{"rendered":"Bettelheim ua: Subjektive Autonomie, 152 S. 14,90 (e134)"},"content":{"rendered":"<p><span style=\"font-family: Liberation Serif, serif;\"><span style=\"font-size: x-large;\"><b>e134. Bruno Bettelheim, Lothar Wolfstetter, Subjektive Autonomie, Individualisierung und gesellschaftliche Kontrolle heute. XII\/152 S. A5 Januar 2023, 14,90 \u20ac<\/b><\/span><\/span><\/p>\n<p><span style=\"font-family: Liberation Serif, serif;\"><span style=\"font-size: medium;\"><b><img loading=\"lazy\" decoding=\"async\" class=\"alignleft wp-image-17902\" src=\"https:\/\/www.packpapierverlag.de\/wp-content\/uploads\/2024\/03\/e134-Bettelheim-ua.jpg\" alt=\"\" width=\"121\" height=\"179\" srcset=\"https:\/\/www.packpapierverlag.de\/wp-content\/uploads\/2024\/03\/e134-Bettelheim-ua.jpg 832w, https:\/\/www.packpapierverlag.de\/wp-content\/uploads\/2024\/03\/e134-Bettelheim-ua-300x444.jpg 300w, https:\/\/www.packpapierverlag.de\/wp-content\/uploads\/2024\/03\/e134-Bettelheim-ua-203x300.jpg 203w, https:\/\/www.packpapierverlag.de\/wp-content\/uploads\/2024\/03\/e134-Bettelheim-ua-692x1024.jpg 692w\" sizes=\"auto, (max-width: 121px) 100vw, 121px\" \/>Inhalt<\/b>: Lothar Wolfstetter, VORWORT * Bruno Bettelheim, SUBJEKTIVE AUTONOMIE UND MASSENKONTROLLE * Lothar Wolfstetter, JENES KONZENTRATIONSLAGER IM GROSSEN, DAS DEUTSCHLAND HIESS * Lothar Wolfstetter, GORBATSCHOW UND PERESTROIJKA HEUTE * Lothar Wolfstetter, WIE KOMMT ALBERT EINSTEIN ZU SEINEM AUTONOMEN DENKEN? Die Genese durch Sozialisation und Emanzipation hindurch bis zum Gl\u00fcck * <\/span><\/span><\/p>\n<p>\u201e<span style=\"font-family: Liberation Serif, serif;\"><span style=\"font-size: medium;\">Bei diesem Buch bin ich \u00fcber die bisherige geringe Resonanz aus dem Freundeskreis erstaunt. Ich vermute nun, dass Bruno Bettelheim doch nicht so bei Euch bekannt ist, wie ich annahm. Nun, er hat wie Erik Erikson die Kinderpsychoanalyse bei Anna Freud praktiziert, wurde ins KZ eingeliefert, kam aber nach 1 Jahr gegen Ausreise frei und ging dann in die USA. Er hat die einzige Psychoanalyse des KZ an sich und seinen Mitgefangenen gemacht. Von den 2 Aufs\u00e4tzen dazu, ist der eine bisher nicht \u00fcbersetzt worden. Zu meiner \u00dcbersetzung hin kommentiere ich ihn unter Beiziehung der darauf aufbauenden soziologische Literatur und res\u00fcmiere in einem weiteren Beitrag sein sp\u00e4ter dazu geschriebenes Buch, das er popul\u00e4rer angelegt hat, w\u00e4hrend der Aufsatz noch kategorial gehalten ist. Er hat au\u00dferdem in der Studie \u201eDer autorit\u00e4re Charakter\u201c die psychoanalytischen Interviews gemacht und danach die Kinderklinik \u201eOrthogenic School\u201c an der Uni Chicago bis zu seinem Freitod geleitet, in der er die Jugendlichen, v a Autisten, mit einem neuen Ansatz durch Gr\u00fcndung einer Ersatzfamilie behandelt hat. In dem Bettelheim-Beitrag geht es darum, wie das Autonomiestreben des Subjekts gegen die Einfl\u00fcsse des Kapitalismus gest\u00e4rkt werden kann. Daf\u00fcr kam ihm die KZ-Erfahrung und KZ-Psychoanalyse zustatten, da er dort an die \u00e4u\u00dferste Grenze seines Widerstands gef\u00fchrt worden war und beg\u00fcnstigt durch die Entlassung nach einem Jahr noch nicht dort zerbrochen war. Meine beiden Biographien von Gorbatschow und Einstein zeigen an diesen beiden exemplarischen F\u00e4llen, wie von diesen Beiden ihr Autonomiestreben betrieben wurde. Ich konnte mich dabei auf wichtige, aber wenig <\/span><\/span><span style=\"font-family: Liberation Serif, serif;\"><span style=\"font-size: medium;\">bekannte Literatur st\u00fctzen.\u201c<\/span><\/span><\/p>\n","protected":false},"excerpt":{"rendered":"<p>e134. Bruno Bettelheim, Lothar Wolfstetter, Subjektive Autonomie, Individualisierung und gesellschaftliche [&hellip;] &hellip; <a href=\"https:\/\/www.packpapierverlag.de\/?product=bettelheim-ua-subjektive-autonomie-152-s-1490-e134\">Weiterlesen <span class=\"meta-nav\">&rarr;<\/span><\/a><\/p>\n","protected":false},"featured_media":17902,"template":"","meta":[],"product_brand":[],"product_cat":[9,43,6],"product_tag":[],"class_list":{"0":"post-17807","1":"product","2":"type-product","3":"status-publish","4":"has-post-thumbnail","6":"product_cat-bewegung-widerstand","7":"product_cat-oekologie-und-politik-krieg-und-frieden","8":"product_cat-politik-und-geschichte","10":"first","11":"instock","12":"shipping-taxable","13":"purchasable","14":"product-type-simple"},"_links":{"self":[{"href":"https:\/\/www.packpapierverlag.de\/index.php?rest_route=\/wp\/v2\/product\/17807","targetHints":{"allow":["GET"]}}],"collection":[{"href":"https:\/\/www.packpapierverlag.de\/index.php?rest_route=\/wp\/v2\/product"}],"about":[{"href":"https:\/\/www.packpapierverlag.de\/index.php?rest_route=\/wp\/v2\/types\/product"}],"wp:featuredmedia":[{"embeddable":true,"href":"https:\/\/www.packpapierverlag.de\/index.php?rest_route=\/wp\/v2\/media\/17902"}],"wp:attachment":[{"href":"https:\/\/www.packpapierverlag.de\/index.php?rest_route=%2Fwp%2Fv2%2Fmedia&parent=17807"}],"wp:term":[{"taxonomy":"product_brand","embeddable":true,"href":"https:\/\/www.packpapierverlag.de\/index.php?rest_route=%2Fwp%2Fv2%2Fproduct_brand&post=17807"},{"taxonomy":"product_cat","embeddable":true,"href":"https:\/\/www.packpapierverlag.de\/index.php?rest_route=%2Fwp%2Fv2%2Fproduct_cat&post=17807"},{"taxonomy":"product_tag","embeddable":true,"href":"https:\/\/www.packpapierverlag.de\/index.php?rest_route=%2Fwp%2Fv2%2Fproduct_tag&post=17807"}],"curies":[{"name":"wp","href":"https:\/\/api.w.org\/{rel}","templated":true}]}}

<p><span style="font-family: Liberation Serif, serif;"><span style="font-size: x-large;"><b>e134. Bruno Bettelheim, Lothar Wolfstetter, Subjektive Autonomie, Individualisierung und gesellschaftliche Kontrolle heute. XII/152 S. A5 Januar 2023, 14,90 €</b></span></span></p>
<p><span style="font-family: Liberation Serif, serif;"><span style="font-size: medium;"><b><img loading="lazy" decoding="async" class="alignleft wp-image-17902" src="https://www.packpapierverlag.de/wp-content/uploads/2024/03/e134-Bettelheim-ua.jpg" alt="" width="121" height="179" srcset="https://www.packpapierverlag.de/wp-content/uploads/2024/03/e134-Bettelheim-ua.jpg 832w, https://www.packpapierverlag.de/wp-content/uploads/2024/03/e134-Bettelheim-ua-300x444.jpg 300w, https://www.packpapierverlag.de/wp-content/uploads/2024/03/e134-Bettelheim-ua-203x300.jpg 203w, https://www.packpapierverlag.de/wp-content/uploads/2024/03/e134-Bettelheim-ua-692x1024.jpg 692w" sizes="auto, (max-width: 121px) 100vw, 121px" />Inhalt</b>: Lothar Wolfstetter, VORWORT * Bruno Bettelheim, SUBJEKTIVE AUTONOMIE UND MASSENKONTROLLE * Lothar Wolfstetter, JENES KONZENTRATIONSLAGER IM GROSSEN, DAS DEUTSCHLAND HIESS * Lothar Wolfstetter, GORBATSCHOW UND PERESTROIJKA HEUTE * Lothar Wolfstetter, WIE KOMMT ALBERT EINSTEIN ZU SEINEM AUTONOMEN DENKEN? Die Genese durch Sozialisation und Emanzipation hindurch bis zum Glück * </span></span></p>
<p>„<span style="font-family: Liberation Serif, serif;"><span style="font-size: medium;">Bei diesem Buch bin ich über die bisherige geringe Resonanz aus dem Freundeskreis erstaunt. Ich vermute nun, dass Bruno Bettelheim doch nicht so bei Euch bekannt ist, wie ich annahm. Nun, er hat wie Erik Erikson die Kinderpsychoanalyse bei Anna Freud praktiziert, wurde ins KZ eingeliefert, kam aber nach 1 Jahr gegen Ausreise frei und ging dann in die USA. Er hat die einzige Psychoanalyse des KZ an sich und seinen Mitgefangenen gemacht. Von den 2 Aufsätzen dazu, ist der eine bisher nicht übersetzt worden. Zu meiner Übersetzung hin kommentiere ich ihn unter Beiziehung der darauf aufbauenden soziologische Literatur und resümiere in einem weiteren Beitrag sein später dazu geschriebenes Buch, das er populärer angelegt hat, während der Aufsatz noch kategorial gehalten ist. Er hat außerdem in der Studie „Der autoritäre Charakter“ die psychoanalytischen Interviews gemacht und danach die Kinderklinik „Orthogenic School“ an der Uni Chicago bis zu seinem Freitod geleitet, in der er die Jugendlichen, v a Autisten, mit einem neuen Ansatz durch Gründung einer Ersatzfamilie behandelt hat. In dem Bettelheim-Beitrag geht es darum, wie das Autonomiestreben des Subjekts gegen die Einflüsse des Kapitalismus gestärkt werden kann. Dafür kam ihm die KZ-Erfahrung und KZ-Psychoanalyse zustatten, da er dort an die äußerste Grenze seines Widerstands geführt worden war und begünstigt durch die Entlassung nach einem Jahr noch nicht dort zerbrochen war. Meine beiden Biographien von Gorbatschow und Einstein zeigen an diesen beiden exemplarischen Fällen, wie von diesen Beiden ihr Autonomiestreben betrieben wurde. Ich konnte mich dabei auf wichtige, aber wenig </span></span><span style="font-family: Liberation Serif, serif;"><span style="font-size: medium;">bekannte Literatur stützen.“</span></span></p>
