{"id":180,"date":"2010-12-05T20:51:54","date_gmt":"2010-12-05T19:51:54","guid":{"rendered":"http:\/\/www.packpapierverlag.de\/neu\/?p=180"},"modified":"2017-04-25T13:18:00","modified_gmt":"2017-04-25T11:18:00","slug":"lillis-brotkorb","status":"publish","type":"product","link":"https:\/\/www.packpapierverlag.de\/?product=lillis-brotkorb","title":{"rendered":"Lillis Brotkorb (p25)"},"content":{"rendered":"<p><a href=\"https:\/\/www.packpapierverlag.de\/wp-content\/uploads\/2017\/04\/Lillis-Brotkorb.jpg\" rel=\"attachment wp-att-7237\"><img loading=\"lazy\" decoding=\"async\" class=\"size-medium wp-image-7237 alignleft\" src=\"https:\/\/www.packpapierverlag.de\/wp-content\/uploads\/2017\/04\/Lillis-Brotkorb-211x300.jpg\" alt=\"Lillis Brotkorb\" width=\"211\" height=\"300\" srcset=\"https:\/\/www.packpapierverlag.de\/wp-content\/uploads\/2017\/04\/Lillis-Brotkorb-211x300.jpg 211w, https:\/\/www.packpapierverlag.de\/wp-content\/uploads\/2017\/04\/Lillis-Brotkorb-300x427.jpg 300w, https:\/\/www.packpapierverlag.de\/wp-content\/uploads\/2017\/04\/Lillis-Brotkorb-768x1093.jpg 768w, https:\/\/www.packpapierverlag.de\/wp-content\/uploads\/2017\/04\/Lillis-Brotkorb-720x1024.jpg 720w, https:\/\/www.packpapierverlag.de\/wp-content\/uploads\/2017\/04\/Lillis-Brotkorb.jpg 1024w\" sizes=\"auto, (max-width: 211px) 100vw, 211px\" \/><\/a><br \/>\n<small><small style=\"font-weight: bold; color: #663366;\"> <small style=\"color: #339999;\"><big><big><big><span style=\"font-weight: bold;\"><span style=\"color: #cc66cc;\"><span style=\"color: #cc0000;\">*<\/span><span style=\"color: #009900;\">*<\/span><span style=\"color: #3366ff;\">*<\/span><span style=\"color: #e9ba00;\">*<\/span><span style=\"color: #ff6600;\">*<\/span><span style=\"color: #e9ba00;\">*<\/span><span style=\"color: #3366ff;\">*<\/span><span style=\"color: #009900;\">*<\/span><span style=\"color: #cc0000;\">*<\/span><\/span><\/span><\/big><\/big><\/big><\/small><\/small><\/small><\/p>\n<p>Rezepte f\u00fcr 15 verschiedene Brotsorten, Br\u00f6tchen, Kuchen &#8211; und Geschichten \u00fcbers Brot, Backregeln, N\u00e4hrwerttabelle und ein Gedicht von Georg Weerth<br \/>\n48 Seiten, DinA5 &#8211; Nr.p25, 3,-<\/p>\n<p><small><small style=\"font-weight: bold; color: #663366;\"> <small style=\"color: #339999;\"><big><big><big><span style=\"font-weight: bold;\"><span style=\"color: #cc66cc;\"><span style=\"color: #cc0000;\">*<\/span><span style=\"color: #009900;\">*<\/span><span style=\"color: #3366ff;\">*<\/span><span style=\"color: #e9ba00;\">*<\/span><span style=\"color: #ff6600;\">*<\/span><span style=\"color: #e9ba00;\">*<\/span><span style=\"color: #3366ff;\">*<\/span><span style=\"color: #009900;\">*<\/span><span style=\"color: #cc0000;\">*<\/span><\/span><\/span><\/big><\/big><\/big><\/small><\/small><\/small><\/p>\n","protected":false},"excerpt":{"rendered":"<p>********* Rezepte f\u00fcr 15 verschiedene Brotsorten, Br\u00f6tchen, Kuchen &#8211; und [&hellip;] &hellip; <a href=\"https:\/\/www.packpapierverlag.de\/?product=lillis-brotkorb\">Weiterlesen <span class=\"meta-nav\">&rarr;<\/span><\/a><\/p>\n","protected":false},"featured_media":7237,"template":"","meta":[],"product_brand":[],"product_cat":[14,3],"product_tag":[],"class_list":{"0":"post-180","1":"product","2":"type-product","3":"status-publish","4":"has-post-thumbnail","6":"product_cat-kleine-reihe-naturkost-broschuren","7":"product_cat-produkte","9":"first","10":"instock","11":"shipping-taxable","12":"purchasable","13":"product-type-simple"},"_links":{"self":[{"href":"https:\/\/www.packpapierverlag.de\/index.php?rest_route=\/wp\/v2\/product\/180","targetHints":{"allow":["GET"]}}],"collection":[{"href":"https:\/\/www.packpapierverlag.de\/index.php?rest_route=\/wp\/v2\/product"}],"about":[{"href":"https:\/\/www.packpapierverlag.de\/index.php?rest_route=\/wp\/v2\/types\/product"}],"wp:featuredmedia":[{"embeddable":true,"href":"https:\/\/www.packpapierverlag.de\/index.php?rest_route=\/wp\/v2\/media\/7237"}],"wp:attachment":[{"href":"https:\/\/www.packpapierverlag.de\/index.php?rest_route=%2Fwp%2Fv2%2Fmedia&parent=180"}],"wp:term":[{"taxonomy":"product_brand","embeddable":true,"href":"https:\/\/www.packpapierverlag.de\/index.php?rest_route=%2Fwp%2Fv2%2Fproduct_brand&post=180"},{"taxonomy":"product_cat","embeddable":true,"href":"https:\/\/www.packpapierverlag.de\/index.php?rest_route=%2Fwp%2Fv2%2Fproduct_cat&post=180"},{"taxonomy":"product_tag","embeddable":true,"href":"https:\/\/www.packpapierverlag.de\/index.php?rest_route=%2Fwp%2Fv2%2Fproduct_tag&post=180"}],"curies":[{"name":"wp","href":"https:\/\/api.w.org\/{rel}","templated":true}]}}