{"id":18072,"date":"2024-05-10T17:31:23","date_gmt":"2024-05-10T15:31:23","guid":{"rendered":"https:\/\/www.packpapierverlag.de\/?post_type=product&#038;p=18072"},"modified":"2024-05-10T17:31:24","modified_gmt":"2024-05-10T15:31:24","slug":"grueneklee-wie-man-den-faschismus-foerdert-p189-3","status":"publish","type":"product","link":"https:\/\/www.packpapierverlag.de\/?product=grueneklee-wie-man-den-faschismus-foerdert-p189-3","title":{"rendered":"Gr\u00fcneklee: Wie man den Faschismus f\u00f6rdert, (p189) 3,-"},"content":{"rendered":"<p><span style=\"font-size: large;\"><b><span style=\"font-family: Liberation Serif, serif;\"><img loading=\"lazy\" decoding=\"async\" class=\"alignleft wp-image-18062 size-medium\" src=\"https:\/\/www.packpapierverlag.de\/wp-content\/uploads\/2024\/05\/p189faschismus-208x300.jpg\" alt=\"\" width=\"208\" height=\"300\" srcset=\"https:\/\/www.packpapierverlag.de\/wp-content\/uploads\/2024\/05\/p189faschismus-208x300.jpg 208w, https:\/\/www.packpapierverlag.de\/wp-content\/uploads\/2024\/05\/p189faschismus-300x432.jpg 300w, https:\/\/www.packpapierverlag.de\/wp-content\/uploads\/2024\/05\/p189faschismus-710x1024.jpg 710w, https:\/\/www.packpapierverlag.de\/wp-content\/uploads\/2024\/05\/p189faschismus.jpg 845w\" sizes=\"auto, (max-width: 208px) 100vw, 208px\" \/>p189 Gerald <\/span>Gr\u00fcneklee: Wie man den Faschismus f\u00f6rdert \u2013 Eine Anleitung in 15 Schritten 40 Seiten, 3,00<\/b><\/span><\/p>\n<p>\u201e<span style=\"font-size: large;\">Nie wieder ist jetzt. Erfreulich viele Menschen scheinen im Januar 2024 aus ihrer Lethargie zu erwachen. Zu Hunderttausenden demonstrieren sie gegen rechte Pl\u00e4ne einer \u00b4Remigration\u00b4, die ebenfalls Hunderttausende betreffen w\u00fcrde. Die umfassenden Demonstrationen sind erfreulich. Einerseits. Aber Demonstrationen alleine verhindern keinen Faschismus. Schon gar nicht, wenn sie an der Seite derer stattfinden, die f\u00fcr das Erstarken der Rechten entscheidend mit verantwortlich sind. Das ist dann bestenfalls eine Loyalit\u00e4tsbekundung. Und schlimmstenfalls gef\u00e4hrlich, weil es Verh\u00e4ltnisse zementiert, die zur momentanen Situation erst gef\u00fchrt haben. Denn in den letzten Jahren wurden die Rechten geradezu lehrbuchartig gef\u00f6rdert, wie diese Brosch\u00fcre zeigt (in Ampeldeutsch heisst Remigration: R\u00fcckf\u00fchrungsverbesserungsgesetz, rot-gr\u00fcn-liberaler Rassismus inklusive). Augenzwinkernd, gegen den Strich geb\u00fcrstet zeigt dieser Text: es ist gar nicht so schwer, den Faschismus konsequent zu bek\u00e4mpfen (o.k., Staat &amp; Kapital m\u00fcssten dann auch weg\u2026). Wenn man es denn ernst meint und es wirklich will. N\u00f6tig ist das auch. Jetzt. Denn: Nie wieder ist JETZT\u201c <\/span><\/p>\n","protected":false},"excerpt":{"rendered":"<p>p189 Gerald Gr\u00fcneklee: Wie man den Faschismus f\u00f6rdert \u2013 Eine [&hellip;] &hellip; <a href=\"https:\/\/www.packpapierverlag.de\/?product=grueneklee-wie-man-den-faschismus-foerdert-p189-3\">Weiterlesen <span class=\"meta-nav\">&rarr;<\/span><\/a><\/p>\n","protected":false},"featured_media":18062,"template":"","meta":[],"product_brand":[],"product_cat":[7,43,6],"product_tag":[],"class_list":{"0":"post-18072","1":"product","2":"type-product","3":"status-publish","4":"has-post-thumbnail","6":"product_cat-anarchie-hefte-und-bucher","7":"product_cat-oekologie-und-politik-krieg-und-frieden","8":"product_cat-politik-und-geschichte","10":"first","11":"instock","12":"shipping-taxable","13":"purchasable","14":"product-type-simple"},"_links":{"self":[{"href":"https:\/\/www.packpapierverlag.de\/index.php?rest_route=\/wp\/v2\/product\/18072","targetHints":{"allow":["GET"]}}],"collection":[{"href":"https:\/\/www.packpapierverlag.de\/index.php?rest_route=\/wp\/v2\/product"}],"about":[{"href":"https:\/\/www.packpapierverlag.de\/index.php?rest_route=\/wp\/v2\/types\/product"}],"wp:featuredmedia":[{"embeddable":true,"href":"https:\/\/www.packpapierverlag.de\/index.php?rest_route=\/wp\/v2\/media\/18062"}],"wp:attachment":[{"href":"https:\/\/www.packpapierverlag.de\/index.php?rest_route=%2Fwp%2Fv2%2Fmedia&parent=18072"}],"wp:term":[{"taxonomy":"product_brand","embeddable":true,"href":"https:\/\/www.packpapierverlag.de\/index.php?rest_route=%2Fwp%2Fv2%2Fproduct_brand&post=18072"},{"taxonomy":"product_cat","embeddable":true,"href":"https:\/\/www.packpapierverlag.de\/index.php?rest_route=%2Fwp%2Fv2%2Fproduct_cat&post=18072"},{"taxonomy":"product_tag","embeddable":true,"href":"https:\/\/www.packpapierverlag.de\/index.php?rest_route=%2Fwp%2Fv2%2Fproduct_tag&post=18072"}],"curies":[{"name":"wp","href":"https:\/\/api.w.org\/{rel}","templated":true}]}}