{"id":18279,"date":"2024-08-16T00:20:16","date_gmt":"2024-08-15T22:20:16","guid":{"rendered":"https:\/\/www.packpapierverlag.de\/?post_type=product&#038;p=18279"},"modified":"2024-08-16T00:20:16","modified_gmt":"2024-08-15T22:20:16","slug":"ossietzky-was-ist-links-was-ist-rechts-e141-64s-5-e","status":"publish","type":"product","link":"https:\/\/www.packpapierverlag.de\/?product=ossietzky-was-ist-links-was-ist-rechts-e141-64s-5-e","title":{"rendered":"Ossietzky: Was ist links? Was ist rechts? (e141) 64s. 5,-\u20ac"},"content":{"rendered":"<p><span style=\"font-family: Liberation Serif, serif;\"><span style=\"font-size: x-large;\"><b>Ossietzky &#8211; Zweiwochenschrift: Was ist links? Was ist rechts?<\/b><\/span><\/span><\/p>\n<p><span style=\"font-family: Liberation Serif, serif;\"><span style=\"font-size: medium;\">Doppelnummer 15\/16 zu einer spannenden Frage, die mancher sich schon bei den <img loading=\"lazy\" decoding=\"async\" class=\"alignright wp-image-18278 size-medium\" src=\"https:\/\/www.packpapierverlag.de\/wp-content\/uploads\/2024\/08\/e141ossietzky-210x300.jpg\" alt=\"\" width=\"210\" height=\"300\" srcset=\"https:\/\/www.packpapierverlag.de\/wp-content\/uploads\/2024\/08\/e141ossietzky-210x300.jpg 210w, https:\/\/www.packpapierverlag.de\/wp-content\/uploads\/2024\/08\/e141ossietzky-300x429.jpg 300w, https:\/\/www.packpapierverlag.de\/wp-content\/uploads\/2024\/08\/e141ossietzky.jpg 448w\" sizes=\"auto, (max-width: 210px) 100vw, 210px\" \/>Antideutschen vor zig Jahren stellte. Hier <u><b>ein paar Zeilen von Ulrike Gu\u00e9rot<\/b><\/u>: Willkommen im Zeitalter der &#8222;post-ideologischen Linken&#8220;, die keine &#8222;Linke&#8220; mehr ist, und einer &#8222;Rechten&#8220;, von der zwar viel geredet wird, die aber auch diffus bleibt. Da neuerdings fast alles &#8222;rechts&#8220; ist, was an politischer Kritik nicht ins Regierungsbild pa\u00dft &#8230; wie die Sozialwissenschaften gr\u00fcndlich erforscht haben: Es regiert l\u00e4ngst <i>The Code of Capital<\/i>. &#8230; Das Kapital hat den Staat l\u00e4ngst verschlungen, wie Hegel es vorausgesagt hat. ***** Oder <u><b>von Peil\/Braun:<\/b><\/u> Der &#8222;Hauptfeind im eigenen Land&#8220; ist nicht die AfD, sondern die militaristische Regierungspolitik, die kriegstreibenden sogenannte Mitte der Gesellschaft und die sie tragenden \u00f6konomisch M\u00e4chtigen. ***** Oder <u><b>von Gabriele Gillen:<\/b><\/u> Die Geschichte hat uns gelehrt, da\u00df viele Utopien, aus welchem Stoff sie auch geschneidert waren, im Geistesterror endeten &#8230; Wer das Gute nicht will, mu\u00df dazu gezwungen werden &#8211; und koste es das Leben. &#8230; Ist Zukunft heute noch ein utopischer Ort oder nur noch die Hochrechnung der Gegenwart durch k\u00fcnstliche Intelligenz? &#8230; Trotz aller noch nicht verheilten Wunden durch die totalit\u00e4ren Systeme des 20. Jahrhunderts &#8211; wir lassen uns in das n\u00e4chste totalit\u00e4re System verf\u00fchren. = Ossietzky (e141) 64 Seiten, 5,-\u20ac<\/span><\/span><\/p>\n","protected":false},"excerpt":{"rendered":"<p>Ossietzky &#8211; Zweiwochenschrift: Was ist links? Was ist rechts? Doppelnummer [&hellip;] &hellip; <a href=\"https:\/\/www.packpapierverlag.de\/?product=ossietzky-was-ist-links-was-ist-rechts-e141-64s-5-e\">Weiterlesen <span class=\"meta-nav\">&rarr;<\/span><\/a><\/p>\n","protected":false},"featured_media":18278,"template":"","meta":[],"product_brand":[],"product_cat":[9,6],"product_tag":[],"class_list":{"0":"post-18279","1":"product","2":"type-product","3":"status-publish","4":"has-post-thumbnail","6":"product_cat-bewegung-widerstand","7":"product_cat-politik-und-geschichte","9":"first","10":"instock","11":"shipping-taxable","12":"purchasable","13":"product-type-simple"},"_links":{"self":[{"href":"https:\/\/www.packpapierverlag.de\/index.php?rest_route=\/wp\/v2\/product\/18279","targetHints":{"allow":["GET"]}}],"collection":[{"href":"https:\/\/www.packpapierverlag.de\/index.php?rest_route=\/wp\/v2\/product"}],"about":[{"href":"https:\/\/www.packpapierverlag.de\/index.php?rest_route=\/wp\/v2\/types\/product"}],"wp:featuredmedia":[{"embeddable":true,"href":"https:\/\/www.packpapierverlag.de\/index.php?rest_route=\/wp\/v2\/media\/18278"}],"wp:attachment":[{"href":"https:\/\/www.packpapierverlag.de\/index.php?rest_route=%2Fwp%2Fv2%2Fmedia&parent=18279"}],"wp:term":[{"taxonomy":"product_brand","embeddable":true,"href":"https:\/\/www.packpapierverlag.de\/index.php?rest_route=%2Fwp%2Fv2%2Fproduct_brand&post=18279"},{"taxonomy":"product_cat","embeddable":true,"href":"https:\/\/www.packpapierverlag.de\/index.php?rest_route=%2Fwp%2Fv2%2Fproduct_cat&post=18279"},{"taxonomy":"product_tag","embeddable":true,"href":"https:\/\/www.packpapierverlag.de\/index.php?rest_route=%2Fwp%2Fv2%2Fproduct_tag&post=18279"}],"curies":[{"name":"wp","href":"https:\/\/api.w.org\/{rel}","templated":true}]}}

<p><span style="font-family: Liberation Serif, serif;"><span style="font-size: x-large;"><b>Ossietzky &#8211; Zweiwochenschrift: Was ist links? Was ist rechts?</b></span></span></p>
<p><span style="font-family: Liberation Serif, serif;"><span style="font-size: medium;">Doppelnummer 15/16 zu einer spannenden Frage, die mancher sich schon bei den <img loading="lazy" decoding="async" class="alignright wp-image-18278 size-medium" src="https://www.packpapierverlag.de/wp-content/uploads/2024/08/e141ossietzky-210x300.jpg" alt="" width="210" height="300" srcset="https://www.packpapierverlag.de/wp-content/uploads/2024/08/e141ossietzky-210x300.jpg 210w, https://www.packpapierverlag.de/wp-content/uploads/2024/08/e141ossietzky-300x429.jpg 300w, https://www.packpapierverlag.de/wp-content/uploads/2024/08/e141ossietzky.jpg 448w" sizes="auto, (max-width: 210px) 100vw, 210px" />Antideutschen vor zig Jahren stellte. Hier <u><b>ein paar Zeilen von Ulrike Guérot</b></u>: Willkommen im Zeitalter der &#8222;post-ideologischen Linken&#8220;, die keine &#8222;Linke&#8220; mehr ist, und einer &#8222;Rechten&#8220;, von der zwar viel geredet wird, die aber auch diffus bleibt. Da neuerdings fast alles &#8222;rechts&#8220; ist, was an politischer Kritik nicht ins Regierungsbild paßt &#8230; wie die Sozialwissenschaften gründlich erforscht haben: Es regiert längst <i>The Code of Capital</i>. &#8230; Das Kapital hat den Staat längst verschlungen, wie Hegel es vorausgesagt hat. ***** Oder <u><b>von Peil/Braun:</b></u> Der &#8222;Hauptfeind im eigenen Land&#8220; ist nicht die AfD, sondern die militaristische Regierungspolitik, die kriegstreibenden sogenannte Mitte der Gesellschaft und die sie tragenden ökonomisch Mächtigen. ***** Oder <u><b>von Gabriele Gillen:</b></u> Die Geschichte hat uns gelehrt, daß viele Utopien, aus welchem Stoff sie auch geschneidert waren, im Geistesterror endeten &#8230; Wer das Gute nicht will, muß dazu gezwungen werden &#8211; und koste es das Leben. &#8230; Ist Zukunft heute noch ein utopischer Ort oder nur noch die Hochrechnung der Gegenwart durch künstliche Intelligenz? &#8230; Trotz aller noch nicht verheilten Wunden durch die totalitären Systeme des 20. Jahrhunderts &#8211; wir lassen uns in das nächste totalitäre System verführen. = Ossietzky (e141) 64 Seiten, 5,-€</span></span></p>
