{"id":18313,"date":"2024-08-22T00:46:39","date_gmt":"2024-08-21T22:46:39","guid":{"rendered":"https:\/\/www.packpapierverlag.de\/?post_type=product&#038;p=18313"},"modified":"2024-08-22T00:49:45","modified_gmt":"2024-08-21T22:49:45","slug":"wilhelm-weitling-kerkerpoesien-p192-3","status":"publish","type":"product","link":"https:\/\/www.packpapierverlag.de\/?product=wilhelm-weitling-kerkerpoesien-p192-3","title":{"rendered":"Wilhelm Weitling: Kerkerpoesien (p192) 3,-"},"content":{"rendered":"<p><span style=\"font-family: Liberation Serif, serif;\"><span style=\"font-size: x-large;\">Wilhelm Weitling: Kerkerpoesien, 64 Seiten mit 4 Faksimiles und Nachwort (p192) 3,-<\/span><\/span><\/p>\n<p align=\"left\"><span style=\"font-family: Liberation Serif, serif;\"><span style=\"font-size: medium;\"><span style=\"color: #202122;\"><span lang=\"de-DE\"><img loading=\"lazy\" decoding=\"async\" class=\"alignleft wp-image-18303 size-medium\" src=\"https:\/\/www.packpapierverlag.de\/wp-content\/uploads\/2024\/08\/p192Weitling-213x300.jpg\" alt=\"\" width=\"213\" height=\"300\" srcset=\"https:\/\/www.packpapierverlag.de\/wp-content\/uploads\/2024\/08\/p192Weitling-213x300.jpg 213w, https:\/\/www.packpapierverlag.de\/wp-content\/uploads\/2024\/08\/p192Weitling-300x423.jpg 300w, https:\/\/www.packpapierverlag.de\/wp-content\/uploads\/2024\/08\/p192Weitling-726x1024.jpg 726w, https:\/\/www.packpapierverlag.de\/wp-content\/uploads\/2024\/08\/p192Weitling.jpg 908w\" sizes=\"auto, (max-width: 213px) 100vw, 213px\" \/>Wilhelm Weitling (1808-1871) war der erste bedeutende Theoretiker und Vork\u00e4mpfer des Sozialismus und Kommunismus in Deutschland zu einer Zeit, als die Industrialisierung noch in den Anf\u00e4ngen steckte.<\/span><\/span><span style=\"color: #202122;\"><span lang=\"de-DE\"> Das unsichere und bewegte f\u00fchrte ihn, wie viele Handwerker seiner Zeit durch die L\u00e4nder Europas, auf der Suche nach Arbeit. Als er 1841 in die Schweiz kam, um dort Arbeit und gleichgesinnte Handwerker zu finden, begann er eine rege T\u00e4tigkeit als Schriftsteller, Zeitungsherausgeber und Organisator. 1843 wurde er in Z\u00fcrich verhaftet und wegen Aufruhr im ersten Kommunistenproze\u00df eines deutschsprachigen Landes verurteilt. Im Gef\u00e4ngnis hat er die vorliegenden &#8222;Kerkerpoesien&#8220; geschrieben, ver\u00f6ffentlicht 1844 in Hamburg.<\/span><\/span><\/span><\/span><\/p>\n","protected":false},"excerpt":{"rendered":"<p>Wilhelm Weitling: Kerkerpoesien, 64 Seiten mit 4 Faksimiles und Nachwort [&hellip;] &hellip; <a href=\"https:\/\/www.packpapierverlag.de\/?product=wilhelm-weitling-kerkerpoesien-p192-3\">Weiterlesen <span class=\"meta-nav\">&rarr;<\/span><\/a><\/p>\n","protected":false},"featured_media":18303,"template":"","meta":[],"product_brand":[],"product_cat":[7,18,6],"product_tag":[],"class_list":{"0":"post-18313","1":"product","2":"type-product","3":"status-publish","4":"has-post-thumbnail","6":"product_cat-anarchie-hefte-und-bucher","7":"product_cat-literatur","8":"product_cat-politik-und-geschichte","10":"first","11":"instock","12":"shipping-taxable","13":"purchasable","14":"product-type-simple"},"_links":{"self":[{"href":"https:\/\/www.packpapierverlag.de\/index.php?rest_route=\/wp\/v2\/product\/18313","targetHints":{"allow":["GET"]}}],"collection":[{"href":"https:\/\/www.packpapierverlag.de\/index.php?rest_route=\/wp\/v2\/product"}],"about":[{"href":"https:\/\/www.packpapierverlag.de\/index.php?rest_route=\/wp\/v2\/types\/product"}],"wp:featuredmedia":[{"embeddable":true,"href":"https:\/\/www.packpapierverlag.de\/index.php?rest_route=\/wp\/v2\/media\/18303"}],"wp:attachment":[{"href":"https:\/\/www.packpapierverlag.de\/index.php?rest_route=%2Fwp%2Fv2%2Fmedia&parent=18313"}],"wp:term":[{"taxonomy":"product_brand","embeddable":true,"href":"https:\/\/www.packpapierverlag.de\/index.php?rest_route=%2Fwp%2Fv2%2Fproduct_brand&post=18313"},{"taxonomy":"product_cat","embeddable":true,"href":"https:\/\/www.packpapierverlag.de\/index.php?rest_route=%2Fwp%2Fv2%2Fproduct_cat&post=18313"},{"taxonomy":"product_tag","embeddable":true,"href":"https:\/\/www.packpapierverlag.de\/index.php?rest_route=%2Fwp%2Fv2%2Fproduct_tag&post=18313"}],"curies":[{"name":"wp","href":"https:\/\/api.w.org\/{rel}","templated":true}]}}

<p><span style="font-family: Liberation Serif, serif;"><span style="font-size: x-large;">Wilhelm Weitling: Kerkerpoesien, 64 Seiten mit 4 Faksimiles und Nachwort (p192) 3,-</span></span></p>
<p align="left"><span style="font-family: Liberation Serif, serif;"><span style="font-size: medium;"><span style="color: #202122;"><span lang="de-DE"><img loading="lazy" decoding="async" class="alignleft wp-image-18303 size-medium" src="https://www.packpapierverlag.de/wp-content/uploads/2024/08/p192Weitling-213x300.jpg" alt="" width="213" height="300" srcset="https://www.packpapierverlag.de/wp-content/uploads/2024/08/p192Weitling-213x300.jpg 213w, https://www.packpapierverlag.de/wp-content/uploads/2024/08/p192Weitling-300x423.jpg 300w, https://www.packpapierverlag.de/wp-content/uploads/2024/08/p192Weitling-726x1024.jpg 726w, https://www.packpapierverlag.de/wp-content/uploads/2024/08/p192Weitling.jpg 908w" sizes="auto, (max-width: 213px) 100vw, 213px" />Wilhelm Weitling (1808-1871) war der erste bedeutende Theoretiker und Vorkämpfer des Sozialismus und Kommunismus in Deutschland zu einer Zeit, als die Industrialisierung noch in den Anfängen steckte.</span></span><span style="color: #202122;"><span lang="de-DE"> Das unsichere und bewegte führte ihn, wie viele Handwerker seiner Zeit durch die Länder Europas, auf der Suche nach Arbeit. Als er 1841 in die Schweiz kam, um dort Arbeit und gleichgesinnte Handwerker zu finden, begann er eine rege Tätigkeit als Schriftsteller, Zeitungsherausgeber und Organisator. 1843 wurde er in Zürich verhaftet und wegen Aufruhr im ersten Kommunistenprozeß eines deutschsprachigen Landes verurteilt. Im Gefängnis hat er die vorliegenden &#8222;Kerkerpoesien&#8220; geschrieben, veröffentlicht 1844 in Hamburg.</span></span></span></span></p>
