{"id":18319,"date":"2024-08-22T01:02:39","date_gmt":"2024-08-21T23:02:39","guid":{"rendered":"https:\/\/www.packpapierverlag.de\/?post_type=product&#038;p=18319"},"modified":"2024-08-22T01:02:40","modified_gmt":"2024-08-21T23:02:40","slug":"peter-brueckner-freiheit-gleichheit-sicherheit-168-s-e143-1290e","status":"publish","type":"product","link":"https:\/\/www.packpapierverlag.de\/?product=peter-brueckner-freiheit-gleichheit-sicherheit-168-s-e143-1290e","title":{"rendered":"Peter Br\u00fcckner: Freiheit, Gleichheit, Sicherheit \u2013 168 S (e143) 12,90\u20ac"},"content":{"rendered":"<p><span style=\"font-size: x-large;\"><span style=\"font-family: Liberation Serif, serif;\">Peter Br\u00fcckner: Freiheit, Gleichheit, Sicherheit \u2013 168 S (e143) 12,90\u20ac<\/span><\/span><\/p>\n<h1 class=\"western\"><span style=\"font-family: Liberation Serif, serif;\"><span style=\"font-size: medium;\"><u><img loading=\"lazy\" decoding=\"async\" class=\"alignleft wp-image-18306 size-medium\" src=\"https:\/\/www.packpapierverlag.de\/wp-content\/uploads\/2024\/08\/e143Brueckner-Freiheit-217x300.jpg\" alt=\"\" width=\"217\" height=\"300\" srcset=\"https:\/\/www.packpapierverlag.de\/wp-content\/uploads\/2024\/08\/e143Brueckner-Freiheit-217x300.jpg 217w, https:\/\/www.packpapierverlag.de\/wp-content\/uploads\/2024\/08\/e143Brueckner-Freiheit-300x416.jpg 300w, https:\/\/www.packpapierverlag.de\/wp-content\/uploads\/2024\/08\/e143Brueckner-Freiheit.jpg 400w\" sizes=\"auto, (max-width: 217px) 100vw, 217px\" \/>Freiheit, Gleichheit, Sicherheit \u2013 Von den Widerspr\u00fcchen des Wohlstands .<\/u><\/span><\/span><\/h1>\n<p><span style=\"font-family: Liberation Serif, serif;\"><span style=\"font-size: medium;\">Hrsg &amp; eingel von L Wolfstetter &amp; W Neumann<\/span><\/span><\/p>\n<p><span style=\"font-family: Liberation Serif, serif;\"><span style=\"font-size: medium;\">Inhalt: Freiheit und Gleichheit am Ausgang des b\u00fcrgerlichen Zeitalters; Br\u00fcderlichkeit: Ein Bericht \u00fcber Vers\u00e4umnisse; Die neue Innerlichkeit des Staatsb\u00fcrgers; Exkurs \u00fcber Tradition und Familie; Der soziale Friede als verwirklichter Traum der Revolution. Herausgegeben und eingeleitet von Lothar Wolfstetter und Walter Neumann. <\/span><\/span><\/p>\n<p><span style=\"font-family: Liberation Serif, serif;\"><span style=\"font-size: medium;\">VI\/162 S <\/span><\/span>\u20ac <span style=\"font-family: Liberation Serif, serif;\"><span style=\"font-size: medium;\">12,90<\/span><\/span><\/p>\n","protected":false},"excerpt":{"rendered":"<p>Peter Br\u00fcckner: Freiheit, Gleichheit, Sicherheit \u2013 168 S (e143) 12,90\u20ac [&hellip;] &hellip; <a href=\"https:\/\/www.packpapierverlag.de\/?product=peter-brueckner-freiheit-gleichheit-sicherheit-168-s-e143-1290e\">Weiterlesen <span class=\"meta-nav\">&rarr;<\/span><\/a><\/p>\n","protected":false},"featured_media":18306,"template":"","meta":[],"product_brand":[],"product_cat":[9,6],"product_tag":[],"class_list":{"0":"post-18319","1":"product","2":"type-product","3":"status-publish","4":"has-post-thumbnail","6":"product_cat-bewegung-widerstand","7":"product_cat-politik-und-geschichte","9":"first","10":"instock","11":"shipping-taxable","12":"purchasable","13":"product-type-simple"},"_links":{"self":[{"href":"https:\/\/www.packpapierverlag.de\/index.php?rest_route=\/wp\/v2\/product\/18319","targetHints":{"allow":["GET"]}}],"collection":[{"href":"https:\/\/www.packpapierverlag.de\/index.php?rest_route=\/wp\/v2\/product"}],"about":[{"href":"https:\/\/www.packpapierverlag.de\/index.php?rest_route=\/wp\/v2\/types\/product"}],"wp:featuredmedia":[{"embeddable":true,"href":"https:\/\/www.packpapierverlag.de\/index.php?rest_route=\/wp\/v2\/media\/18306"}],"wp:attachment":[{"href":"https:\/\/www.packpapierverlag.de\/index.php?rest_route=%2Fwp%2Fv2%2Fmedia&parent=18319"}],"wp:term":[{"taxonomy":"product_brand","embeddable":true,"href":"https:\/\/www.packpapierverlag.de\/index.php?rest_route=%2Fwp%2Fv2%2Fproduct_brand&post=18319"},{"taxonomy":"product_cat","embeddable":true,"href":"https:\/\/www.packpapierverlag.de\/index.php?rest_route=%2Fwp%2Fv2%2Fproduct_cat&post=18319"},{"taxonomy":"product_tag","embeddable":true,"href":"https:\/\/www.packpapierverlag.de\/index.php?rest_route=%2Fwp%2Fv2%2Fproduct_tag&post=18319"}],"curies":[{"name":"wp","href":"https:\/\/api.w.org\/{rel}","templated":true}]}}