{"id":18634,"date":"2025-02-02T09:52:42","date_gmt":"2025-02-02T08:52:42","guid":{"rendered":"https:\/\/www.packpapierverlag.de\/?post_type=product&#038;p=18634"},"modified":"2025-02-02T09:52:42","modified_gmt":"2025-02-02T08:52:42","slug":"lothar-wolfstetter-der-bauern-und-taeuferaufstand-790-e-p196","status":"publish","type":"product","link":"https:\/\/www.packpapierverlag.de\/?product=lothar-wolfstetter-der-bauern-und-taeuferaufstand-790-e-p196","title":{"rendered":"Lothar Wolfstetter, DER BAUERN- UND T\u00c4UFERAUFSTAND 7,90 \u20ac (p196)"},"content":{"rendered":"<p><span style=\"font-family: UICTFontTextStyleEmphasizedBody;\"><span style=\"font-size: medium;\"><b>Lothar Wolfstetter, DER BAUERN- UND T\u00c4UFERAUFSTAND VON 1525 HEUTE <\/b><\/span><\/span><span style=\"font-family: UICTFontTextStyleBody;\"><span style=\"font-size: medium;\">90 Seiten, 7,90 \u20ac (p196)<\/span><\/span><\/p>\n<p><span style=\"font-size: medium;\"><span style=\"font-family: UICTFontTextStyleEmphasizedBody;\"><b>Lothar Wolfstetter bietet<\/b><\/span> <span style=\"font-family: UICTFontTextStyleBody;\">eine neue Sicht auf den Bauern- und T\u00e4uferaufstand vor 500 Jahren, entsprechend der heutigen Forschung, und gibt dadurch auch eine neue Perspektive auf unsere heutige Situation. Der Aufstand brach in Oberdeutschland aus, hatte dort seinen H\u00f6hepunkt und blieb in Oberschwaben ungeschlagen. Der Bauernaufstand setzte sich in Nordw\u00fcrttemberg, Franken und Th\u00fcringen fort, ri\u00df dort aber weder die gro\u00dfe Masse der Bauern mit, noch fand er die ethisch-politische Fundierung durch die T\u00e4ufer, weil das Luthertum sich vorher durchgesetzt hatte. <img loading=\"lazy\" decoding=\"async\" class=\"alignright wp-image-18626 size-medium\" src=\"https:\/\/www.packpapierverlag.de\/wp-content\/uploads\/2025\/02\/p196-bauernkrieg-226x300.jpg\" alt=\"\" width=\"226\" height=\"300\" srcset=\"https:\/\/www.packpapierverlag.de\/wp-content\/uploads\/2025\/02\/p196-bauernkrieg-226x300.jpg 226w, https:\/\/www.packpapierverlag.de\/wp-content\/uploads\/2025\/02\/p196-bauernkrieg-300x398.jpg 300w, https:\/\/www.packpapierverlag.de\/wp-content\/uploads\/2025\/02\/p196-bauernkrieg-772x1024.jpg 772w, https:\/\/www.packpapierverlag.de\/wp-content\/uploads\/2025\/02\/p196-bauernkrieg-1159x1536.jpg 1159w, https:\/\/www.packpapierverlag.de\/wp-content\/uploads\/2025\/02\/p196-bauernkrieg.jpg 1458w\" sizes=\"auto, (max-width: 226px) 100vw, 226px\" \/>Er setzte sich dann noch in den Alpenregionen von \u00d6sterreich fort, und am Ende gaben die Herrschenden insofern nach, als sie die Leibeigenschaft erheblich reduzierten. Aber sie kassierten daf\u00fcr die kollektiven Rechte der Bauern ein: die Gemeinderechte. Viele t\u00e4uferische Bauern und Handwerker folgten dem Exodus in die Slowakei und gr\u00fcndeten dort t\u00e4uferische Kommunen. Ihre Nachfahren wanderten dann in die USA und Kanada aus. <\/span><span style=\"font-family: UICTFontTextStyleEmphasizedBody;\"><b>Dort gibt es noch heute \u00fcber 400.000 Mitglieder dieser Kommunen.<\/b><\/span> <\/span><\/p>\n","protected":false},"excerpt":{"rendered":"<p>Lothar Wolfstetter, DER BAUERN- UND T\u00c4UFERAUFSTAND VON 1525 HEUTE 90 [&hellip;] &hellip; <a href=\"https:\/\/www.packpapierverlag.de\/?product=lothar-wolfstetter-der-bauern-und-taeuferaufstand-790-e-p196\">Weiterlesen <span class=\"meta-nav\">&rarr;<\/span><\/a><\/p>\n","protected":false},"featured_media":18626,"template":"","meta":[],"product_brand":[],"product_cat":[9,6,3],"product_tag":[],"class_list":{"0":"post-18634","1":"product","2":"type-product","3":"status-publish","4":"has-post-thumbnail","6":"product_cat-bewegung-widerstand","7":"product_cat-politik-und-geschichte","8":"product_cat-produkte","10":"first","11":"instock","12":"shipping-taxable","13":"purchasable","14":"product-type-simple"},"_links":{"self":[{"href":"https:\/\/www.packpapierverlag.de\/index.php?rest_route=\/wp\/v2\/product\/18634","targetHints":{"allow":["GET"]}}],"collection":[{"href":"https:\/\/www.packpapierverlag.de\/index.php?rest_route=\/wp\/v2\/product"}],"about":[{"href":"https:\/\/www.packpapierverlag.de\/index.php?rest_route=\/wp\/v2\/types\/product"}],"wp:featuredmedia":[{"embeddable":true,"href":"https:\/\/www.packpapierverlag.de\/index.php?rest_route=\/wp\/v2\/media\/18626"}],"wp:attachment":[{"href":"https:\/\/www.packpapierverlag.de\/index.php?rest_route=%2Fwp%2Fv2%2Fmedia&parent=18634"}],"wp:term":[{"taxonomy":"product_brand","embeddable":true,"href":"https:\/\/www.packpapierverlag.de\/index.php?rest_route=%2Fwp%2Fv2%2Fproduct_brand&post=18634"},{"taxonomy":"product_cat","embeddable":true,"href":"https:\/\/www.packpapierverlag.de\/index.php?rest_route=%2Fwp%2Fv2%2Fproduct_cat&post=18634"},{"taxonomy":"product_tag","embeddable":true,"href":"https:\/\/www.packpapierverlag.de\/index.php?rest_route=%2Fwp%2Fv2%2Fproduct_tag&post=18634"}],"curies":[{"name":"wp","href":"https:\/\/api.w.org\/{rel}","templated":true}]}}

Lothar Wolfstetter, DER BAUERN- UND TÄUFERAUFSTAND 7,90 € (p196)

<p><span style="font-family: UICTFontTextStyleEmphasizedBody;"><span style="font-size: medium;"><b>Lothar Wolfstetter, DER BAUERN- UND TÄUFERAUFSTAND VON 1525 HEUTE </b></span></span><span style="font-family: UICTFontTextStyleBody;"><span style="font-size: medium;">90 Seiten, 7,90 € (p196)</span></span></p>
<p><span style="font-size: medium;"><span style="font-family: UICTFontTextStyleEmphasizedBody;"><b>Lothar Wolfstetter bietet</b></span> <span style="font-family: UICTFontTextStyleBody;">eine neue Sicht auf den Bauern- und Täuferaufstand vor 500 Jahren, entsprechend der heutigen Forschung, und gibt dadurch auch eine neue Perspektive auf unsere heutige Situation. Der Aufstand brach in Oberdeutschland aus, hatte dort seinen Höhepunkt und blieb in Oberschwaben ungeschlagen. Der Bauernaufstand setzte sich in Nordwürttemberg, Franken und Thüringen fort, riß dort aber weder die große Masse der Bauern mit, noch fand er die ethisch-politische Fundierung durch die Täufer, weil das Luthertum sich vorher durchgesetzt hatte. <img loading="lazy" decoding="async" class="alignright wp-image-18626 size-medium" src="https://www.packpapierverlag.de/wp-content/uploads/2025/02/p196-bauernkrieg-226x300.jpg" alt="" width="226" height="300" srcset="https://www.packpapierverlag.de/wp-content/uploads/2025/02/p196-bauernkrieg-226x300.jpg 226w, https://www.packpapierverlag.de/wp-content/uploads/2025/02/p196-bauernkrieg-300x398.jpg 300w, https://www.packpapierverlag.de/wp-content/uploads/2025/02/p196-bauernkrieg-772x1024.jpg 772w, https://www.packpapierverlag.de/wp-content/uploads/2025/02/p196-bauernkrieg-1159x1536.jpg 1159w, https://www.packpapierverlag.de/wp-content/uploads/2025/02/p196-bauernkrieg.jpg 1458w" sizes="auto, (max-width: 226px) 100vw, 226px" />Er setzte sich dann noch in den Alpenregionen von Österreich fort, und am Ende gaben die Herrschenden insofern nach, als sie die Leibeigenschaft erheblich reduzierten. Aber sie kassierten dafür die kollektiven Rechte der Bauern ein: die Gemeinderechte. Viele täuferische Bauern und Handwerker folgten dem Exodus in die Slowakei und gründeten dort täuferische Kommunen. Ihre Nachfahren wanderten dann in die USA und Kanada aus. </span><span style="font-family: UICTFontTextStyleEmphasizedBody;"><b>Dort gibt es noch heute über 400.000 Mitglieder dieser Kommunen.</b></span> </span></p>

<p>Lothar Wolfstetter, DER BAUERN- UND TÄUFERAUFSTAND VON 1525 HEUTE 90 [&hellip;] &hellip; <a href="https://www.packpapierverlag.de/?product=lothar-wolfstetter-der-bauern-und-taeuferaufstand-790-e-p196">Weiterlesen <span class="meta-nav">&rarr;</span></a></p>
