{"id":18918,"date":"2025-06-05T18:30:39","date_gmt":"2025-06-05T16:30:39","guid":{"rendered":"https:\/\/www.packpapierverlag.de\/?post_type=product&#038;p=18918"},"modified":"2025-06-05T18:30:39","modified_gmt":"2025-06-05T16:30:39","slug":"schlemm-wer-hat-angst-vorm-kollaps-75-seiten-5-p200","status":"publish","type":"product","link":"https:\/\/www.packpapierverlag.de\/?product=schlemm-wer-hat-angst-vorm-kollaps-75-seiten-5-p200","title":{"rendered":"Schlemm: Wer hat Angst vorm Kollaps? 75 Seiten 5,- (p200)"},"content":{"rendered":"<p align=\"left\"><span style=\"font-family: Liberation Serif, serif;\"><span style=\"font-size: x-large;\">Annette Schlemm: Wer hat Angst vorm Kollaps? 75 Seiten 5,- (p200)<\/span><\/span><\/p>\n<p align=\"left\">Letztlich liegt die Hoffnung nicht in technologischen \u201eWundern\u201c, sondern in kollektivem Handeln und einer neuen, nachhaltigen Lebensweise, die \u00fcber blo\u00dfe Anpassung <img loading=\"lazy\" decoding=\"async\" class=\"alignleft wp-image-18917 size-medium\" src=\"https:\/\/www.packpapierverlag.de\/wp-content\/uploads\/2025\/06\/p200kollaps-205x300.jpg\" alt=\"\" width=\"205\" height=\"300\" srcset=\"https:\/\/www.packpapierverlag.de\/wp-content\/uploads\/2025\/06\/p200kollaps-205x300.jpg 205w, https:\/\/www.packpapierverlag.de\/wp-content\/uploads\/2025\/06\/p200kollaps-300x438.jpg 300w, https:\/\/www.packpapierverlag.de\/wp-content\/uploads\/2025\/06\/p200kollaps.jpg 438w\" sizes=\"auto, (max-width: 205px) 100vw, 205px\" \/>hinausgeht und eine echte Neuausrichtung erm\u00f6glicht. W\u00e4hrend Resilienz und Transition oft nicht ausreichen, ist eine echte Transformation notwendig, um langfristig \u00fcberlebensf\u00e4hige Strukturen zu schaffen. Die Klimakrise stellt zudem eine psychologische Herausforderung dar, da viele Menschen Phasen der Leugnung und Verzweiflung durchlaufen.<\/p>\n<p align=\"left\">Inhalt: Klima-Umbruch, Transformation und Fragen der Lebensf\u00fchrung &#8211; Wer hat Angst vorm Kollaps? &#8211; Verdr\u00e4ngen ist schlimmer als Angsthaben &#8211; Die LageaufdemPlaneten &#8230; &#8211; &#8230; und in der Klimabewegung &#8211; Von der Verdr\u00e4ngungs- zur Arschlochgesellschaft &#8211; Trauern iiber die verlorene Zukunft &#8211; Hoffnung X.O &#8211; Wie lief das in bisherigen Katastrophen? &#8211; Was tun? &#8211; Zurn Abschluss ein Gedicht<\/p>\n<p align=\"left\">\n","protected":false},"excerpt":{"rendered":"<p>Annette Schlemm: Wer hat Angst vorm Kollaps? 75 Seiten 5,- [&hellip;] &hellip; <a href=\"https:\/\/www.packpapierverlag.de\/?product=schlemm-wer-hat-angst-vorm-kollaps-75-seiten-5-p200\">Weiterlesen <span class=\"meta-nav\">&rarr;<\/span><\/a><\/p>\n","protected":false},"featured_media":18917,"template":"","meta":[],"product_brand":[],"product_cat":[9,12,5],"product_tag":[],"class_list":{"0":"post-18918","1":"product","2":"type-product","3":"status-publish","4":"has-post-thumbnail","6":"product_cat-bewegung-widerstand","7":"product_cat-jugend-umwelt","8":"product_cat-selbstversorgung","10":"first","11":"instock","12":"shipping-taxable","13":"purchasable","14":"product-type-simple"},"_links":{"self":[{"href":"https:\/\/www.packpapierverlag.de\/index.php?rest_route=\/wp\/v2\/product\/18918","targetHints":{"allow":["GET"]}}],"collection":[{"href":"https:\/\/www.packpapierverlag.de\/index.php?rest_route=\/wp\/v2\/product"}],"about":[{"href":"https:\/\/www.packpapierverlag.de\/index.php?rest_route=\/wp\/v2\/types\/product"}],"wp:featuredmedia":[{"embeddable":true,"href":"https:\/\/www.packpapierverlag.de\/index.php?rest_route=\/wp\/v2\/media\/18917"}],"wp:attachment":[{"href":"https:\/\/www.packpapierverlag.de\/index.php?rest_route=%2Fwp%2Fv2%2Fmedia&parent=18918"}],"wp:term":[{"taxonomy":"product_brand","embeddable":true,"href":"https:\/\/www.packpapierverlag.de\/index.php?rest_route=%2Fwp%2Fv2%2Fproduct_brand&post=18918"},{"taxonomy":"product_cat","embeddable":true,"href":"https:\/\/www.packpapierverlag.de\/index.php?rest_route=%2Fwp%2Fv2%2Fproduct_cat&post=18918"},{"taxonomy":"product_tag","embeddable":true,"href":"https:\/\/www.packpapierverlag.de\/index.php?rest_route=%2Fwp%2Fv2%2Fproduct_tag&post=18918"}],"curies":[{"name":"wp","href":"https:\/\/api.w.org\/{rel}","templated":true}]}}

<p align="left"><span style="font-family: Liberation Serif, serif;"><span style="font-size: x-large;">Annette Schlemm: Wer hat Angst vorm Kollaps? 75 Seiten 5,- (p200)</span></span></p>
<p align="left">Letztlich liegt die Hoffnung nicht in technologischen „Wundern“, sondern in kollektivem Handeln und einer neuen, nachhaltigen Lebensweise, die über bloße Anpassung <img loading="lazy" decoding="async" class="alignleft wp-image-18917 size-medium" src="https://www.packpapierverlag.de/wp-content/uploads/2025/06/p200kollaps-205x300.jpg" alt="" width="205" height="300" srcset="https://www.packpapierverlag.de/wp-content/uploads/2025/06/p200kollaps-205x300.jpg 205w, https://www.packpapierverlag.de/wp-content/uploads/2025/06/p200kollaps-300x438.jpg 300w, https://www.packpapierverlag.de/wp-content/uploads/2025/06/p200kollaps.jpg 438w" sizes="auto, (max-width: 205px) 100vw, 205px" />hinausgeht und eine echte Neuausrichtung ermöglicht. Während Resilienz und Transition oft nicht ausreichen, ist eine echte Transformation notwendig, um langfristig überlebensfähige Strukturen zu schaffen. Die Klimakrise stellt zudem eine psychologische Herausforderung dar, da viele Menschen Phasen der Leugnung und Verzweiflung durchlaufen.</p>
<p align="left">Inhalt: Klima-Umbruch, Transformation und Fragen der Lebensführung &#8211; Wer hat Angst vorm Kollaps? &#8211; Verdrängen ist schlimmer als Angsthaben &#8211; Die LageaufdemPlaneten &#8230; &#8211; &#8230; und in der Klimabewegung &#8211; Von der Verdrängungs- zur Arschlochgesellschaft &#8211; Trauern iiber die verlorene Zukunft &#8211; Hoffnung X.O &#8211; Wie lief das in bisherigen Katastrophen? &#8211; Was tun? &#8211; Zurn Abschluss ein Gedicht</p>
<p align="left">
