{"id":19796,"date":"2026-05-03T16:05:02","date_gmt":"2026-05-03T14:05:02","guid":{"rendered":"https:\/\/www.packpapierverlag.de\/?post_type=product&#038;p=19796"},"modified":"2026-05-03T16:05:02","modified_gmt":"2026-05-03T14:05:02","slug":"blume-portugal-braucht-zeit-288-s-1850-e165","status":"publish","type":"product","link":"https:\/\/www.packpapierverlag.de\/?product=blume-portugal-braucht-zeit-288-s-1850-e165","title":{"rendered":"Blume: Portugal braucht Zeit, 288 S. 18,50 (e165)"},"content":{"rendered":"<p><span style=\"font-family: Liberation Serif, serif;\"><span style=\"font-size: medium;\"><b>H<\/b><b>ans<\/b><b> B<\/b><b>lume<\/b><b>, PORTUGAL BRAUCHT ZEIT ZUM KENNENLERNEN: <\/b>Reisebeschreibungen, Sozialreportagen von Landschaften und Menschen und Schilderung des Hergangs der Nelken-revolution. Materialis 2, 288 S. Pb, 18,90<\/span><\/span><span style=\"font-family: Liberation Serif, serif;\"><span style=\"font-size: medium;\"><b><img loading=\"lazy\" decoding=\"async\" class=\"size-medium wp-image-19792 alignleft\" src=\"https:\/\/www.packpapierverlag.de\/wp-content\/uploads\/2026\/05\/e165blume-210x300.jpg\" alt=\"\" width=\"210\" height=\"300\" srcset=\"https:\/\/www.packpapierverlag.de\/wp-content\/uploads\/2026\/05\/e165blume-210x300.jpg 210w, https:\/\/www.packpapierverlag.de\/wp-content\/uploads\/2026\/05\/e165blume-717x1024.jpg 717w, https:\/\/www.packpapierverlag.de\/wp-content\/uploads\/2026\/05\/e165blume-1075x1536.jpg 1075w, https:\/\/www.packpapierverlag.de\/wp-content\/uploads\/2026\/05\/e165blume-1434x2048.jpg 1434w, https:\/\/www.packpapierverlag.de\/wp-content\/uploads\/2026\/05\/e165blume-300x429.jpg 300w, https:\/\/www.packpapierverlag.de\/wp-content\/uploads\/2026\/05\/e165blume.jpg 1781w\" sizes=\"auto, (max-width: 210px) 100vw, 210px\" \/><\/b><\/span><\/span><span style=\"font-family: Liberation Serif, serif;\"><span style=\"font-size: medium;\">\u00a0\u20ac, ISBN 3-88535-085-8<\/span><\/span><\/p>\n<p><span style=\"font-family: Liberation Serif, serif;\"><span style=\"font-size: medium;\"><span lang=\"de-DE\">Dieser alternative Portugal-Reisef\u00fchrer ist f\u00fcr alle geschrieben, die nicht nur die sch\u00f6nen Felsbuch-ten in der Algarve kennen lernen m\u00f6chten, sondern auch das Leben des Volkes (Povo), seine Arbeiten, seine Sorgen, seine Freuden. H\u00f6hepunkt des Buches ist das Kapitel \u00fcber die Entstehung und die erste Zeit der Nelkenrevolution 1974, die der Autor, der lange Jahre als Lehrer in Lissabon wirkte, selbst miterlebt hat. <\/span><span lang=\"de-DE\"><b>Rezensionen<\/b><\/span><span lang=\"de-DE\">: Taz, 5.9.87; Tranv<\/span><span lang=\"de-DE\">\u00ed<\/span><span lang=\"de-DE\">a 5\/87; Diario o popular 1987; Portugal Magazin 1\/1987.<\/span><\/span><\/span><\/p>\n","protected":false},"excerpt":{"rendered":"<p>Hans Blume, PORTUGAL BRAUCHT ZEIT ZUM KENNENLERNEN: Reisebeschreibungen, Sozialreportagen von [&hellip;] &hellip; <a href=\"https:\/\/www.packpapierverlag.de\/?product=blume-portugal-braucht-zeit-288-s-1850-e165\">Weiterlesen <span class=\"meta-nav\">&rarr;<\/span><\/a><\/p>\n","protected":false},"featured_media":19792,"template":"","meta":[],"product_brand":[],"product_cat":[9,43,6],"product_tag":[],"class_list":{"0":"post-19796","1":"product","2":"type-product","3":"status-publish","4":"has-post-thumbnail","6":"product_cat-bewegung-widerstand","7":"product_cat-oekologie-und-politik-krieg-und-frieden","8":"product_cat-politik-und-geschichte","10":"first","11":"instock","12":"shipping-taxable","13":"purchasable","14":"product-type-simple"},"_links":{"self":[{"href":"https:\/\/www.packpapierverlag.de\/index.php?rest_route=\/wp\/v2\/product\/19796","targetHints":{"allow":["GET"]}}],"collection":[{"href":"https:\/\/www.packpapierverlag.de\/index.php?rest_route=\/wp\/v2\/product"}],"about":[{"href":"https:\/\/www.packpapierverlag.de\/index.php?rest_route=\/wp\/v2\/types\/product"}],"wp:featuredmedia":[{"embeddable":true,"href":"https:\/\/www.packpapierverlag.de\/index.php?rest_route=\/wp\/v2\/media\/19792"}],"wp:attachment":[{"href":"https:\/\/www.packpapierverlag.de\/index.php?rest_route=%2Fwp%2Fv2%2Fmedia&parent=19796"}],"wp:term":[{"taxonomy":"product_brand","embeddable":true,"href":"https:\/\/www.packpapierverlag.de\/index.php?rest_route=%2Fwp%2Fv2%2Fproduct_brand&post=19796"},{"taxonomy":"product_cat","embeddable":true,"href":"https:\/\/www.packpapierverlag.de\/index.php?rest_route=%2Fwp%2Fv2%2Fproduct_cat&post=19796"},{"taxonomy":"product_tag","embeddable":true,"href":"https:\/\/www.packpapierverlag.de\/index.php?rest_route=%2Fwp%2Fv2%2Fproduct_tag&post=19796"}],"curies":[{"name":"wp","href":"https:\/\/api.w.org\/{rel}","templated":true}]}}

<p><span style="font-family: Liberation Serif, serif;"><span style="font-size: medium;"><b>H</b><b>ans</b><b> B</b><b>lume</b><b>, PORTUGAL BRAUCHT ZEIT ZUM KENNENLERNEN: </b>Reisebeschreibungen, Sozialreportagen von Landschaften und Menschen und Schilderung des Hergangs der Nelken-revolution. Materialis 2, 288 S. Pb, 18,90</span></span><span style="font-family: Liberation Serif, serif;"><span style="font-size: medium;"><b><img loading="lazy" decoding="async" class="size-medium wp-image-19792 alignleft" src="https://www.packpapierverlag.de/wp-content/uploads/2026/05/e165blume-210x300.jpg" alt="" width="210" height="300" srcset="https://www.packpapierverlag.de/wp-content/uploads/2026/05/e165blume-210x300.jpg 210w, https://www.packpapierverlag.de/wp-content/uploads/2026/05/e165blume-717x1024.jpg 717w, https://www.packpapierverlag.de/wp-content/uploads/2026/05/e165blume-1075x1536.jpg 1075w, https://www.packpapierverlag.de/wp-content/uploads/2026/05/e165blume-1434x2048.jpg 1434w, https://www.packpapierverlag.de/wp-content/uploads/2026/05/e165blume-300x429.jpg 300w, https://www.packpapierverlag.de/wp-content/uploads/2026/05/e165blume.jpg 1781w" sizes="auto, (max-width: 210px) 100vw, 210px" /></b></span></span><span style="font-family: Liberation Serif, serif;"><span style="font-size: medium;"> €, ISBN 3-88535-085-8</span></span></p>
<p><span style="font-family: Liberation Serif, serif;"><span style="font-size: medium;"><span lang="de-DE">Dieser alternative Portugal-Reiseführer ist für alle geschrieben, die nicht nur die schönen Felsbuch-ten in der Algarve kennen lernen möchten, sondern auch das Leben des Volkes (Povo), seine Arbeiten, seine Sorgen, seine Freuden. Höhepunkt des Buches ist das Kapitel über die Entstehung und die erste Zeit der Nelkenrevolution 1974, die der Autor, der lange Jahre als Lehrer in Lissabon wirkte, selbst miterlebt hat. </span><span lang="de-DE"><b>Rezensionen</b></span><span lang="de-DE">: Taz, 5.9.87; Tranv</span><span lang="de-DE">í</span><span lang="de-DE">a 5/87; Diario o popular 1987; Portugal Magazin 1/1987.</span></span></span></p>
