{"id":19850,"date":"2026-05-03T19:48:58","date_gmt":"2026-05-03T17:48:58","guid":{"rendered":"https:\/\/www.packpapierverlag.de\/?post_type=product&#038;p=19850"},"modified":"2026-05-03T19:48:58","modified_gmt":"2026-05-03T17:48:58","slug":"schulte-auslaender-in-der-brd-168-s-1290-e159","status":"publish","type":"product","link":"https:\/\/www.packpapierverlag.de\/?product=schulte-auslaender-in-der-brd-168-s-1290-e159","title":{"rendered":"Schulte: Ausl\u00e4nder in der BRD, 168 S. 12,90 (e159)"},"content":{"rendered":"<p><span style=\"font-family: Liberation Serif, serif;\"><span style=\"font-size: medium;\"><b>Axel Schulte (<\/b><b>Hg.)<\/b><b>, AUSL<\/b><b>\u00c4<\/b><b>NDER IN DER BUNDESREPUBLIK: <\/b>Integration, Margina-lisierung<img loading=\"lazy\" decoding=\"async\" class=\"size-medium wp-image-19786 alignleft\" src=\"https:\/\/www.packpapierverlag.de\/wp-content\/uploads\/2026\/05\/e159schulte-215x300.jpg\" alt=\"\" width=\"215\" height=\"300\" srcset=\"https:\/\/www.packpapierverlag.de\/wp-content\/uploads\/2026\/05\/e159schulte-215x300.jpg 215w, https:\/\/www.packpapierverlag.de\/wp-content\/uploads\/2026\/05\/e159schulte-732x1024.jpg 732w, https:\/\/www.packpapierverlag.de\/wp-content\/uploads\/2026\/05\/e159schulte-300x420.jpg 300w, https:\/\/www.packpapierverlag.de\/wp-content\/uploads\/2026\/05\/e159schulte.jpg 1099w\" sizes=\"auto, (max-width: 215px) 100vw, 215px\" \/>, Identit\u00e4t. Mit weiteren Beitr. v. J\u00fcrgen Eckl, Hans Hartwig, Monika M\u00fcller, Saliha Scheinhardt, C. Trabandt, J. Vink, Abudi Zein. Materialis MP 29, 168 S. Pb, 12,90 \u20ac, ISBN 3-88535-093-1<\/span><\/span><\/p>\n<p><span style=\"font-family: Liberation Serif, serif;\"><span style=\"font-size: medium;\">Die Themen dieses Reader sind: Ausl\u00e4nderbesch\u00e4ftigung, Ausl\u00e4nderpolitik der Regierung, Fremden-hass und Fremdenliebe, internationale Solidarit\u00e4t im Betrieb, die Wohnsituation von Ausl\u00e4ndern, die R\u00fcckkehr der Arbeitsmitgranten, die t\u00fcrkische Familie in Deutschland. Diese Themen werden von engagierten<\/span><\/span><\/p>\n","protected":false},"excerpt":{"rendered":"<p>Axel Schulte (Hg.), AUSL\u00c4NDER IN DER BUNDESREPUBLIK: Integration, Margina-lisierung, Identit\u00e4t. [&hellip;] &hellip; <a href=\"https:\/\/www.packpapierverlag.de\/?product=schulte-auslaender-in-der-brd-168-s-1290-e159\">Weiterlesen <span class=\"meta-nav\">&rarr;<\/span><\/a><\/p>\n","protected":false},"featured_media":19786,"template":"","meta":[],"product_brand":[],"product_cat":[9,6],"product_tag":[],"class_list":{"0":"post-19850","1":"product","2":"type-product","3":"status-publish","4":"has-post-thumbnail","6":"product_cat-bewegung-widerstand","7":"product_cat-politik-und-geschichte","9":"first","10":"instock","11":"shipping-taxable","12":"purchasable","13":"product-type-simple"},"_links":{"self":[{"href":"https:\/\/www.packpapierverlag.de\/index.php?rest_route=\/wp\/v2\/product\/19850","targetHints":{"allow":["GET"]}}],"collection":[{"href":"https:\/\/www.packpapierverlag.de\/index.php?rest_route=\/wp\/v2\/product"}],"about":[{"href":"https:\/\/www.packpapierverlag.de\/index.php?rest_route=\/wp\/v2\/types\/product"}],"wp:featuredmedia":[{"embeddable":true,"href":"https:\/\/www.packpapierverlag.de\/index.php?rest_route=\/wp\/v2\/media\/19786"}],"wp:attachment":[{"href":"https:\/\/www.packpapierverlag.de\/index.php?rest_route=%2Fwp%2Fv2%2Fmedia&parent=19850"}],"wp:term":[{"taxonomy":"product_brand","embeddable":true,"href":"https:\/\/www.packpapierverlag.de\/index.php?rest_route=%2Fwp%2Fv2%2Fproduct_brand&post=19850"},{"taxonomy":"product_cat","embeddable":true,"href":"https:\/\/www.packpapierverlag.de\/index.php?rest_route=%2Fwp%2Fv2%2Fproduct_cat&post=19850"},{"taxonomy":"product_tag","embeddable":true,"href":"https:\/\/www.packpapierverlag.de\/index.php?rest_route=%2Fwp%2Fv2%2Fproduct_tag&post=19850"}],"curies":[{"name":"wp","href":"https:\/\/api.w.org\/{rel}","templated":true}]}}