{"id":203,"date":"2010-12-05T21:28:28","date_gmt":"2010-12-05T20:28:28","guid":{"rendered":"http:\/\/www.packpapierverlag.de\/neu\/?p=203"},"modified":"2017-05-04T13:24:13","modified_gmt":"2017-05-04T11:24:13","slug":"lilli-haferrezepte","status":"publish","type":"product","link":"https:\/\/www.packpapierverlag.de\/?product=lilli-haferrezepte","title":{"rendered":"Lillis Hafer Rezepte (vegan) (p84)"},"content":{"rendered":"<p><span style=\"text-decoration: underline;\"><a href=\"https:\/\/www.packpapierverlag.de\/wp-content\/uploads\/2010\/12\/Lillis-Haferrezepte.jpg\"><img loading=\"lazy\" decoding=\"async\" class=\"alignleft size-medium wp-image-2882\" title=\"Lillis Haferrezepte\" src=\"https:\/\/www.packpapierverlag.de\/wp-content\/uploads\/2010\/12\/Lillis-Haferrezepte-221x300.jpg\" alt=\"\" width=\"221\" height=\"300\" srcset=\"https:\/\/www.packpapierverlag.de\/wp-content\/uploads\/2010\/12\/Lillis-Haferrezepte-221x300.jpg 221w, https:\/\/www.packpapierverlag.de\/wp-content\/uploads\/2010\/12\/Lillis-Haferrezepte-300x407.jpg 300w, https:\/\/www.packpapierverlag.de\/wp-content\/uploads\/2010\/12\/Lillis-Haferrezepte-755x1024.jpg 755w, https:\/\/www.packpapierverlag.de\/wp-content\/uploads\/2010\/12\/Lillis-Haferrezepte.jpg 1174w\" sizes=\"auto, (max-width: 221px) 100vw, 221px\" \/><\/a><\/span><small style=\"color: #264c4c; text-decoration: underline;\"><big style=\"color: #772777; text-decoration: underline;\"><span style=\"font-family: Helvetica,Arial,sans-serif; font-weight: bold;\">Lillis Hafer- Rezepte<\/span><\/big><br style=\"font-family: Helvetica,Arial,sans-serif;\" \/><\/small><a href=\"https:\/\/www.packpapierverlag.de\/wp-content\/uploads\/2010\/12\/Lillis-Haferrezepte.jpg\"><small style=\"color: #264c4c; text-decoration: underline;\"><span style=\"font-family: Helvetica,Arial,sans-serif;\">Kleine Naturkost- Brosch\u00fcre in DIN A6 mit 63 Seiten, bunt gedruckt, Packpapier- Verlag <\/span><\/small><\/a><a href=\"https:\/\/www.packpapierverlag.de\/wp-content\/uploads\/2010\/12\/Lillis-Haferrezepte.jpg\"><small style=\"color: #264c4c; text-decoration: underline;\"><span style=\"font-family: Helvetica,Arial,sans-serif;\">46 rein pflanzliche Rezepte (vegan!) mit kraftvollem Hafer. Dazu gibt es Wissenswertes zum Hafer zu lesen sowie von J.P. Hebel \u201eDas Habermus\u201c.<\/span><\/small><\/a><a href=\"https:\/\/www.packpapierverlag.de\/wp-content\/uploads\/2010\/12\/Lillis-Haferrezepte.jpg\"><small style=\"color: #264c4c; text-decoration: underline;\"><br style=\"font-family: Helvetica,Arial,sans-serif;\" \/><span style=\"font-family: Helvetica,Arial,sans-serif; font-weight: bold; color: #772777; text-decoration: underline;\">Inhalt:<\/span><br style=\"font-family: Helvetica,Arial,sans-serif;\" \/><span style=\"font-family: Helvetica,Arial,sans-serif;\">* Hafer- Geschichten *<\/span> <span style=\"font-family: Helvetica,Arial,sans-serif;\">* J.P. Hebel: Das Habermus *<\/span> <span style=\"font-family: Helvetica,Arial,sans-serif;\"><span style=\"font-weight: bold;\">Grundrezepte: <\/span>* Hafer ganzk\u00f6rnig kochen (Vollkorn) * Hafer gedarrt\/ Hafer darren *<\/span> <span style=\"font-family: Helvetica,Arial,sans-serif;\"><span style=\"font-weight: bold;\">Rohkost: <\/span>*\u00a0 Haferflockenfr\u00fchst\u00fcck * Knusperflocken * Hafer- Kaltschale * K\u00f6rnersalat * Flockensalat *<\/span> <span style=\"font-family: Helvetica,Arial,sans-serif;\"><span style=\"font-weight: bold;\">Suppen: <\/span>* Zwiebelsuppe * Haferflocken- Tomatensuppe * Adukibohnensuppe * Linsensuppe * Kichererbsensuppe *<\/span> <span style=\"font-family: Helvetica,Arial,sans-serif;\"><span style=\"font-weight: bold;\">Brei:<\/span> * Bayrisch Brenta * Kr\u00e4uterbrei * Kruska * Haferklockenbrei * Hafer- Pudding *<\/span> <span style=\"font-family: Helvetica,Arial,sans-serif;\"><span style=\"font-weight: bold;\">Eintopf, Kn\u00f6del:<\/span> * Hafer- Gem\u00fcse- Eintopf * K\u00fcrbis- Eintopf * Flockenkl\u00f6\u00dfe * Habertalken, Linsen *<\/span> <span style=\"font-family: Helvetica,Arial,sans-serif;\"><span style=\"font-weight: bold;\">Gef\u00fclltes:<\/span> * Gef\u00fcllte Tomaten * Gef\u00fcllte Zwiebeln * Gef\u00fcllte Auberginen *<\/span> <span style=\"font-family: Helvetica,Arial,sans-serif;\"><span style=\"font-weight: bold;\">F\u00fcr Pfanne und Blech:<\/span> * Spinat- Hafer- Bratlinge * Pizzateig * Apfel- hafer- Bratlinge * Hafer- M\u00f6hren- Bratlinge * Hafer- Sojamilch- Bratlinge * M\u00fcslibraten *<\/span> <span style=\"font-family: Helvetica,Arial,sans-serif;\"><span style=\"font-weight: bold;\">\u00dcberbacken: <\/span>* Beeren- Hafer- Auflauf * Tomaten- Auflauf * Haferschrotauflauf *<\/span> <span style=\"font-family: Helvetica,Arial,sans-serif;\"><span style=\"font-weight: bold;\">Geb\u00e4ck: <\/span>* Haferfladen * Haferbrot * Haferflockenbrot * Haferflocken-Br\u00f6tchen * Tofubr\u00f6tchen * Nu\u00df- Flocken- Kekse * Haferflocken- Torte * Haferschnitten * Dattel- Nu\u00df- Pl\u00e4tzchen * Nusskaramellen * Haferflockenkonfekt * Mufties *<\/span> <span style=\"font-family: Helvetica,Arial,sans-serif; font-weight: bold; color: #772777; text-decoration: underline;\">*******************<\/span><\/small><br \/>\n<\/a><\/p>\n","protected":false},"excerpt":{"rendered":"<p>Lillis Hafer- RezepteKleine Naturkost- Brosch\u00fcre in DIN A6 mit 63 [&hellip;] &hellip; <a href=\"https:\/\/www.packpapierverlag.de\/?product=lilli-haferrezepte\">Weiterlesen <span class=\"meta-nav\">&rarr;<\/span><\/a><\/p>\n","protected":false},"featured_media":2882,"template":"","meta":[],"product_brand":[],"product_cat":[14,15,3],"product_tag":[],"class_list":{"0":"post-203","1":"product","2":"type-product","3":"status-publish","4":"has-post-thumbnail","6":"product_cat-kleine-reihe-naturkost-broschuren","7":"product_cat-kochbucher-ernahrung-bewusstsein","8":"product_cat-produkte","10":"first","11":"instock","12":"shipping-taxable","13":"purchasable","14":"product-type-simple"},"_links":{"self":[{"href":"https:\/\/www.packpapierverlag.de\/index.php?rest_route=\/wp\/v2\/product\/203","targetHints":{"allow":["GET"]}}],"collection":[{"href":"https:\/\/www.packpapierverlag.de\/index.php?rest_route=\/wp\/v2\/product"}],"about":[{"href":"https:\/\/www.packpapierverlag.de\/index.php?rest_route=\/wp\/v2\/types\/product"}],"wp:featuredmedia":[{"embeddable":true,"href":"https:\/\/www.packpapierverlag.de\/index.php?rest_route=\/wp\/v2\/media\/2882"}],"wp:attachment":[{"href":"https:\/\/www.packpapierverlag.de\/index.php?rest_route=%2Fwp%2Fv2%2Fmedia&parent=203"}],"wp:term":[{"taxonomy":"product_brand","embeddable":true,"href":"https:\/\/www.packpapierverlag.de\/index.php?rest_route=%2Fwp%2Fv2%2Fproduct_brand&post=203"},{"taxonomy":"product_cat","embeddable":true,"href":"https:\/\/www.packpapierverlag.de\/index.php?rest_route=%2Fwp%2Fv2%2Fproduct_cat&post=203"},{"taxonomy":"product_tag","embeddable":true,"href":"https:\/\/www.packpapierverlag.de\/index.php?rest_route=%2Fwp%2Fv2%2Fproduct_tag&post=203"}],"curies":[{"name":"wp","href":"https:\/\/api.w.org\/{rel}","templated":true}]}}

<p><span style="text-decoration: underline;"><a href="https://www.packpapierverlag.de/wp-content/uploads/2010/12/Lillis-Haferrezepte.jpg"><img loading="lazy" decoding="async" class="alignleft size-medium wp-image-2882" title="Lillis Haferrezepte" src="https://www.packpapierverlag.de/wp-content/uploads/2010/12/Lillis-Haferrezepte-221x300.jpg" alt="" width="221" height="300" srcset="https://www.packpapierverlag.de/wp-content/uploads/2010/12/Lillis-Haferrezepte-221x300.jpg 221w, https://www.packpapierverlag.de/wp-content/uploads/2010/12/Lillis-Haferrezepte-300x407.jpg 300w, https://www.packpapierverlag.de/wp-content/uploads/2010/12/Lillis-Haferrezepte-755x1024.jpg 755w, https://www.packpapierverlag.de/wp-content/uploads/2010/12/Lillis-Haferrezepte.jpg 1174w" sizes="auto, (max-width: 221px) 100vw, 221px" /></a></span><small style="color: #264c4c; text-decoration: underline;"><big style="color: #772777; text-decoration: underline;"><span style="font-family: Helvetica,Arial,sans-serif; font-weight: bold;">Lillis Hafer- Rezepte</span></big><br style="font-family: Helvetica,Arial,sans-serif;" /></small><a href="https://www.packpapierverlag.de/wp-content/uploads/2010/12/Lillis-Haferrezepte.jpg"><small style="color: #264c4c; text-decoration: underline;"><span style="font-family: Helvetica,Arial,sans-serif;">Kleine Naturkost- Broschüre in DIN A6 mit 63 Seiten, bunt gedruckt, Packpapier- Verlag </span></small></a><a href="https://www.packpapierverlag.de/wp-content/uploads/2010/12/Lillis-Haferrezepte.jpg"><small style="color: #264c4c; text-decoration: underline;"><span style="font-family: Helvetica,Arial,sans-serif;">46 rein pflanzliche Rezepte (vegan!) mit kraftvollem Hafer. Dazu gibt es Wissenswertes zum Hafer zu lesen sowie von J.P. Hebel „Das Habermus“.</span></small></a><a href="https://www.packpapierverlag.de/wp-content/uploads/2010/12/Lillis-Haferrezepte.jpg"><small style="color: #264c4c; text-decoration: underline;"><br style="font-family: Helvetica,Arial,sans-serif;" /><span style="font-family: Helvetica,Arial,sans-serif; font-weight: bold; color: #772777; text-decoration: underline;">Inhalt:</span><br style="font-family: Helvetica,Arial,sans-serif;" /><span style="font-family: Helvetica,Arial,sans-serif;">* Hafer- Geschichten *</span> <span style="font-family: Helvetica,Arial,sans-serif;">* J.P. Hebel: Das Habermus *</span> <span style="font-family: Helvetica,Arial,sans-serif;"><span style="font-weight: bold;">Grundrezepte: </span>* Hafer ganzkörnig kochen (Vollkorn) * Hafer gedarrt/ Hafer darren *</span> <span style="font-family: Helvetica,Arial,sans-serif;"><span style="font-weight: bold;">Rohkost: </span>*  Haferflockenfrühstück * Knusperflocken * Hafer- Kaltschale * Körnersalat * Flockensalat *</span> <span style="font-family: Helvetica,Arial,sans-serif;"><span style="font-weight: bold;">Suppen: </span>* Zwiebelsuppe * Haferflocken- Tomatensuppe * Adukibohnensuppe * Linsensuppe * Kichererbsensuppe *</span> <span style="font-family: Helvetica,Arial,sans-serif;"><span style="font-weight: bold;">Brei:</span> * Bayrisch Brenta * Kräuterbrei * Kruska * Haferklockenbrei * Hafer- Pudding *</span> <span style="font-family: Helvetica,Arial,sans-serif;"><span style="font-weight: bold;">Eintopf, Knödel:</span> * Hafer- Gemüse- Eintopf * Kürbis- Eintopf * Flockenklöße * Habertalken, Linsen *</span> <span style="font-family: Helvetica,Arial,sans-serif;"><span style="font-weight: bold;">Gefülltes:</span> * Gefüllte Tomaten * Gefüllte Zwiebeln * Gefüllte Auberginen *</span> <span style="font-family: Helvetica,Arial,sans-serif;"><span style="font-weight: bold;">Für Pfanne und Blech:</span> * Spinat- Hafer- Bratlinge * Pizzateig * Apfel- hafer- Bratlinge * Hafer- Möhren- Bratlinge * Hafer- Sojamilch- Bratlinge * Müslibraten *</span> <span style="font-family: Helvetica,Arial,sans-serif;"><span style="font-weight: bold;">Überbacken: </span>* Beeren- Hafer- Auflauf * Tomaten- Auflauf * Haferschrotauflauf *</span> <span style="font-family: Helvetica,Arial,sans-serif;"><span style="font-weight: bold;">Gebäck: </span>* Haferfladen * Haferbrot * Haferflockenbrot * Haferflocken-Brötchen * Tofubrötchen * Nuß- Flocken- Kekse * Haferflocken- Torte * Haferschnitten * Dattel- Nuß- Plätzchen * Nusskaramellen * Haferflockenkonfekt * Mufties *</span> <span style="font-family: Helvetica,Arial,sans-serif; font-weight: bold; color: #772777; text-decoration: underline;">*******************</span></small><br />
</a></p>

<p>Lillis Hafer- RezepteKleine Naturkost- Broschüre in DIN A6 mit 63 [&hellip;] &hellip; <a href="https://www.packpapierverlag.de/?product=lilli-haferrezepte">Weiterlesen <span class="meta-nav">&rarr;</span></a></p>
