{"id":213,"date":"2010-12-05T21:48:52","date_gmt":"2010-12-05T20:48:52","guid":{"rendered":"http:\/\/www.packpapierverlag.de\/neu\/?p=213"},"modified":"2017-05-04T13:22:18","modified_gmt":"2017-05-04T11:22:18","slug":"keimen-pflanz-es-zuhaus","status":"publish","type":"product","link":"https:\/\/www.packpapierverlag.de\/?product=keimen-pflanz-es-zuhaus","title":{"rendered":"Keimen: Pflanz es zuhaus (p23)"},"content":{"rendered":"<p><a href=\"https:\/\/www.packpapierverlag.de\/wp-content\/uploads\/2010\/12\/Keimen.jpg\"><img loading=\"lazy\" decoding=\"async\" class=\"alignleft size-medium wp-image-3186\" title=\"Keimen\" src=\"https:\/\/www.packpapierverlag.de\/wp-content\/uploads\/2010\/12\/Keimen-216x300.jpg\" alt=\"\" width=\"216\" height=\"300\" srcset=\"https:\/\/www.packpapierverlag.de\/wp-content\/uploads\/2010\/12\/Keimen-216x300.jpg 216w, https:\/\/www.packpapierverlag.de\/wp-content\/uploads\/2010\/12\/Keimen-300x415.jpg 300w, https:\/\/www.packpapierverlag.de\/wp-content\/uploads\/2010\/12\/Keimen.jpg 469w\" sizes=\"auto, (max-width: 216px) 100vw, 216px\" \/><\/a><small style=\"color: #153403;\"><big style=\"font-weight: bold; color: #2d7006;\"><span style=\"font-family: Helvetica,Arial,sans-serif;\">*KEIMEN &#8211; Pflanz es zu Haus *<\/span><\/big><br style=\"font-family: Helvetica,Arial,sans-serif;\" \/><span style=\"font-family: Helvetica,Arial,sans-serif;\">Heft mit 48 Seiten, DIN A 6, Druck auf Umweltpapier. Packpapier- Verlag. Mit erl\u00e4uternden Zeichnungen und Tabellen. <\/span><span style=\"font-family: Helvetica,Arial,sans-serif;\">Auch wer keinen Garten hat, mu\u00df nicht auf frisches Gr\u00fcnzeug verzichten. Man kann auf alle m\u00f6glichen Weisen seine Kr\u00e4uter ziehen: in Gl\u00e4sern, tiefen Tellern, Blumenk\u00e4sten, auf Handt\u00fcchern,&#8230; Wie` s geht, steht in diesem Heft; leckere Rezepte machen aus dieser Einf\u00fchrung eine runde Sache.<\/span><br style=\"font-family: Helvetica,Arial,sans-serif;\" \/><span style=\"font-weight: bold; font-family: Helvetica,Arial,sans-serif;\">Inhalt:\u00a0 <\/span><span style=\"font-family: Helvetica,Arial,sans-serif;\">* Warum Gartenbau im Haus * Was Du alles zu Haus pflanzen kannst * Das S\u00e4en von Weizen * Weizenwunder, wie man zu Haus kompostiert * Die Wiederverwendung, Weizengra\u00df drau\u00dfen * Ver\u00e4nderung des \u201eChemiegartens\u201c, Erdw\u00fcrmer * Wie man Keim- und Sch\u00f6sslinge ohne Erde zieht * Die Handtuch- Methode, Die Sack- Methode * Die Blumentopf-Methode, Kapillarwirkung * Die Dosen- Methode * Zubereitung von Keim- und Sprie\u00dflingen<\/span><span style=\"font-weight: bold; font-family: Helvetica,Arial,sans-serif;\"><br \/>\nLeckere Rezepte: <\/span><span style=\"font-family: Helvetica,Arial,sans-serif;\">\u00a0* Gr\u00fcner Salat * Alfalfa- Gem\u00fcse * Alfalfa Brotaufstrich * Gro\u00dfe Salatmischung * Kohlsalat * Sojakeimsalat *<\/span><span style=\"font-weight: bold; font-family: Helvetica,Arial,sans-serif;\"> Kochen und D\u00fcnsten von Keimlingen:<\/span><span style=\"font-family: Helvetica,Arial,sans-serif;\"> * Weizenkeim- Chili * Weizenkuchen aus Keimen * Weizen- Pudding * Weizenkeim- Pfannkuchen * Weizenkeimkekse * <\/span><span style=\"font-weight: bold; font-family: Helvetica,Arial,sans-serif;\">Suppen:<\/span><span style=\"font-family: Helvetica,Arial,sans-serif;\"> *Bohnenkeimling- Suppe * Linsenkeimling- Suppe * Sojakeimling- Suppe * Weizen- und Sojakeim Backlinge * Weizenkeimbrot (Essener Brot)<br \/>\n*\u00a0<\/span><\/small><\/p>\n","protected":false},"excerpt":{"rendered":"<p>*KEIMEN &#8211; Pflanz es zu Haus *Heft mit 48 Seiten, [&hellip;] &hellip; <a href=\"https:\/\/www.packpapierverlag.de\/?product=keimen-pflanz-es-zuhaus\">Weiterlesen <span class=\"meta-nav\">&rarr;<\/span><\/a><\/p>\n","protected":false},"featured_media":3186,"template":"","meta":[],"product_brand":[],"product_cat":[14,17,3],"product_tag":[],"class_list":{"0":"post-213","1":"product","2":"type-product","3":"status-publish","4":"has-post-thumbnail","6":"product_cat-kleine-reihe-naturkost-broschuren","7":"product_cat-land-garten-anders-leben","8":"product_cat-produkte","10":"first","11":"instock","12":"shipping-taxable","13":"purchasable","14":"product-type-simple"},"_links":{"self":[{"href":"https:\/\/www.packpapierverlag.de\/index.php?rest_route=\/wp\/v2\/product\/213","targetHints":{"allow":["GET"]}}],"collection":[{"href":"https:\/\/www.packpapierverlag.de\/index.php?rest_route=\/wp\/v2\/product"}],"about":[{"href":"https:\/\/www.packpapierverlag.de\/index.php?rest_route=\/wp\/v2\/types\/product"}],"wp:featuredmedia":[{"embeddable":true,"href":"https:\/\/www.packpapierverlag.de\/index.php?rest_route=\/wp\/v2\/media\/3186"}],"wp:attachment":[{"href":"https:\/\/www.packpapierverlag.de\/index.php?rest_route=%2Fwp%2Fv2%2Fmedia&parent=213"}],"wp:term":[{"taxonomy":"product_brand","embeddable":true,"href":"https:\/\/www.packpapierverlag.de\/index.php?rest_route=%2Fwp%2Fv2%2Fproduct_brand&post=213"},{"taxonomy":"product_cat","embeddable":true,"href":"https:\/\/www.packpapierverlag.de\/index.php?rest_route=%2Fwp%2Fv2%2Fproduct_cat&post=213"},{"taxonomy":"product_tag","embeddable":true,"href":"https:\/\/www.packpapierverlag.de\/index.php?rest_route=%2Fwp%2Fv2%2Fproduct_tag&post=213"}],"curies":[{"name":"wp","href":"https:\/\/api.w.org\/{rel}","templated":true}]}}