{"id":244,"date":"2010-12-12T14:41:35","date_gmt":"2010-12-12T13:41:35","guid":{"rendered":"http:\/\/www.packpapierverlag.de\/neu\/?p=244"},"modified":"2017-03-02T11:52:57","modified_gmt":"2017-03-02T10:52:57","slug":"veganes-kochbuch","status":"publish","type":"product","link":"https:\/\/www.packpapierverlag.de\/?product=veganes-kochbuch","title":{"rendered":"Vegan Kochbuch (f15)"},"content":{"rendered":"<p>Preis: [yak_price] [yak_buy]<br \/>\n&#8230;..<br \/>\n<a href=\"https:\/\/www.packpapierverlag.de\/wp-content\/uploads\/2010\/12\/f15-Vegan.jpg\"><img loading=\"lazy\" decoding=\"async\" class=\"alignleft size-medium wp-image-2264\" title=\"Vegankochbuch\" src=\"https:\/\/www.packpapierverlag.de\/wp-content\/uploads\/2010\/12\/f15-Vegan-222x300.jpg\" alt=\"\" width=\"222\" height=\"300\" srcset=\"https:\/\/www.packpapierverlag.de\/wp-content\/uploads\/2010\/12\/f15-Vegan-222x300.jpg 222w, https:\/\/www.packpapierverlag.de\/wp-content\/uploads\/2010\/12\/f15-Vegan-300x404.jpg 300w, https:\/\/www.packpapierverlag.de\/wp-content\/uploads\/2010\/12\/f15-Vegan.jpg 397w\" sizes=\"auto, (max-width: 222px) 100vw, 222px\" \/><\/a><\/p>\n<div style=\"font-family: Helvetica,Arial,sans-serif; color: #004200; text-align: left;\"><small><small><big><span style=\"font-weight: bold; color: #663366;\">DAS VEGAN KOCHBUCH<\/span><\/big><br \/>\nRezepte ohne Fleisch, Milch, Eier und Honig. 120 Rezepte, Suppen, Tofu, Salate, So\u00dfen, Gem\u00fcse, Pizza, Pfannekuchen, \u201eFondue\u201c, Brotaufstriche, Brot und Kuchen, S\u00fc\u00dfigkeiten, M\u00fcsli&#8230;. Das Alles gibt es auf 140 Seiten, DIN A 6. Packpapier- Verlag. Die Rezepte sind in Handschrift gedruckt (selbige ist \u00e4u\u00dferst leserlich) und mit kleinen Zeichnungen versehen.<br \/>\n&#8230;..<br \/>\nInhaltsverzeichnis und Register sind auch dabei, sowie ein einleitender Text \u00fcber vegane Lebensweise und die tierrechtlichen Beweggr\u00fcnde, die zu einem Verzicht auf Produkte f\u00fchren sollten(!), die durch tier- qu\u00e4lerische Haltung und T\u00f6tung gewonnen werden. Wer meint, bei dem Hintergrund der katastrophalen Tierhaltung, insbesondere der Betriebe, deren \u201eLebendware\u201c anschlie\u00dfend ins Schlachthaus kommt, bei seinem Steak- Wurst- oder Joghurtverzehr sich etwas Gesundes zu tun, der sollte endlich den Tatsachen ins Auge sehen, dass der Fleischesser und Tiermilchtrinker der Endkonsument all dessen ist, was er mit dem Fleisch zu sich nimmt (Pestizide der Pflanzenkost der Tiere, erh\u00f6hte Bakterienaufnahme, schwer verdauliche Fette etc, etc.).<br \/>\n&#8230;..<br \/>\nIch k\u00f6nnte noch einiges dazu sagen, aber vielleicht sollte ich doch noch einen Aspekt des B\u00fcchleins erw\u00e4hnen: Die Rezepte sind super lecker und einfach zuzubereiten. Also auch ein sehr sch\u00f6nes Buch f\u00fcr Einsteiger und Vegetarier oder f\u00fcr Menschen, die ihre Nahrungszusammensetzung gelegentlich oder langfristig ver\u00e4ndern wollen.<br \/>\n&#8230;..<br \/>\nWeshalb dieses eines meiner pers\u00f6nlichen Lieblingskochb\u00fccher ist: Die Rezepte enthalten oft anstelle strenger Zutatenvorgaben VORSCHL\u00c4GE, soda\u00df mensch sehr frei kochen kann.<br \/>\n&#8230;..<br \/>\nHier liste ich Euch Buchinhalt und Rezepte einmal auf:<br \/>\n&#8230;..<br \/>\nTime for Peace Einleitendes zum Veganismus Vegane K\u00fcchengeheimnisse&#8230;<br \/>\n&#8230;..<br \/>\nM\u00dcSLI:<br \/>\n&#8230;..<br \/>\n* Frischkornbrei (mit Varianten) * Hirseflockenm\u00fcsli (mit Varianten) * Bananen- Sojamilch- M\u00fcsli * Hirsegr\u00fctze *<br \/>\n&#8230;..<br \/>\nSUPPEN:<br \/>\n&#8230;..<br \/>\n* Chinesische Gem\u00fcsesuppe * Zwiebelsuppe * Tomatensuppe * M\u00f6hren- Sesamsuppe *<br \/>\n&#8230;..<br \/>\nGEM\u00dcSEGERICHTE:<br \/>\n&#8230;..<br \/>\n* Chinesisches Gem\u00fcse (s\u00fc\u00df- sauer) * Linsen- Curry * Chapatis * Blumenkohl- Curry * Broccoli mit Cashewkernen * Gem\u00fcse mit Kokosnu\u00df * Chinesisches Fondue * DAZU: S\u00fc\u00dfsaure Tomatenso\u00dfe * Scharfe Tomatenso\u00dfe * Sesam-So\u00dfe * Erdnu\u00df- So\u00dfe * Chutney- So\u00dfe * Orangen-Curry- So\u00dfe *<br \/>\n&#8230;..<br \/>\nREZEPTE MIT TOMATENSOSSE:<br \/>\n&#8230;..<br \/>\n* Tomaten- Grundso\u00dfe * Jani- Tomatenso\u00dfe mit Gem\u00fcse * S\u00fc\u00dfsaure Tomatenso\u00dfe * NUDELN: 5 Kombinationen im Vorschlag: Gr\u00fcne Bandnudeln mit Broccolir\u00f6schen + Knoblauch * Bunte Nudeln mit Auberginen- Zuchhiniso\u00dfe * Gr\u00fcnkernnudeln mit Pilzen * Spagetti mit Tomatenso\u00dfe + frischen Kr\u00e4utern * Spagetti mit Tomaten- Basilikumso\u00dfe und Pinienkernen * POLENTA: Grundrezept * Polenta- Auflauf * Gebratenen Polenta- Schnitten * GETREIDE- GEM\u00dcSE \u2013 PFANNEN: Varianten mit Weizen oder Gr\u00fcnkern, mit Reis, mit Hirse * Hirsepfanne * Reisb\u00e4llchen *<br \/>\n&#8230;..<br \/>\nPIZZA:<br \/>\n&#8230;..<br \/>\n* Pizza- Grundteig und Belag, 4 Varianten: * Tomaten + eingelegter Tofu + Oliven + Knoblauch + frischem Oregano * Champignons + Auberginen + Zwiebeln * Endivien + Pinienkerne + schwarze Oliven * Mais + Paprika * Lauch *<br \/>\n&#8230;..<br \/>\nTOFU:<br \/>\n&#8230;..<br \/>\n* Eingelegter Tofu * Tofu zum Naschen * Tofu- Bratlinge * McTofu * Chilli con Tofu * Gef\u00fcllte Champignons * Zwiebelkuchen *<br \/>\n&#8230;..<br \/>\nKARTOFFELN:<br \/>\n&#8230;..<br \/>\n* Hagens Kartoffelpizza * Kartoffelpfanne * Blechkartoffeln *<br \/>\n&#8230;..<br \/>\nSALAT:<br \/>\n&#8230;..<br \/>\n* So\u00dfen dazu: Essig- \u00d6l- So\u00dfe, Soja-Creme- So\u00dfe * Scharf- s\u00fc\u00dfer Weizenkeim- Salat * M\u00f6hren-Stufu-Salat * Griechischer Salat * DAZU KEIMGUT: Keimgutzeiten f\u00fcr Azukibohnen, Buchweizen, Gerste, Kichererbsen, Kresse, Linsen, Mungobohnen, Sesam, Sojabohnen, Weizen) *<br \/>\n&#8230;..<br \/>\nBROT + KUCHEN:<br \/>\n&#8230;..<br \/>\n* Sauerteigbrot * K\u00f6rnerbrot * Ganzkornbrot * Weizenbr\u00f6tchen * Baguette * Rosinenbrot * Imkes Zwetschgenkuchen mit Streuseln * Bienenstich * Nu\u00df- Mandel- Kuchen * Maddes Sachertorte * Nickys Vanillearoma * Zitronenaroma * Bananenkuchen * Schoko- Marzipan- Kuchen * Apfelkuchen *<br \/>\n&#8230;..<br \/>\nSWEETIES:<br \/>\n&#8230;..<br \/>\n* Brat\u00e4pfel * M\u00fcrbeteigpl\u00e4tzchen * M\u00fcsli Kekse * Waffeln * Mandel- Zimt- Waffeln mit hei\u00dfen Kirschen * Schoko-Crossis (boykottiert Nestl\u00e9!) *<br \/>\n&#8230;..<br \/>\nBROTAUFSTRICH:<br \/>\n&#8230;..<br \/>\n* Linsen- Curry- Paste * Kr\u00e4uter- Knofi- Margarine * Tomaten-Tofu- Paste * Urtes Kircherbsen- Paste * Reste- Paste * Bananen-Orangen- Mandel- Paste * Sesam- Brotaufstrich * Urtes Nussnougat- Creme * Berties Erdnu\u00df- Kokos- Paste * Dores Carob- Paste *<br \/>\n&#8230;..<br \/>\nHOLLUNDERREZEPTE:<br \/>\n&#8230;..<br \/>\n* Holundersaft * Holunder- Mirabellen- Saft * Hollunder- Suppe * Hollunder- Mirabellen- Apfel- Brinen- Marmelade *<br \/>\n&#8230;..<br \/>\nAxels Lychees Lassi<br \/>\n&#8230;..<br \/>\nErkl\u00e4rungen<br \/>\n&#8230;..<br \/>\nRegister<br \/>\n&#8230;..<br \/>\nUND WIE WAR DAS: ALS VEGANER KANN MAN NIX MEHR ESSEN?! \ud83d\ude42<\/small><\/small>***************<\/p>\n<\/div>\n<p>&nbsp;<\/p>\n","protected":false},"excerpt":{"rendered":"<p>Preis: [yak_price] [yak_buy] &#8230;.. DAS VEGAN KOCHBUCH Rezepte ohne Fleisch, [&hellip;] &hellip; <a href=\"https:\/\/www.packpapierverlag.de\/?product=veganes-kochbuch\">Weiterlesen <span class=\"meta-nav\">&rarr;<\/span><\/a><\/p>\n","protected":false},"featured_media":2264,"template":"","meta":[],"product_brand":[],"product_cat":[15,3],"product_tag":[],"class_list":{"0":"post-244","1":"product","2":"type-product","3":"status-publish","4":"has-post-thumbnail","6":"product_cat-kochbucher-ernahrung-bewusstsein","7":"product_cat-produkte","9":"first","10":"instock","11":"shipping-taxable","12":"purchasable","13":"product-type-simple"},"_links":{"self":[{"href":"https:\/\/www.packpapierverlag.de\/index.php?rest_route=\/wp\/v2\/product\/244","targetHints":{"allow":["GET"]}}],"collection":[{"href":"https:\/\/www.packpapierverlag.de\/index.php?rest_route=\/wp\/v2\/product"}],"about":[{"href":"https:\/\/www.packpapierverlag.de\/index.php?rest_route=\/wp\/v2\/types\/product"}],"wp:featuredmedia":[{"embeddable":true,"href":"https:\/\/www.packpapierverlag.de\/index.php?rest_route=\/wp\/v2\/media\/2264"}],"wp:attachment":[{"href":"https:\/\/www.packpapierverlag.de\/index.php?rest_route=%2Fwp%2Fv2%2Fmedia&parent=244"}],"wp:term":[{"taxonomy":"product_brand","embeddable":true,"href":"https:\/\/www.packpapierverlag.de\/index.php?rest_route=%2Fwp%2Fv2%2Fproduct_brand&post=244"},{"taxonomy":"product_cat","embeddable":true,"href":"https:\/\/www.packpapierverlag.de\/index.php?rest_route=%2Fwp%2Fv2%2Fproduct_cat&post=244"},{"taxonomy":"product_tag","embeddable":true,"href":"https:\/\/www.packpapierverlag.de\/index.php?rest_route=%2Fwp%2Fv2%2Fproduct_tag&post=244"}],"curies":[{"name":"wp","href":"https:\/\/api.w.org\/{rel}","templated":true}]}}