{"id":271,"date":"2010-12-12T14:59:01","date_gmt":"2010-12-12T13:59:01","guid":{"rendered":"http:\/\/www.packpapierverlag.de\/neu\/?p=271"},"modified":"2017-05-04T11:28:53","modified_gmt":"2017-05-04T09:28:53","slug":"a-nabben-seitan-gotterspeise","status":"publish","type":"product","link":"https:\/\/www.packpapierverlag.de\/?product=a-nabben-seitan-gotterspeise","title":{"rendered":"Alexander F.  Nabben: Satansbraten Seitan ( vegan ) (p131)"},"content":{"rendered":"<p><a href=\"https:\/\/www.packpapierverlag.de\/wp-content\/uploads\/2010\/12\/Satansbraten.jpg\"><img loading=\"lazy\" decoding=\"async\" class=\"alignleft size-medium wp-image-3241\" title=\"Satansbraten\" src=\"https:\/\/www.packpapierverlag.de\/wp-content\/uploads\/2010\/12\/Satansbraten-215x300.jpg\" alt=\"\" width=\"215\" height=\"300\" srcset=\"https:\/\/www.packpapierverlag.de\/wp-content\/uploads\/2010\/12\/Satansbraten-215x300.jpg 215w, https:\/\/www.packpapierverlag.de\/wp-content\/uploads\/2010\/12\/Satansbraten-300x417.jpg 300w, https:\/\/www.packpapierverlag.de\/wp-content\/uploads\/2010\/12\/Satansbraten-736x1024.jpg 736w, https:\/\/www.packpapierverlag.de\/wp-content\/uploads\/2010\/12\/Satansbraten.jpg 1024w\" sizes=\"auto, (max-width: 215px) 100vw, 215px\" \/><\/a><span style=\"font-weight: bold; font-family: Helvetica,Arial,sans-serif; color: #761a46;\">Vegankoch Alexander F. Nabben: Satansbrate<\/span><small style=\"color: #183131;\"><br style=\"font-family: Helvetica,Arial,sans-serif; color: #761a46;\" \/><span style=\"font-weight: bold; font-family: Helvetica,Arial,sans-serif; color: #761a46;\">Seitan &#8211; Buddha-Speise vom Dach der Welt<\/span><br style=\"font-family: Helvetica,Arial,sans-serif;\" \/><span style=\"font-family: Helvetica,Arial,sans-serif;\">103 Seiten auf Umweltpapier, 8 Seiten Hochglanz mit Photos, DIN A 5. Illustriert mit Zeichnungen. Packpapier- Verlag.<\/span><br style=\"font-family: Helvetica,Arial,sans-serif;\" \/><span style=\"font-family: Helvetica,Arial,sans-serif;\">\u00dcber 134 vegane Rezepte ohne Fleisch, Fisch, Ei, Milch, Honig. So\u00dfen, Salate, Suppen, Hauptspeisen, Schnitten und \u201eBraten\u201c, Delikatessen, Shakes, Puddings, Aufstriche, Party- Platten,&#8230;alles auf Weizenbasis.<\/span><br style=\"font-family: Helvetica,Arial,sans-serif;\" \/><span style=\"font-weight: bold; font-family: Helvetica,Arial,sans-serif;\">INHALT:<\/span> <span style=\"font-weight: bold; font-family: Helvetica,Arial,sans-serif;\">* <\/span><span style=\"font-family: Helvetica,Arial,sans-serif;\">Widmung und Danke &#8212; In Teufels K\u00fcche &#8212; Einleitung * <\/span><span style=\"font-weight: bold; font-family: Helvetica,Arial,sans-serif;\">Seitan: DIE fleischlose Alternative<\/span><span style=\"font-family: Helvetica,Arial,sans-serif;\"> &#8212; Kritische Fragen &#8212; Die Welt, von der wir leben * Meine Seitan-Geschichte &#8212; Kleine Warenkunde <\/span><span style=\"font-weight: bold; font-family: Helvetica,Arial,sans-serif;\">*<\/span> <span style=\"font-weight: bold; font-family: Helvetica,Arial,sans-serif;\">Tipps und Hinweise zum Start:<\/span> <span style=\"font-weight: bold; font-family: Helvetica,Arial,sans-serif;\">*<\/span><span style=\"font-family: Helvetica,Arial,sans-serif;\"> Weitere Zutaten &#8230; Lebensmittel &#8230; Mengen, Zeiten und Variationen &#8230; Tierisches &#8230; Zeit und Geld &#8230; Phantasie und Stil<\/span><span style=\"font-weight: bold; font-family: Helvetica,Arial,sans-serif;\"> * Die ganzheitliche Verwendung<\/span><span style=\"font-family: Helvetica,Arial,sans-serif;\"> &#8212; Die Herstellung von Seitan * <\/span><span style=\"font-weight: bold; font-family: Helvetica,Arial,sans-serif;\">REZEPTE:<\/span> <span style=\"font-weight: bold; font-family: Helvetica,Arial,sans-serif;\">Saucen zur Herstellung von Seitan<\/span><span style=\"font-family: Helvetica,Arial,sans-serif;\">: Traditionelle Grundsauce &#8230; Knoblauch- Sauce &#8230; Rote Sauce &#8230; Feuer-Sauce &#8230; Gelbe Sauce &#8230; Makro- Sauce &#8230;Licht- Sauce<\/span><span style=\"font-weight: bold; font-family: Helvetica,Arial,sans-serif;\"><br \/>\nSeitan: Grundzubereitungen:<\/span><span style=\"font-family: Helvetica,Arial,sans-serif;\"> Seitan Natur &#8230; Seitan gebraten&#8230;frittiert &#8230; gegrillt &#8230; gebacken &#8230; durchgedreht &#8230; Seitan- Rollbraten<\/span><span style=\"font-weight: bold; font-family: Helvetica,Arial,sans-serif;\"><br \/>\nSalate mit Seitan:<\/span><span style=\"font-family: Helvetica,Arial,sans-serif;\"> Karotten-Salate &#8230; Waldorf- Salat &#8230; Seitan &#8211; Salat Ol\u00e9 &#8230;Chinatown- Salat &#8230;Seitan- Salat Mexiko &#8230; Seitan Salat Morgenland &#8230; Salat- Oriental &#8230; Sprie\u00dfender Seitan- Salat &#8230; Algen-Salat &#8230; Salat Harlekin &#8230; Seitan Taboul\u00e9 &#8230; Seitanisch rote Rohkost &#8230; Seitan &#8211; Salat Spezial &#8230; Seiten \u201eMardi Gras\u201c &#8230; Ohne Thunfisch- Salat<\/span><span style=\"font-weight: bold; font-family: Helvetica,Arial,sans-serif;\"><br \/>\nSpeise- Saucen f\u00fcr Seitan:<\/span><span style=\"font-family: Helvetica,Arial,sans-serif;\"> Tofunaise &#8230; Tofu- Creme- frech &#8230; Avocado- Dressing &#8230; \u201cb\u00e9chamel\u201d- sauce \u2026 Pilz-\u201cRahm\u201d- sauce \u2026 Hefe- Sauce \u2026 \u201cBraten\u201d- Sauce \u2026 Nuss- Sauce \u2026 Meeres- Sauce \u2026 Barbeque- Sauce \u2026 \u201cJ\u00e4ger\u201d- Sauce<\/span> Kartoffel- Lauch- Suppe &#8230; Tomaten- Suppe &#8230; Eigen- Artige \u201eGulasch\u201c &#8211; Suppe &#8230; Seitanische Pilzsuppe &#8230; Japanisches S\u00fcppchen &#8230; Gr\u00fcne Suppe &#8230; Rote Suppe<span style=\"font-weight: bold; font-family: Helvetica,Arial,sans-serif;\"><br \/>\nSuppen mit Seitan: Seitan- Hauptspeisen:<\/span><span style=\"font-family: Helvetica,Arial,sans-serif;\"> Seitan-\u201eGut B\u00fcrgerlich\u201c &#8230; Seitan- Kartoffel- Gratin &#8230; Seitan-\u201eHubertus\u201c&#8230; Seitan- Maroni &#8230; Seitan- Orange &#8230; Seitan- \u201eMadeira\u201c &#8230; Seitan-\u201ewie damals\u201c &#8230; Chili con Seitan &#8230; Cashew-Seitan \u2026 Seitan- in der Blume &#8230; Seitan an Sultanienlauchschaum &#8230; Seitan- \u201eIndian Stile\u201c &#8230; Seitan- Broccoli &#8230; Seitan- Geschnetzeltes &#8230; Seitan- Ragout \u201eKreusberg\u201c &#8230; Waldfrucht- Seiten &#8230; Seitan-\u201eExotic Traum\u201c &#8230; Seitan vom Meersgrund &#8230; Seitan- \u201eHollandaise\u201c, \u201ePesto Reviera\u201c- Seitan &#8230; Seitan- K\u00f6stlich \u00d6stlich &#8230; Seitan S\u00fc\u00df\/ Sauer &#8230; \u201eBanana Di` ego\u201c- Seitan \u2026 \u201cCosta- Rica\u201d &#8211; Seitan \u2026 Seitan- Roulade &#8230; Seitan am Spie\u00df &#8230; Seitan im Wok &#8230; Seitan- Fondue &#8230; Seitan im Bierteig &#8230; Seitan- \u201eR\u00f6sti\u201c &#8230; Seitan- Spinatb\u00e4llchen &#8230; Seitan- gef\u00fcllte Paprika-Schoten &#8230; Seitan- F\u00fcllungen<\/span><span style=\"font-weight: bold; font-family: Helvetica,Arial,sans-serif;\"><br \/>\nSeitan- Schnitten, Seitan- Braten:<\/span><span style=\"font-family: Helvetica,Arial,sans-serif;\"> Seitan-Schnitten in \u201eRahm- Sauce\u201c &#8230; Seitan Bratschnitten &#8230; Satans- Braten&#8230; gef\u00fcllter Satansbraten &#8230; Seitan-\u201eSauerbraten\u201c &#8230; Seiten \u201eSteak Schwarzw\u00e4lder Kirsch\u201c &#8230; Seitan- Tolle Rolle &#8230; Seitan- \u201eBroccolino\u201c &#8230; Seitan- Theater &#8230; Seitan- Kinderteller<\/span><span style=\"font-weight: bold; font-family: Helvetica,Arial,sans-serif;\"><br \/>\nGehacktes Seitan:<\/span><span style=\"font-family: Helvetica,Arial,sans-serif;\"> Seitan mit Bratkartoffeln &#8230; Seitan- Zucchini- Pfanne &#8230; Seitan Pfanne des Hauses &#8230; Seitan Bolognese &#8230; Seitan- \u201ePiroshki\u201c &#8230; Seitan- Curry &#8230; Seitan- Lasagne &#8230; Seitan- Brat\u00e4pfel &#8230; Seitan gef\u00fcllte Weinbl\u00e4tter &#8230; Seitan- Buletten &#8230;. Seitan- Hamburger &#8230; Seitan \u201eCevaptschitschi\u201c &#8230; Seitan- Bratrolle &#8230; Seitan- W\u00fcrzkugeln oder Hackb\u00e4llchen &#8230; Seitan- Terrine ohne Leber oder K\u00e4se &#8230; Seitan- Pilzhackbraten &#8230; Seitan- K\u00fcrbisterrine &#8230; Seitan Terrine \u201eKlarer Fall\u201c &#8230;<\/span><span style=\"font-weight: bold; font-family: Helvetica,Arial,sans-serif;\"><br \/>\nSeitan- Pasten und Aufstriche<\/span> <span style=\"font-weight: bold; font-family: Helvetica,Arial,sans-serif;\">*<\/span> <span style=\"font-weight: bold; font-family: Helvetica,Arial,sans-serif;\">Seitan-Party- Delikat- Essen:<\/span><span style=\"font-family: Helvetica,Arial,sans-serif;\"> Seitan-Canape\u00b4 s &#8230; Seitan auf Chicoree- Schiffchen \u2026 Seitan- Mini- Spie\u00dfe \u2026 Seitan- Toast \u201cBombay\u201d \u2026 Manna- Seitan \u2026 Seitan- D\u00f6ner \u2026 Seitan- Gyros \u2026 Seitan im Fr\u00fcchtenest \u2026 Seitan- Fingerfood \u2026 Seitan- Bratrolle im Gewand \u2026 Seitan- gef\u00fcllte Champignons \u2026 Seitan \u201cbloody Mary\u201d \u2026 Seitan- Party- Platte<\/span><span style=\"font-weight: bold; font-family: Helvetica,Arial,sans-serif;\"><br \/>\nWeizenst\u00e4rke im Dauer- Einsatz:<\/span><span style=\"font-family: Helvetica,Arial,sans-serif;\"> Weizen-Milk- Shake &#8230; Weizenmilch- Majonaise &#8230; Weizenmilch- Pudding &#8230; Weizenmilch- Suppe &#8230; Weizenmilch- Fruchtkaltschale &#8230; Weizenmilch-Guss &#8230; Nuss- Kekse<\/span><span style=\"font-weight: bold; font-family: Helvetica,Arial,sans-serif;\"><br \/>\nLiteraturhinweise und Photos<\/span><\/small><\/p>\n","protected":false},"excerpt":{"rendered":"<p>Vegankoch Alexander F. Nabben: SatansbrateSeitan &#8211; Buddha-Speise vom Dach der [&hellip;] &hellip; <a href=\"https:\/\/www.packpapierverlag.de\/?product=a-nabben-seitan-gotterspeise\">Weiterlesen <span class=\"meta-nav\">&rarr;<\/span><\/a><\/p>\n","protected":false},"featured_media":3241,"template":"","meta":[],"product_brand":[],"product_cat":[15,3],"product_tag":[],"class_list":{"0":"post-271","1":"product","2":"type-product","3":"status-publish","4":"has-post-thumbnail","6":"product_cat-kochbucher-ernahrung-bewusstsein","7":"product_cat-produkte","9":"first","10":"instock","11":"shipping-taxable","12":"purchasable","13":"product-type-simple"},"_links":{"self":[{"href":"https:\/\/www.packpapierverlag.de\/index.php?rest_route=\/wp\/v2\/product\/271","targetHints":{"allow":["GET"]}}],"collection":[{"href":"https:\/\/www.packpapierverlag.de\/index.php?rest_route=\/wp\/v2\/product"}],"about":[{"href":"https:\/\/www.packpapierverlag.de\/index.php?rest_route=\/wp\/v2\/types\/product"}],"wp:featuredmedia":[{"embeddable":true,"href":"https:\/\/www.packpapierverlag.de\/index.php?rest_route=\/wp\/v2\/media\/3241"}],"wp:attachment":[{"href":"https:\/\/www.packpapierverlag.de\/index.php?rest_route=%2Fwp%2Fv2%2Fmedia&parent=271"}],"wp:term":[{"taxonomy":"product_brand","embeddable":true,"href":"https:\/\/www.packpapierverlag.de\/index.php?rest_route=%2Fwp%2Fv2%2Fproduct_brand&post=271"},{"taxonomy":"product_cat","embeddable":true,"href":"https:\/\/www.packpapierverlag.de\/index.php?rest_route=%2Fwp%2Fv2%2Fproduct_cat&post=271"},{"taxonomy":"product_tag","embeddable":true,"href":"https:\/\/www.packpapierverlag.de\/index.php?rest_route=%2Fwp%2Fv2%2Fproduct_tag&post=271"}],"curies":[{"name":"wp","href":"https:\/\/api.w.org\/{rel}","templated":true}]}}