{"id":282,"date":"2010-12-12T15:03:13","date_gmt":"2010-12-12T14:03:13","guid":{"rendered":"http:\/\/www.packpapierverlag.de\/neu\/?p=282"},"modified":"2020-07-03T11:49:18","modified_gmt":"2020-07-03T09:49:18","slug":"a-nabben-die-milch-machts-kaputt","status":"publish","type":"product","link":"https:\/\/www.packpapierverlag.de\/?product=a-nabben-die-milch-machts-kaputt","title":{"rendered":"Alexander F. Nabben: Die Milch macht&#8217;s kaputt! (p150)"},"content":{"rendered":"<p><a href=\"https:\/\/www.packpapierverlag.de\/wp-content\/uploads\/2010\/12\/nabben-die-milch-machts.jpg\"><img loading=\"lazy\" decoding=\"async\" class=\"alignleft size-medium wp-image-5267\" title=\"nabben die milch machts\" src=\"https:\/\/www.packpapierverlag.de\/wp-content\/uploads\/2010\/12\/nabben-die-milch-machts-211x300.jpg\" alt=\"\" width=\"211\" height=\"300\" srcset=\"https:\/\/www.packpapierverlag.de\/wp-content\/uploads\/2010\/12\/nabben-die-milch-machts-211x300.jpg 211w, https:\/\/www.packpapierverlag.de\/wp-content\/uploads\/2010\/12\/nabben-die-milch-machts-300x426.jpg 300w, https:\/\/www.packpapierverlag.de\/wp-content\/uploads\/2010\/12\/nabben-die-milch-machts-721x1024.jpg 721w, https:\/\/www.packpapierverlag.de\/wp-content\/uploads\/2010\/12\/nabben-die-milch-machts.jpg 1024w\" sizes=\"auto, (max-width: 211px) 100vw, 211px\" \/><\/a><br \/>\nNabben: Die Milch macht`s kaputt!!! Zwischen Milchglobalisierung, \u00d6kologie, Tierqu\u00e4lerei, Bauernkrieg und M\u00e4nnlichkeitswahn, 220 Seiten<\/p>\n","protected":false},"excerpt":{"rendered":"<p>Nabben: Die Milch macht`s kaputt!!! Zwischen Milchglobalisierung, \u00d6kologie, Tierqu\u00e4lerei, Bauernkrieg [&hellip;] &hellip; <a href=\"https:\/\/www.packpapierverlag.de\/?product=a-nabben-die-milch-machts-kaputt\">Weiterlesen <span class=\"meta-nav\">&rarr;<\/span><\/a><\/p>\n","protected":false},"featured_media":5267,"template":"","meta":[],"product_brand":[],"product_cat":[15,3],"product_tag":[],"class_list":{"0":"post-282","1":"product","2":"type-product","3":"status-publish","4":"has-post-thumbnail","6":"product_cat-kochbucher-ernahrung-bewusstsein","7":"product_cat-produkte","9":"first","10":"instock","11":"shipping-taxable","12":"purchasable","13":"product-type-simple"},"_links":{"self":[{"href":"https:\/\/www.packpapierverlag.de\/index.php?rest_route=\/wp\/v2\/product\/282","targetHints":{"allow":["GET"]}}],"collection":[{"href":"https:\/\/www.packpapierverlag.de\/index.php?rest_route=\/wp\/v2\/product"}],"about":[{"href":"https:\/\/www.packpapierverlag.de\/index.php?rest_route=\/wp\/v2\/types\/product"}],"wp:featuredmedia":[{"embeddable":true,"href":"https:\/\/www.packpapierverlag.de\/index.php?rest_route=\/wp\/v2\/media\/5267"}],"wp:attachment":[{"href":"https:\/\/www.packpapierverlag.de\/index.php?rest_route=%2Fwp%2Fv2%2Fmedia&parent=282"}],"wp:term":[{"taxonomy":"product_brand","embeddable":true,"href":"https:\/\/www.packpapierverlag.de\/index.php?rest_route=%2Fwp%2Fv2%2Fproduct_brand&post=282"},{"taxonomy":"product_cat","embeddable":true,"href":"https:\/\/www.packpapierverlag.de\/index.php?rest_route=%2Fwp%2Fv2%2Fproduct_cat&post=282"},{"taxonomy":"product_tag","embeddable":true,"href":"https:\/\/www.packpapierverlag.de\/index.php?rest_route=%2Fwp%2Fv2%2Fproduct_tag&post=282"}],"curies":[{"name":"wp","href":"https:\/\/api.w.org\/{rel}","templated":true}]}}

<p><a href="https://www.packpapierverlag.de/wp-content/uploads/2010/12/nabben-die-milch-machts.jpg"><img loading="lazy" decoding="async" class="alignleft size-medium wp-image-5267" title="nabben die milch machts" src="https://www.packpapierverlag.de/wp-content/uploads/2010/12/nabben-die-milch-machts-211x300.jpg" alt="" width="211" height="300" srcset="https://www.packpapierverlag.de/wp-content/uploads/2010/12/nabben-die-milch-machts-211x300.jpg 211w, https://www.packpapierverlag.de/wp-content/uploads/2010/12/nabben-die-milch-machts-300x426.jpg 300w, https://www.packpapierverlag.de/wp-content/uploads/2010/12/nabben-die-milch-machts-721x1024.jpg 721w, https://www.packpapierverlag.de/wp-content/uploads/2010/12/nabben-die-milch-machts.jpg 1024w" sizes="auto, (max-width: 211px) 100vw, 211px" /></a><br />
Nabben: Die Milch macht`s kaputt!!! Zwischen Milchglobalisierung, Ökologie, Tierquälerei, Bauernkrieg und Männlichkeitswahn, 220 Seiten</p>

<p>Nabben: Die Milch macht`s kaputt!!! Zwischen Milchglobalisierung, Ökologie, Tierquälerei, Bauernkrieg [&hellip;] &hellip; <a href="https://www.packpapierverlag.de/?product=a-nabben-die-milch-machts-kaputt">Weiterlesen <span class="meta-nav">&rarr;</span></a></p>
