{"id":287,"date":"2010-12-12T15:05:04","date_gmt":"2010-12-12T14:05:04","guid":{"rendered":"http:\/\/www.packpapierverlag.de\/neu\/?p=287"},"modified":"2017-03-05T07:33:01","modified_gmt":"2017-03-05T06:33:01","slug":"tschernobyl-gesundheit","status":"publish","type":"product","link":"https:\/\/www.packpapierverlag.de\/?product=tschernobyl-gesundheit","title":{"rendered":"Gesundheit oder Atomkraft (v71)"},"content":{"rendered":"<p>Preis: [yak_price] [yak_buy]<br \/>\n<a href=\"https:\/\/www.packpapierverlag.de\/wp-content\/uploads\/2010\/12\/Gesundheit-oder-Atomkraft.jpg\"><img loading=\"lazy\" decoding=\"async\" class=\"alignleft size-medium wp-image-3853\" title=\"Gesundheit oder Atomkraft\" src=\"https:\/\/www.packpapierverlag.de\/wp-content\/uploads\/2010\/12\/Gesundheit-oder-Atomkraft-215x300.jpg\" alt=\"\" width=\"215\" height=\"300\" srcset=\"https:\/\/www.packpapierverlag.de\/wp-content\/uploads\/2010\/12\/Gesundheit-oder-Atomkraft-215x300.jpg 215w, https:\/\/www.packpapierverlag.de\/wp-content\/uploads\/2010\/12\/Gesundheit-oder-Atomkraft-300x418.jpg 300w, https:\/\/www.packpapierverlag.de\/wp-content\/uploads\/2010\/12\/Gesundheit-oder-Atomkraft-734x1024.jpg 734w, https:\/\/www.packpapierverlag.de\/wp-content\/uploads\/2010\/12\/Gesundheit-oder-Atomkraft.jpg 1024w\" sizes=\"auto, (max-width: 215px) 100vw, 215px\" \/><\/a><\/p>\n<p><small style=\"color: #002f00; font-family: Helvetica,Arial,sans-serif;\"><span style=\"font-weight: bold; font-style: italic;\">&#8222;Tschernobyl ist \u00fcberall&#8220;<\/span><br \/>\n<span style=\"font-weight: bold;\">Gesundheit oder Atomkraft. Medizinische Argumente gegen Atomkraftwerke. Versuch einer verst\u00e4ndlichen Darstellung<\/span>.<br \/>\nVerfasser: Arbeitsgemeinschaft gegen Atomkraftwerke am Fachbereich Medizin der Universit\u00e4t Hamburg 1978. Herausgegeben vom BBA-Laden Bremen und dem Buchladen schwarze Risse. Brosch\u00fcre mit 60 Seiten, DIN A5, inkl. Bilder und Grafiken. Trotzdem es einige Jahre zur\u00fcckliegt, als diese Brosch\u00fcre erstellt wurde, liefert sie noch immer eine gute und g\u00fcltige Einf\u00fchrung in die Folgen radioaktiver Strahlung f\u00fcr die Umwelt, die Nahrungskette und den menschlichen Organismus. <\/small><\/p>\n<p><small style=\"color: #002f00; font-family: Helvetica,Arial,sans-serif;\"><span style=\"font-weight: bold;\">INHALT: <\/span>* Erkl\u00e4rungen zu aktuellen Me\u00dfwerten * <span style=\"font-weight: bold;\">1. Einleitung . Nat\u00fcrliche und k\u00fcnstliche Strahlung<\/span> * Warum interessiert uns der scheinbar geringe Anteil der AKWs an der Strahlenbelastung * Vergleich : AKWs &#8211; medizinischer Strahlengebrauch * <span style=\"font-weight: bold;\">2. Radioaktivit\u00e4tsabgaben und Anreicherung <\/span>* Radioaktive Abgaben im Normalbetrieb * Anreicherung radioaktiver Stoffe * Anreicherung in der Nahrung \u2013 Nahrungsketten * Anreicherung in Organen * Synergismen * <span style=\"font-weight: bold;\">3. Wirkung radioaktiver Strahlung auf die lebende Zelle <\/span>* <span style=\"font-weight: bold;\">4. Sch\u00e4den im Niedrigdosisbereich<\/span> * Jede noch so kleine Menge Radioaktivit\u00e4t ist sch\u00e4dlich * Vorzeitiges Altern durch geringe Radioaktivit\u00e4t * Krebserzeugende Wirkung der Radioaktivit\u00e4t* Belege f\u00fcr den Anstieg der Krebsh\u00e4ufigkeit nach radioaktiver Bestrahlung* Mi\u00dfbildungen durch radioaktive Strahlung * Belege f\u00fcr den Anstieg der Mi\u00dfbildungen durch radioaktive Strahlung * Erbsch\u00e4den durch radioaktive Strahlung * Belege f\u00fcr das Ansteigen von Erbsch\u00e4den in der Umgebung von Atomkraftwerken * <span style=\"font-weight: bold;\">5. Sch\u00e4den,die bei Unf\u00e4llen in Atomanlagen auftreten k\u00f6nnen<\/span> * Zur Sicherheit von Atomkraftwerken * Strahlenschutz * Das Krebsrisiko der AKW-Arbeiter * Die Entwicklung der H\u00f6chstwerte * Der Schutz der Bev\u00f6lkerung * Beh\u00f6rdliche \u00dcberwachung von Grenzwerten * <span style=\"font-weight: bold;\">Anhang &#8211; Physikalische Grundlagen<\/span><\/small><\/p>\n","protected":false},"excerpt":{"rendered":"<p>Preis: [yak_price] [yak_buy] &#8222;Tschernobyl ist \u00fcberall&#8220; Gesundheit oder Atomkraft. Medizinische [&hellip;] &hellip; <a href=\"https:\/\/www.packpapierverlag.de\/?product=tschernobyl-gesundheit\">Weiterlesen <span class=\"meta-nav\">&rarr;<\/span><\/a><\/p>\n","protected":false},"featured_media":3853,"template":"","meta":[],"product_brand":[],"product_cat":[15,3],"product_tag":[],"class_list":{"0":"post-287","1":"product","2":"type-product","3":"status-publish","4":"has-post-thumbnail","6":"product_cat-kochbucher-ernahrung-bewusstsein","7":"product_cat-produkte","9":"first","10":"instock","11":"shipping-taxable","12":"purchasable","13":"product-type-simple"},"_links":{"self":[{"href":"https:\/\/www.packpapierverlag.de\/index.php?rest_route=\/wp\/v2\/product\/287","targetHints":{"allow":["GET"]}}],"collection":[{"href":"https:\/\/www.packpapierverlag.de\/index.php?rest_route=\/wp\/v2\/product"}],"about":[{"href":"https:\/\/www.packpapierverlag.de\/index.php?rest_route=\/wp\/v2\/types\/product"}],"wp:featuredmedia":[{"embeddable":true,"href":"https:\/\/www.packpapierverlag.de\/index.php?rest_route=\/wp\/v2\/media\/3853"}],"wp:attachment":[{"href":"https:\/\/www.packpapierverlag.de\/index.php?rest_route=%2Fwp%2Fv2%2Fmedia&parent=287"}],"wp:term":[{"taxonomy":"product_brand","embeddable":true,"href":"https:\/\/www.packpapierverlag.de\/index.php?rest_route=%2Fwp%2Fv2%2Fproduct_brand&post=287"},{"taxonomy":"product_cat","embeddable":true,"href":"https:\/\/www.packpapierverlag.de\/index.php?rest_route=%2Fwp%2Fv2%2Fproduct_cat&post=287"},{"taxonomy":"product_tag","embeddable":true,"href":"https:\/\/www.packpapierverlag.de\/index.php?rest_route=%2Fwp%2Fv2%2Fproduct_tag&post=287"}],"curies":[{"name":"wp","href":"https:\/\/api.w.org\/{rel}","templated":true}]}}