{"id":307,"date":"2010-12-12T15:10:28","date_gmt":"2010-12-12T14:10:28","guid":{"rendered":"http:\/\/www.packpapierverlag.de\/neu\/?p=307"},"modified":"2017-05-02T18:14:50","modified_gmt":"2017-05-02T16:14:50","slug":"g-struve-pflanzenkost","status":"publish","type":"product","link":"https:\/\/www.packpapierverlag.de\/?product=g-struve-pflanzenkost","title":{"rendered":"Gustav Struve: Pflanzenkost und neue Weltanschauung (p58)"},"content":{"rendered":"<p><a href=\"https:\/\/www.packpapierverlag.de\/wp-content\/uploads\/2010\/12\/Struve-Pflanzenkost.jpg\"><img loading=\"lazy\" decoding=\"async\" class=\"alignleft size-medium wp-image-3245\" title=\"Struve Pflanzenkost\" src=\"https:\/\/www.packpapierverlag.de\/wp-content\/uploads\/2010\/12\/Struve-Pflanzenkost-213x300.jpg\" alt=\"\" width=\"213\" height=\"300\" srcset=\"https:\/\/www.packpapierverlag.de\/wp-content\/uploads\/2010\/12\/Struve-Pflanzenkost-213x300.jpg 213w, https:\/\/www.packpapierverlag.de\/wp-content\/uploads\/2010\/12\/Struve-Pflanzenkost-300x422.jpg 300w, https:\/\/www.packpapierverlag.de\/wp-content\/uploads\/2010\/12\/Struve-Pflanzenkost-727x1024.jpg 727w, https:\/\/www.packpapierverlag.de\/wp-content\/uploads\/2010\/12\/Struve-Pflanzenkost.jpg 1024w\" sizes=\"auto, (max-width: 213px) 100vw, 213px\" \/><\/a><big style=\"font-family: Helvetica,Arial,sans-serif; color: #7f2a7f;\"><span style=\"font-weight: bold;\">Gustav Struve : Pflanzenkost und neue Weltanschauung<\/span><\/big><small style=\"color: #004200;\"><br style=\"font-family: Helvetica,Arial,sans-serif;\" \/><span style=\"font-family: Helvetica,Arial,sans-serif;\">Zuerst ver\u00f6ffentlicht in Stuttgart 1869. Neu gedruckt und verlegt im Packpapier-Verlag, Osnabr\u00fcck.<\/span><br style=\"font-family: Helvetica,Arial,sans-serif;\" \/><span style=\"font-family: Helvetica,Arial,sans-serif;\">Aus der Reihe: Es lebe das Vegetariat!<\/span> <span style=\"font-family: Helvetica,Arial,sans-serif;\">127 Seiten, Hardcover- Recycling- Umschlag im heute seltenen Hochdruck-Verfahren. Inwendig Digitaldruck auf Recycling-Papier.<\/span><br style=\"font-family: Helvetica,Arial,sans-serif;\" \/><span style=\"font-family: Helvetica,Arial,sans-serif;\">Ein Buch aus den Zeiten, als die vegetarische Lebensweise zugleich sozialreformerisch war. Einerseits ging es um die Gesundheit, andererseits um eine Lebensweise, die das Zusammenleben der Menschen grundlegend ver\u00e4ndern und sozial gerecht gestalten wollte. Die tiefe Abscheu vor dem Leiden der Tiere auf der Schlachtbank erweiterte sich um die Abscheu vor der allgegenw\u00e4rtigen Ausbeutung und Unterdr\u00fcckung des Menschen durch den Menschen.<\/span> <span style=\"font-family: Helvetica,Arial,sans-serif;\">F\u00fcr Gustav Struve (1805-1870) war es eine logische Entscheidung, seinen Adelstitel abzulegen und Volksaufkl\u00e4rer und Revolution\u00e4r des Vorm\u00e4rz zu werden. Bei der badischen Revolution war er eine der f\u00fchrenden Pers\u00f6nlichkeiten des radikaldemokratischen und antimonarchischen Fl\u00fcgels.<\/span><br style=\"font-family: Helvetica,Arial,sans-serif;\" \/><span style=\"font-weight: bold; font-family: Helvetica,Arial,sans-serif;\">Inhalt des vorliegenden Buches: * Einleitung * Erstes Buch. Allgemeine Begriffe: *<\/span><span style=\"font-family: Helvetica,Arial,sans-serif;\"> Die Grundlehren der vegetabilischen Lebensweise * Der Unterschied zwischen Fleisch und Pflanzenkost * Welcher Unterschied besteht zwischen Menschen und Thierfleisch? * Hat die Natur den Menschen zum Fleischesser gebildet? * Ist es wahr, da\u00df die Pflanzenkost den Menschen entnervt und schw\u00e4cht? * Ist der Pflanzenesser weniger als der Fleischesser im Stande Strapatzen auszuhalten? * Ist es wahr, da\u00df die Fleischkost Kraft gibt? * Unterscheidet sich der Kampf der Fleischesser gegen die Pflanzenkost von irgend einem andern Kampfe des Unrechts? * Auf welche Gr\u00fcnde l\u00e4\u00dft sich das Fleischessen zur\u00fcckf\u00fchren? * Welche Einw\u00fcrfe setzen die Fleischesser der Pflanzenkost entgegen? * Kann das Fleisch eines kranken Thiers dem Menschen eine gesunde Nahrung bieten? * Was ist Materialismus in Essen und Trinken? * Worin besteht die Schlemmerei? * Welche Lebensweise bef\u00f6rdert das Laster; die Pflanzen- oder die Fleischkost? * Wie wird sich die Menschheit und die Erde gestalten unter dem Einflusse der Pflanzenkost? <\/span><span style=\"font-weight: bold; font-family: Helvetica,Arial,sans-serif;\">*<br \/>\nZweites Buch. Tragweite: *<\/span><span style=\"font-family: Helvetica,Arial,sans-serif;\"> Vorbemerkung \u00a0* Wie verh\u00e4lt sich die Pflanzenkost zum Materialismus unserer Zeit? * Zum Wohlgeschmack und zur Gesundheit? * Zum geselligen Leben? * Zur Erziehung? * Zur National-\u00d6konomie? * Zur Theologie? * Zum Rechte? * Zur Heilkunde? * Zur Philosophie? * Zu Krieg und Frieden? * Zu Kunst und Wissenschaft? *<\/span><span style=\"font-weight: bold; font-family: Helvetica,Arial,sans-serif;\"><br \/>\nDrittes Buch. Geschichtliches:<\/span><span style=\"font-family: Helvetica,Arial,sans-serif;\"> * Uebersicht * Pythagoras und Ovidius * Plutareh, Apollonius vo Tyana und Porphyrius * Jean Jacques\u00a0 Rousseau und Benjamin Franklin * Gleiz\u00e8s * Shelley, Byron und die Engl\u00e4nder * Schiller und J. P. Fr. Richter * Sylvester Graham, Dr. Alcott, Dr. Trall und die Amerikaner * Zimmermann, Weilsh\u00e4user, Hahn, Baltzer und die deutschen Freunde der nat\u00fcrlichen Lebensweise * Bock, Molleschott, Liebig, Virchow und die deutschen Gegner der nat\u00fcrlichen Lebensweise * <\/span><span style=\"font-weight: bold; font-family: Helvetica,Arial,sans-serif;\">Viertes Buch. Schlu\u00dfbemerkungen: <\/span><span style=\"font-family: Helvetica,Arial,sans-serif;\">* Die Alltagsmenschen * Die Afterweisheit unserer Tage * Siechthum und Tod * Die Metzger, die K\u00f6che und ihre Opfer * Kinder, Frauen und M\u00e4nner * Vergangenheit, Gegenwart und Zukunft * <\/span><span style=\"font-weight: bold; font-family: Helvetica,Arial,sans-serif;\">Schlu\u00df<\/span><span style=\"font-family: Helvetica,Arial,sans-serif;\"> * <\/span><span style=\"font-weight: bold; font-family: Helvetica,Arial,sans-serif;\">Anmerkungen<\/span><span style=\"font-family: Helvetica,Arial,sans-serif;\"> * <\/span><span style=\"font-weight: bold; font-family: Helvetica,Arial,sans-serif;\">Nachwort: Es lebe das Vegetariat!<\/span><\/small><\/p>\n","protected":false},"excerpt":{"rendered":"<p>Gustav Struve : Pflanzenkost und neue WeltanschauungZuerst ver\u00f6ffentlicht in Stuttgart [&hellip;] &hellip; <a href=\"https:\/\/www.packpapierverlag.de\/?product=g-struve-pflanzenkost\">Weiterlesen <span class=\"meta-nav\">&rarr;<\/span><\/a><\/p>\n","protected":false},"featured_media":3245,"template":"","meta":[],"product_brand":[],"product_cat":[15,6,3],"product_tag":[],"class_list":{"0":"post-307","1":"product","2":"type-product","3":"status-publish","4":"has-post-thumbnail","6":"product_cat-kochbucher-ernahrung-bewusstsein","7":"product_cat-politik-und-geschichte","8":"product_cat-produkte","10":"first","11":"instock","12":"shipping-taxable","13":"purchasable","14":"product-type-simple"},"_links":{"self":[{"href":"https:\/\/www.packpapierverlag.de\/index.php?rest_route=\/wp\/v2\/product\/307","targetHints":{"allow":["GET"]}}],"collection":[{"href":"https:\/\/www.packpapierverlag.de\/index.php?rest_route=\/wp\/v2\/product"}],"about":[{"href":"https:\/\/www.packpapierverlag.de\/index.php?rest_route=\/wp\/v2\/types\/product"}],"wp:featuredmedia":[{"embeddable":true,"href":"https:\/\/www.packpapierverlag.de\/index.php?rest_route=\/wp\/v2\/media\/3245"}],"wp:attachment":[{"href":"https:\/\/www.packpapierverlag.de\/index.php?rest_route=%2Fwp%2Fv2%2Fmedia&parent=307"}],"wp:term":[{"taxonomy":"product_brand","embeddable":true,"href":"https:\/\/www.packpapierverlag.de\/index.php?rest_route=%2Fwp%2Fv2%2Fproduct_brand&post=307"},{"taxonomy":"product_cat","embeddable":true,"href":"https:\/\/www.packpapierverlag.de\/index.php?rest_route=%2Fwp%2Fv2%2Fproduct_cat&post=307"},{"taxonomy":"product_tag","embeddable":true,"href":"https:\/\/www.packpapierverlag.de\/index.php?rest_route=%2Fwp%2Fv2%2Fproduct_tag&post=307"}],"curies":[{"name":"wp","href":"https:\/\/api.w.org\/{rel}","templated":true}]}}