{"id":3257,"date":"2012-01-04T19:58:01","date_gmt":"2012-01-04T18:58:01","guid":{"rendered":"http:\/\/www.packpapierverlag.de\/?p=3257"},"modified":"2020-12-04T12:48:26","modified_gmt":"2020-12-04T11:48:26","slug":"wir-informieren-uns-eine-hoffnung-fur-den-wald-meister","status":"publish","type":"product","link":"https:\/\/www.packpapierverlag.de\/?product=wir-informieren-uns-eine-hoffnung-fur-den-wald-meister","title":{"rendered":"Wir informieren uns &#8211; Eine Hoffnung f\u00fcr den Wald? (Meister) (i58)"},"content":{"rendered":"<p><small><span style=\"color: #003800; font-family: Helvetica,Arial,sans-serif;\"><a href=\"https:\/\/www.packpapierverlag.de\/wp-content\/uploads\/2017\/04\/wir-informieren-uns-...-Wald.jpg\" rel=\"attachment wp-att-7256\"><img loading=\"lazy\" decoding=\"async\" class=\"size-medium wp-image-7256 alignleft\" src=\"https:\/\/www.packpapierverlag.de\/wp-content\/uploads\/2017\/04\/wir-informieren-uns-...-Wald-198x300.jpg\" alt=\"wir informieren uns ... Wald\" width=\"198\" height=\"300\" srcset=\"https:\/\/www.packpapierverlag.de\/wp-content\/uploads\/2017\/04\/wir-informieren-uns-...-Wald-198x300.jpg 198w, https:\/\/www.packpapierverlag.de\/wp-content\/uploads\/2017\/04\/wir-informieren-uns-...-Wald-300x456.jpg 300w, https:\/\/www.packpapierverlag.de\/wp-content\/uploads\/2017\/04\/wir-informieren-uns-...-Wald-768x1166.jpg 768w, https:\/\/www.packpapierverlag.de\/wp-content\/uploads\/2017\/04\/wir-informieren-uns-...-Wald-674x1024.jpg 674w, https:\/\/www.packpapierverlag.de\/wp-content\/uploads\/2017\/04\/wir-informieren-uns-...-Wald.jpg 1024w\" sizes=\"auto, (max-width: 198px) 100vw, 198px\" \/><\/a>Georg Meister<\/span><br style=\"color: #003800; font-family: Helvetica,Arial,sans-serif;\" \/><span style=\"font-family: Helvetica,Arial,sans-serif; font-weight: bold; color: #541c54;\">Wir informieren uns : Eine Hoffnung f\u00fcr den Wald?<\/span><br style=\"color: #003800; font-family: Helvetica,Arial,sans-serif;\" \/><span style=\"color: #003800; font-family: Helvetica,Arial,sans-serif;\">Im Verlag F. Schneider in der Reihe Natur erschienen, M\u00fcnchen 1988. ISBN 3-505-09874-4<\/span><br style=\"color: #003800; font-family: Helvetica,Arial,sans-serif;\" \/><span style=\"color: #003800; font-family: Helvetica,Arial,sans-serif;\">Gebundenes Buch, Hardcover, 71 Seiten, viele Abbildungen und Photos.<\/span><br style=\"color: #003800; font-family: Helvetica,Arial,sans-serif;\" \/><span style=\"color: #003800; font-family: Helvetica,Arial,sans-serif;\">Die B\u00fccher der Aktion Ameise richten sich an junge Menschen, die sich f\u00fcr \u00d6kologie und Naturschutz interessieren.<br \/>\nDer Autor liefert eine Einf\u00fchrung in das \u00d6kosystem Wald, seine Ver\u00e4nderung durch den Eingriff des Menschen und die Gef\u00e4hrdung des Waldes durch die vielfachen Formen der Umweltzerst\u00f6rung.<br \/>\n<span style=\"font-weight: bold;\">INHALT:<\/span> *<br \/>\nZum Buch * Was ist ein Wald? * Wie verj\u00fcngt sich ein Wald? * Wie w\u00fcrde nat\u00fcrlicher Wald bei uns aussehen? * Wie hat der Mensch den Wald ver\u00e4ndert? * Wozu brauchen wir den Wald? * Gab es fr\u00fcher schon gro\u00dfe<br \/>\nWaldsch\u00e4den? * Seit wann gibt es ein \u201eWaldsterben\u201c? * Wie erkennt man Waldsch\u00e4den? * Wie viele W\u00e4lder sind gesch\u00e4digt? * Welche Ursachen hat das Waldsterben? * Wie wirken Luftschadstoffe auf B\u00e4ume? * Wie sch\u00e4digt der Mensch den Wald zus\u00e4tzlich? * Waldsterben: die Spitze eines Eisbergs? * Was m\u00fc\u00dfte getan werden? * Was wird tats\u00e4chlich getan? * Es kommt zu einem Wettlauf mit der Zeit! * Wie k\u00f6nnte der Wald gesunden? * Gibt es eine Hoffnung f\u00fcr den Wald? * Was m\u00fcssen die Politiker tun? * Was m\u00fcssen die F\u00f6rster tun? * Was m\u00fc\u00dft ihr alle tun? * B\u00fccher und Schriften, die euch weiterhelfen * Anschriften * Aktion Ameise * Lieber Leser<\/span><\/small><\/p>\n","protected":false},"excerpt":{"rendered":"<p>Georg MeisterWir informieren uns : Eine Hoffnung f\u00fcr den Wald?Im [&hellip;] &hellip; <a href=\"https:\/\/www.packpapierverlag.de\/?product=wir-informieren-uns-eine-hoffnung-fur-den-wald-meister\">Weiterlesen <span class=\"meta-nav\">&rarr;<\/span><\/a><\/p>\n","protected":false},"featured_media":7256,"template":"","meta":[],"product_brand":[],"product_cat":[41],"product_tag":[],"class_list":{"0":"post-3257","1":"product","2":"type-product","3":"status-publish","4":"has-post-thumbnail","6":"product_cat-antiquariat","8":"first","9":"instock","10":"shipping-taxable","11":"purchasable","12":"product-type-simple"},"_links":{"self":[{"href":"https:\/\/www.packpapierverlag.de\/index.php?rest_route=\/wp\/v2\/product\/3257","targetHints":{"allow":["GET"]}}],"collection":[{"href":"https:\/\/www.packpapierverlag.de\/index.php?rest_route=\/wp\/v2\/product"}],"about":[{"href":"https:\/\/www.packpapierverlag.de\/index.php?rest_route=\/wp\/v2\/types\/product"}],"wp:featuredmedia":[{"embeddable":true,"href":"https:\/\/www.packpapierverlag.de\/index.php?rest_route=\/wp\/v2\/media\/7256"}],"wp:attachment":[{"href":"https:\/\/www.packpapierverlag.de\/index.php?rest_route=%2Fwp%2Fv2%2Fmedia&parent=3257"}],"wp:term":[{"taxonomy":"product_brand","embeddable":true,"href":"https:\/\/www.packpapierverlag.de\/index.php?rest_route=%2Fwp%2Fv2%2Fproduct_brand&post=3257"},{"taxonomy":"product_cat","embeddable":true,"href":"https:\/\/www.packpapierverlag.de\/index.php?rest_route=%2Fwp%2Fv2%2Fproduct_cat&post=3257"},{"taxonomy":"product_tag","embeddable":true,"href":"https:\/\/www.packpapierverlag.de\/index.php?rest_route=%2Fwp%2Fv2%2Fproduct_tag&post=3257"}],"curies":[{"name":"wp","href":"https:\/\/api.w.org\/{rel}","templated":true}]}}