{"id":3260,"date":"2012-01-04T20:04:31","date_gmt":"2012-01-04T19:04:31","guid":{"rendered":"http:\/\/www.packpapierverlag.de\/?p=3260"},"modified":"2020-12-04T12:47:55","modified_gmt":"2020-12-04T11:47:55","slug":"wir-informieren-uns-wildpflanzen-in-gefahr-kremer","status":"publish","type":"product","link":"https:\/\/www.packpapierverlag.de\/?product=wir-informieren-uns-wildpflanzen-in-gefahr-kremer","title":{"rendered":"Wir informieren uns &#8211; Wildpflanzen in Gefahr (Kremer) (i57)"},"content":{"rendered":"<p><small><span style=\"color: #003000; font-family: Helvetica,Arial,sans-serif;\"><a href=\"https:\/\/www.packpapierverlag.de\/wp-content\/uploads\/2017\/04\/wir-informieren-uns-...-Wildpflanzen.jpg\" rel=\"attachment wp-att-7257\"><img loading=\"lazy\" decoding=\"async\" class=\"alignnone size-medium wp-image-7257\" src=\"https:\/\/www.packpapierverlag.de\/wp-content\/uploads\/2017\/04\/wir-informieren-uns-...-Wildpflanzen-200x300.jpg\" alt=\"wir informieren uns ... Wildpflanzen\" width=\"200\" height=\"300\" srcset=\"https:\/\/www.packpapierverlag.de\/wp-content\/uploads\/2017\/04\/wir-informieren-uns-...-Wildpflanzen-200x300.jpg 200w, https:\/\/www.packpapierverlag.de\/wp-content\/uploads\/2017\/04\/wir-informieren-uns-...-Wildpflanzen-300x449.jpg 300w, https:\/\/www.packpapierverlag.de\/wp-content\/uploads\/2017\/04\/wir-informieren-uns-...-Wildpflanzen-768x1150.jpg 768w, https:\/\/www.packpapierverlag.de\/wp-content\/uploads\/2017\/04\/wir-informieren-uns-...-Wildpflanzen-684x1024.jpg 684w, https:\/\/www.packpapierverlag.de\/wp-content\/uploads\/2017\/04\/wir-informieren-uns-...-Wildpflanzen.jpg 1024w\" sizes=\"auto, (max-width: 200px) 100vw, 200px\" \/><\/a>Dr. Bruno P. Kremer<\/span><br style=\"font-family: Helvetica,Arial,sans-serif;\" \/><span style=\"font-weight: bold; color: #471747; font-family: Helvetica,Arial,sans-serif;\">Wir informieren uns : Wildpflanzen in Gefahr<\/span><br style=\"font-family: Helvetica,Arial,sans-serif;\" \/><span style=\"color: #003000; font-family: Helvetica,Arial,sans-serif;\">Aus der Reihe Aktion Ameise. Im Verlag F. Schneider in der Reihe Natur erschienen, M\u00fcnchen 1988. ISBN 3-505-09742-x<\/span><br style=\"color: #003000; font-family: Helvetica,Arial,sans-serif;\" \/><span style=\"color: #003000; font-family: Helvetica,Arial,sans-serif;\">Gebundenes Buch, Hardcover, 71 Seiten, viele Abbildungen und Photos.<\/span><br style=\"color: #003000; font-family: Helvetica,Arial,sans-serif;\" \/><span style=\"color: #003000; font-family: Helvetica,Arial,sans-serif;\">Die B\u00fccher der Aktion Ameise richten sich an junge Menschen, die sich f\u00fcr \u00d6kologie und Naturschutz interessieren.<\/span><br style=\"color: #003000; font-family: Helvetica,Arial,sans-serif;\" \/><span style=\"font-weight: bold; color: #003000; font-family: Helvetica,Arial,sans-serif;\">Klappentext:<\/span><span style=\"color: #003000; font-family: Helvetica,Arial,sans-serif;\">Die wenigsten Menschen machen sich klar, was das Aussterben von Tier- und Pflanzenarten bedeutet. Haben wir nicht Ersatz in Tierparks und G\u00e4rten? Der Autor, Botaniker und \u00d6kologe, zeigt am Beispiel der wichtigsten Lebensr\u00e4ume unserer Heimat, wo und warum unsere Pflanzenwelt heute unersetzliche Verluste erleidet. Der Mensch verursache sie. Auf Dauer gef\u00e4hrden wir dadurch unsere eigenen Lebensgrundlagen.<\/span><span style=\"font-weight: bold; color: #003000; font-family: Helvetica,Arial,sans-serif;\"><br \/>\nINHALT: * <\/span><span style=\"color: #003000; font-family: Helvetica,Arial,sans-serif;\">Zum Buch * Lebensraum im Wandel * V\u00f6lkerwanderung der Pflanzen * Eine bunte Mischung * Pflanzliches Rarit\u00e4tenkabinett * Was ist eine Rote Liste? * Artenvielfalt &#8211; die einzige\u00a0 \u00dcberlebensformel * Artenschutz und Recht * Pflanzenschutz und Schutz der Pflanzen * Sorgenkinder \u00fcberall * Hochgebirge * Felsen und Halden * \u00c4cker und Felder * Mager- und Trockenrasen * Wege und Pl\u00e4tze * Gew\u00e4sser und Ufer * Moor und Heide * W\u00e4lder und Geb\u00fcsche * Sandfluren und D\u00fcnen * Schlickwatt und Salzmarschen * K\u00fcstenklippen und Felswatt * Alle auf einen Blick * B\u00fccher, die weiterhelfen * Adressen * Die Aktion Ameise * Lieber Leser, lieber Freund<\/span><\/small><\/p>\n","protected":false},"excerpt":{"rendered":"<p>Dr. Bruno P. KremerWir informieren uns : Wildpflanzen in GefahrAus [&hellip;] &hellip; <a href=\"https:\/\/www.packpapierverlag.de\/?product=wir-informieren-uns-wildpflanzen-in-gefahr-kremer\">Weiterlesen <span class=\"meta-nav\">&rarr;<\/span><\/a><\/p>\n","protected":false},"featured_media":7257,"template":"","meta":[],"product_brand":[],"product_cat":[41],"product_tag":[],"class_list":{"0":"post-3260","1":"product","2":"type-product","3":"status-publish","4":"has-post-thumbnail","6":"product_cat-antiquariat","8":"first","9":"instock","10":"shipping-taxable","11":"purchasable","12":"product-type-simple"},"_links":{"self":[{"href":"https:\/\/www.packpapierverlag.de\/index.php?rest_route=\/wp\/v2\/product\/3260","targetHints":{"allow":["GET"]}}],"collection":[{"href":"https:\/\/www.packpapierverlag.de\/index.php?rest_route=\/wp\/v2\/product"}],"about":[{"href":"https:\/\/www.packpapierverlag.de\/index.php?rest_route=\/wp\/v2\/types\/product"}],"wp:featuredmedia":[{"embeddable":true,"href":"https:\/\/www.packpapierverlag.de\/index.php?rest_route=\/wp\/v2\/media\/7257"}],"wp:attachment":[{"href":"https:\/\/www.packpapierverlag.de\/index.php?rest_route=%2Fwp%2Fv2%2Fmedia&parent=3260"}],"wp:term":[{"taxonomy":"product_brand","embeddable":true,"href":"https:\/\/www.packpapierverlag.de\/index.php?rest_route=%2Fwp%2Fv2%2Fproduct_brand&post=3260"},{"taxonomy":"product_cat","embeddable":true,"href":"https:\/\/www.packpapierverlag.de\/index.php?rest_route=%2Fwp%2Fv2%2Fproduct_cat&post=3260"},{"taxonomy":"product_tag","embeddable":true,"href":"https:\/\/www.packpapierverlag.de\/index.php?rest_route=%2Fwp%2Fv2%2Fproduct_tag&post=3260"}],"curies":[{"name":"wp","href":"https:\/\/api.w.org\/{rel}","templated":true}]}}

<p><small><span style="color: #003000; font-family: Helvetica,Arial,sans-serif;"><a href="https://www.packpapierverlag.de/wp-content/uploads/2017/04/wir-informieren-uns-...-Wildpflanzen.jpg" rel="attachment wp-att-7257"><img loading="lazy" decoding="async" class="alignnone size-medium wp-image-7257" src="https://www.packpapierverlag.de/wp-content/uploads/2017/04/wir-informieren-uns-...-Wildpflanzen-200x300.jpg" alt="wir informieren uns ... Wildpflanzen" width="200" height="300" srcset="https://www.packpapierverlag.de/wp-content/uploads/2017/04/wir-informieren-uns-...-Wildpflanzen-200x300.jpg 200w, https://www.packpapierverlag.de/wp-content/uploads/2017/04/wir-informieren-uns-...-Wildpflanzen-300x449.jpg 300w, https://www.packpapierverlag.de/wp-content/uploads/2017/04/wir-informieren-uns-...-Wildpflanzen-768x1150.jpg 768w, https://www.packpapierverlag.de/wp-content/uploads/2017/04/wir-informieren-uns-...-Wildpflanzen-684x1024.jpg 684w, https://www.packpapierverlag.de/wp-content/uploads/2017/04/wir-informieren-uns-...-Wildpflanzen.jpg 1024w" sizes="auto, (max-width: 200px) 100vw, 200px" /></a>Dr. Bruno P. Kremer</span><br style="font-family: Helvetica,Arial,sans-serif;" /><span style="font-weight: bold; color: #471747; font-family: Helvetica,Arial,sans-serif;">Wir informieren uns : Wildpflanzen in Gefahr</span><br style="font-family: Helvetica,Arial,sans-serif;" /><span style="color: #003000; font-family: Helvetica,Arial,sans-serif;">Aus der Reihe Aktion Ameise. Im Verlag F. Schneider in der Reihe Natur erschienen, München 1988. ISBN 3-505-09742-x</span><br style="color: #003000; font-family: Helvetica,Arial,sans-serif;" /><span style="color: #003000; font-family: Helvetica,Arial,sans-serif;">Gebundenes Buch, Hardcover, 71 Seiten, viele Abbildungen und Photos.</span><br style="color: #003000; font-family: Helvetica,Arial,sans-serif;" /><span style="color: #003000; font-family: Helvetica,Arial,sans-serif;">Die Bücher der Aktion Ameise richten sich an junge Menschen, die sich für Ökologie und Naturschutz interessieren.</span><br style="color: #003000; font-family: Helvetica,Arial,sans-serif;" /><span style="font-weight: bold; color: #003000; font-family: Helvetica,Arial,sans-serif;">Klappentext:</span><span style="color: #003000; font-family: Helvetica,Arial,sans-serif;">Die wenigsten Menschen machen sich klar, was das Aussterben von Tier- und Pflanzenarten bedeutet. Haben wir nicht Ersatz in Tierparks und Gärten? Der Autor, Botaniker und Ökologe, zeigt am Beispiel der wichtigsten Lebensräume unserer Heimat, wo und warum unsere Pflanzenwelt heute unersetzliche Verluste erleidet. Der Mensch verursache sie. Auf Dauer gefährden wir dadurch unsere eigenen Lebensgrundlagen.</span><span style="font-weight: bold; color: #003000; font-family: Helvetica,Arial,sans-serif;"><br />
INHALT: * </span><span style="color: #003000; font-family: Helvetica,Arial,sans-serif;">Zum Buch * Lebensraum im Wandel * Völkerwanderung der Pflanzen * Eine bunte Mischung * Pflanzliches Raritätenkabinett * Was ist eine Rote Liste? * Artenvielfalt &#8211; die einzige  Überlebensformel * Artenschutz und Recht * Pflanzenschutz und Schutz der Pflanzen * Sorgenkinder überall * Hochgebirge * Felsen und Halden * Äcker und Felder * Mager- und Trockenrasen * Wege und Plätze * Gewässer und Ufer * Moor und Heide * Wälder und Gebüsche * Sandfluren und Dünen * Schlickwatt und Salzmarschen * Küstenklippen und Felswatt * Alle auf einen Blick * Bücher, die weiterhelfen * Adressen * Die Aktion Ameise * Lieber Leser, lieber Freund</span></small></p>
