{"id":3279,"date":"2012-01-04T20:44:52","date_gmt":"2012-01-04T19:44:52","guid":{"rendered":"http:\/\/www.packpapierverlag.de\/?p=3279"},"modified":"2017-04-25T13:33:06","modified_gmt":"2017-04-25T11:33:06","slug":"wir-tun-was-fur-insekten-reichholf","status":"publish","type":"product","link":"https:\/\/www.packpapierverlag.de\/?product=wir-tun-was-fur-insekten-reichholf","title":{"rendered":"Wir tun was &#8230; F\u00fcr Insekten (Reichholf) (i52)"},"content":{"rendered":"<p><small><span style=\"font-family: Helvetica,Arial,sans-serif; color: #003600;\"><a href=\"https:\/\/www.packpapierverlag.de\/wp-content\/uploads\/2017\/04\/wir-tun-was-...-insekten.jpg\" rel=\"attachment wp-att-7271\"><img loading=\"lazy\" decoding=\"async\" class=\"size-medium wp-image-7271 alignleft\" src=\"https:\/\/www.packpapierverlag.de\/wp-content\/uploads\/2017\/04\/wir-tun-was-...-insekten-200x300.jpg\" alt=\"wir tun was ... insekten\" width=\"200\" height=\"300\" srcset=\"https:\/\/www.packpapierverlag.de\/wp-content\/uploads\/2017\/04\/wir-tun-was-...-insekten-200x300.jpg 200w, https:\/\/www.packpapierverlag.de\/wp-content\/uploads\/2017\/04\/wir-tun-was-...-insekten-300x449.jpg 300w, https:\/\/www.packpapierverlag.de\/wp-content\/uploads\/2017\/04\/wir-tun-was-...-insekten-768x1150.jpg 768w, https:\/\/www.packpapierverlag.de\/wp-content\/uploads\/2017\/04\/wir-tun-was-...-insekten-684x1024.jpg 684w, https:\/\/www.packpapierverlag.de\/wp-content\/uploads\/2017\/04\/wir-tun-was-...-insekten.jpg 1024w\" sizes=\"auto, (max-width: 200px) 100vw, 200px\" \/><\/a>Josef Reichholf<\/span><br style=\"font-family: Helvetica,Arial,sans-serif; color: #003600;\" \/><span style=\"font-family: Helvetica,Arial,sans-serif; font-weight: bold; color: #462346;\">Wir tun was f\u00fcr die Insekten<\/span><br style=\"font-family: Helvetica,Arial,sans-serif; color: #003600;\" \/><span style=\"font-family: Helvetica,Arial,sans-serif; color: #003600;\">Ein Buch der Aktion Ameise<\/span><br style=\"font-family: Helvetica,Arial,sans-serif; color: #003600;\" \/><span style=\"font-family: Helvetica,Arial,sans-serif; color: #003600;\">Serie Natur aus dem Verlag F. Schneider, M\u00fcnchen 1987. ISBN 3-505-09583-4<\/span><br style=\"font-family: Helvetica,Arial,sans-serif; color: #003600;\" \/><span style=\"font-family: Helvetica,Arial,sans-serif; color: #003600;\">Gebundenes Buch, Hardcover, 71 Seiten. Mit vielen Farb- und Schwarz-Wei\u00df-Abbildungen und Photos.<\/span><br style=\"font-family: Helvetica,Arial,sans-serif; color: #003600;\" \/><span style=\"font-family: Helvetica,Arial,sans-serif; color: #003600;\">Die Reihe \u201eAktion Ameise\u201c richtet sich in erster Linie an Kinder und Jugendliche, aber auch der interessierte Erwachsene findet in den B\u00fcchern hilfreiche Anregungen zum praktischen Naturschutz. <\/span><span style=\"font-family: Helvetica,Arial,sans-serif; color: #003600;\">Neben der Erkl\u00e4rung der Arten und ihrer Lebensweisen gibt es Aktionstipps, wie man etwa einen Hummelkasten oder ein Brutholz f\u00fcr Wildbienen bauen kann.<\/span><br style=\"font-family: Helvetica,Arial,sans-serif; color: #003600;\" \/><span style=\"font-weight: bold; font-family: Helvetica,Arial,sans-serif; color: #003600;\">Klappentext:<\/span><span style=\"font-family: Helvetica,Arial,sans-serif; color: #003600;\"><br \/>\nPfui Spinne! Aber die ist gar kein Insekt. Die Welt der Insekten oder Kerbtiere spielt sich im kleinen ab- f\u00fcr uns oft im verborgenen. Professor Reichholf zeigt an einige Insektenarten unserer Heimat, warum sie gef\u00e4hrdet sind, wo wir sie finden und wie wir ihnen helfen k\u00f6nnen. Zu viele selten gewordene Insekten stehen schon auf der Roten Liste. Es wird h\u00f6chste Zeit, da\u00df auch dieser wichtige Teil unserer heimischen Natur beachtet und aktiv gesch\u00fctzt wird. Jeder kann dazu beitragen. <\/span><span style=\"font-weight: bold; font-family: Helvetica,Arial,sans-serif; color: #003600;\">INHALT: <\/span><span style=\"font-family: Helvetica,Arial,sans-serif; color: #003600;\">* Zum Buch * Kerbtiere &#8211; brauchen sie Hilfe? * Wildbienen und Hummeln * Sandbienen * Andere * Wildbienen * Hummeln * Hornissen und Wespen * Hornissen * Feldwespen * Marienk\u00e4fer und andere K\u00e4fer * Florfliegen * Ohrw\u00fcrmer * Spinnen * Weiterf\u00fchrende B\u00fccher * Adressen * Die Aktion Ameise * Lieber Leser, lieber Freund<\/span><\/small><\/p>\n","protected":false},"excerpt":{"rendered":"<p>Josef ReichholfWir tun was f\u00fcr die InsektenEin Buch der Aktion [&hellip;] &hellip; <a href=\"https:\/\/www.packpapierverlag.de\/?product=wir-tun-was-fur-insekten-reichholf\">Weiterlesen <span class=\"meta-nav\">&rarr;<\/span><\/a><\/p>\n","protected":false},"featured_media":7271,"template":"","meta":[],"product_brand":[],"product_cat":[41],"product_tag":[],"class_list":{"0":"post-3279","1":"product","2":"type-product","3":"status-publish","4":"has-post-thumbnail","6":"product_cat-antiquariat","8":"first","9":"instock","10":"shipping-taxable","11":"purchasable","12":"product-type-simple"},"_links":{"self":[{"href":"https:\/\/www.packpapierverlag.de\/index.php?rest_route=\/wp\/v2\/product\/3279","targetHints":{"allow":["GET"]}}],"collection":[{"href":"https:\/\/www.packpapierverlag.de\/index.php?rest_route=\/wp\/v2\/product"}],"about":[{"href":"https:\/\/www.packpapierverlag.de\/index.php?rest_route=\/wp\/v2\/types\/product"}],"wp:featuredmedia":[{"embeddable":true,"href":"https:\/\/www.packpapierverlag.de\/index.php?rest_route=\/wp\/v2\/media\/7271"}],"wp:attachment":[{"href":"https:\/\/www.packpapierverlag.de\/index.php?rest_route=%2Fwp%2Fv2%2Fmedia&parent=3279"}],"wp:term":[{"taxonomy":"product_brand","embeddable":true,"href":"https:\/\/www.packpapierverlag.de\/index.php?rest_route=%2Fwp%2Fv2%2Fproduct_brand&post=3279"},{"taxonomy":"product_cat","embeddable":true,"href":"https:\/\/www.packpapierverlag.de\/index.php?rest_route=%2Fwp%2Fv2%2Fproduct_cat&post=3279"},{"taxonomy":"product_tag","embeddable":true,"href":"https:\/\/www.packpapierverlag.de\/index.php?rest_route=%2Fwp%2Fv2%2Fproduct_tag&post=3279"}],"curies":[{"name":"wp","href":"https:\/\/api.w.org\/{rel}","templated":true}]}}