{"id":365,"date":"2010-12-12T15:28:07","date_gmt":"2010-12-12T14:28:07","guid":{"rendered":"http:\/\/www.packpapierverlag.de\/neu\/?p=365"},"modified":"2020-04-10T11:25:31","modified_gmt":"2020-04-10T09:25:31","slug":"fleischgetreide","status":"publish","type":"product","link":"https:\/\/www.packpapierverlag.de\/?product=fleischgetreide","title":{"rendered":"+ Poster Fleisch\/Getreide 1\/7 (t65)"},"content":{"rendered":"<p><a href=\"https:\/\/www.packpapierverlag.de\/wp-content\/uploads\/2010\/12\/Fleisch-Getreide.jpg\"><img loading=\"lazy\" decoding=\"async\" class=\"alignleft size-medium wp-image-3862\" title=\"Fleisch Getreide\" src=\"https:\/\/www.packpapierverlag.de\/wp-content\/uploads\/2010\/12\/Fleisch-Getreide-211x300.jpg\" alt=\"\" width=\"211\" height=\"300\" srcset=\"https:\/\/www.packpapierverlag.de\/wp-content\/uploads\/2010\/12\/Fleisch-Getreide-211x300.jpg 211w, https:\/\/www.packpapierverlag.de\/wp-content\/uploads\/2010\/12\/Fleisch-Getreide-300x426.jpg 300w, https:\/\/www.packpapierverlag.de\/wp-content\/uploads\/2010\/12\/Fleisch-Getreide-721x1024.jpg 721w, https:\/\/www.packpapierverlag.de\/wp-content\/uploads\/2010\/12\/Fleisch-Getreide.jpg 1024w\" sizes=\"auto, (max-width: 211px) 100vw, 211px\" \/><\/a><small style=\"color: #003800; font-family: Helvetica,Arial,sans-serif;\">Poster \/ Tafel\u00a0 in DIN A3, Offsetdruck auf Karton (etwa 160 Gramm)<br \/>\nWas tun wir, wenn wir tierische Produkte essen? Wir verschwenden Energie!<br \/>\nDieses Poster illustriert das Energieverh\u00e4ltnis von direkter pflanzlicher Nahrung im Vergleich zu tierischer Nahrung. F\u00fcr eine tierische Kalorie m\u00fcssen im Durchschnitt 7 pflanzliche Kalorien investiert werden. Weitere Verh\u00e4ltnisse: Brot 1:1, H\u00fchnerfleisch 12:1, Eier 4:1, Schweinefleisch 3:1, Rindfleisch 10:1 Milch 5:1<br \/>\n<\/small><\/p>\n","protected":false},"excerpt":{"rendered":"<p>Poster \/ Tafel\u00a0 in DIN A3, Offsetdruck auf Karton (etwa [&hellip;] &hellip; <a href=\"https:\/\/www.packpapierverlag.de\/?product=fleischgetreide\">Weiterlesen <span class=\"meta-nav\">&rarr;<\/span><\/a><\/p>\n","protected":false},"featured_media":3862,"template":"","meta":[],"product_brand":[],"product_cat":[15,20,21,3],"product_tag":[],"class_list":{"0":"post-365","1":"product","2":"type-product","3":"status-publish","4":"has-post-thumbnail","6":"product_cat-kochbucher-ernahrung-bewusstsein","7":"product_cat-plakate-ernahrung-und-gesundheit","8":"product_cat-postkarten","9":"product_cat-produkte","11":"first","12":"instock","13":"shipping-taxable","14":"purchasable","15":"product-type-simple"},"_links":{"self":[{"href":"https:\/\/www.packpapierverlag.de\/index.php?rest_route=\/wp\/v2\/product\/365","targetHints":{"allow":["GET"]}}],"collection":[{"href":"https:\/\/www.packpapierverlag.de\/index.php?rest_route=\/wp\/v2\/product"}],"about":[{"href":"https:\/\/www.packpapierverlag.de\/index.php?rest_route=\/wp\/v2\/types\/product"}],"wp:featuredmedia":[{"embeddable":true,"href":"https:\/\/www.packpapierverlag.de\/index.php?rest_route=\/wp\/v2\/media\/3862"}],"wp:attachment":[{"href":"https:\/\/www.packpapierverlag.de\/index.php?rest_route=%2Fwp%2Fv2%2Fmedia&parent=365"}],"wp:term":[{"taxonomy":"product_brand","embeddable":true,"href":"https:\/\/www.packpapierverlag.de\/index.php?rest_route=%2Fwp%2Fv2%2Fproduct_brand&post=365"},{"taxonomy":"product_cat","embeddable":true,"href":"https:\/\/www.packpapierverlag.de\/index.php?rest_route=%2Fwp%2Fv2%2Fproduct_cat&post=365"},{"taxonomy":"product_tag","embeddable":true,"href":"https:\/\/www.packpapierverlag.de\/index.php?rest_route=%2Fwp%2Fv2%2Fproduct_tag&post=365"}],"curies":[{"name":"wp","href":"https:\/\/api.w.org\/{rel}","templated":true}]}}