{"id":386,"date":"2010-12-12T15:35:06","date_gmt":"2010-12-12T14:35:06","guid":{"rendered":"http:\/\/www.packpapierverlag.de\/neu\/?p=386"},"modified":"2017-04-16T15:25:55","modified_gmt":"2017-04-16T13:25:55","slug":"die-krauterfibel","status":"publish","type":"product","link":"https:\/\/www.packpapierverlag.de\/?product=die-krauterfibel","title":{"rendered":"Die Kr\u00e4uterfibel (p17)"},"content":{"rendered":"<p><a href=\"https:\/\/www.packpapierverlag.de\/wp-content\/uploads\/2010\/12\/Kr\u00e4uterfibel.jpg\"><img loading=\"lazy\" decoding=\"async\" class=\"alignleft size-medium wp-image-2285\" title=\"Kr\u00e4uterfibel\" src=\"https:\/\/www.packpapierverlag.de\/wp-content\/uploads\/2010\/12\/Kr\u00e4uterfibel-219x300.jpg\" alt=\"\" width=\"219\" height=\"300\" srcset=\"https:\/\/www.packpapierverlag.de\/wp-content\/uploads\/2010\/12\/Kr\u00e4uterfibel-219x300.jpg 219w, https:\/\/www.packpapierverlag.de\/wp-content\/uploads\/2010\/12\/Kr\u00e4uterfibel-300x410.jpg 300w, https:\/\/www.packpapierverlag.de\/wp-content\/uploads\/2010\/12\/Kr\u00e4uterfibel-750x1024.jpg 750w, https:\/\/www.packpapierverlag.de\/wp-content\/uploads\/2010\/12\/Kr\u00e4uterfibel.jpg 1024w\" sizes=\"auto, (max-width: 219px) 100vw, 219px\" \/><\/a><small><span style=\"font-weight: bold;\">Das Kr\u00e4uterfreak- und <\/span><\/small><small><span style=\"font-weight: bold;\">Waldl\u00e4uferkollektiv pr\u00e4sentiert:<\/span><\/small><\/p>\n<p><small><big style=\"color: #672267;\"><span style=\"font-weight: bold;\">DIE KR\u00c4UTERFIBEL<\/span><\/big><\/small><\/p>\n<p><small>Buch mit Handwerkerklebebindung, 196 Seiten, Packpapier- Verlag.<\/small><\/p>\n<div style=\"color: #355a06; text-align: left; font-family: Helvetica,Arial,sans-serif;\"><small>Umfassende Beschreibungen f\u00fcr die unterschiedlichen Anwendungen von 116 Pflanzen, diese ebenfalls ausf\u00fchrlich beschrieben, mit vielen Abbildungen. Welche Krankheit- welches Kraut, Sammelkalender, Wildgem\u00fcse, Mischrezepte, Tees, B\u00e4der, Tinkturen, Pulver, \u00d6le, Hygiene und vieles mehr. Garantiert wirksam, und nebenbei ganz ohne Tierversuche und kein bisschen rezeptpflichtig.<br \/>\n.<br \/>\n<span style=\"font-weight: bold;\">INHALT<\/span><br \/>\n.<br \/>\nSammelkalender: Durch das Jahr &#8212; Sammeln und Aufbewahren<br \/>\n.<br \/>\nAnwendungen:<br \/>\nAls Tee &#8212; Tinkturen, Kr\u00e4utergeist &#8212; Extrakte &#8212; Press- S\u00e4fte &#8212; Kr\u00e4uter\u00f6le &#8212; Pulver &#8212; Honig, Sirup, Bonbons &#8212; B\u00e4der &#8212; R\u00e4uchern, Packung, Wickel &#8212; Kr\u00e4uterkissen, Peitschen<br \/>\n.<br \/>\nRezepte in allen Verdr\u00fcckungen:<br \/>\n.<br \/>\nF\u00fcr die Atemwege: Alanthonig &#8212; Alantwein &#8212; Eibischbrusttee &#8212; Eibischsirup &#8212; Flachssamentee &#8212; Hufeland- Elixier &#8212; S\u00fc\u00dfholzabsud<br \/>\n.<br \/>\nF\u00fcr die Verdauung: Alanttropfen &#8212; Aloepillen &#8212; Angelikalik\u00f6r &#8212; Benediktenkrauttropfen &#8212; Bl\u00e4hungstee &#8212;- Guajakholz- Auszug<br \/>\n1 &#8212; Guajakholz- Auszug 2 &#8212; Hoffmanns Magenelexier &#8212; Ingwerpastillen &#8212; Kalmus- Absud &#8212; Kalmus- \u00d6l &#8212; Kalmus-Abkochung &#8212; Magenbitter 1 und 2 &#8212; Magenordner: Ebereschentinktur, magenstillende Tropfen, magenstillender Extrakt &#8212; Magens\u00e4uretee &#8212; Magentinktur &#8212; Mannasirup &#8212; Rhabarberpulver &#8212; Rhabarbertee &#8212;- Rhabarbertinktur &#8212; S\u00e4uglingstee &#8212; Thymian- Absud &#8212; Wacholderbeerkur &#8212; Wermutlik\u00f6r &#8212; Wermutmagenbitter &#8212; Wermutwein<br \/>\n.<br \/>\nF\u00fcr die Haut: Alantsalbe &#8212; Hautcreme &#8212; Himbeersalbe &#8212; Hirtent\u00e4schel- Absud &#8212; Kampfereinreibung &#8212; Schwarzpappelsalbe &#8212; Wacholderbeer\u00f6l<br \/>\n.<br \/>\nF\u00fcr Herz und Kreislauf: Arnikatropfen &#8212; Baldriansaft &#8212; Feldzypressenpulver &#8212; Fingerhutmischung &#8212; Kampfereinreibung &#8212; Senfliniment<br \/>\n.<br \/>\nF\u00fcr Augen und Ohren: Augenwasser &#8212; Rosen- Augenwasser &#8212; Kampfer- Rezepte &#8212; Augenwasser &#8212; Augensalbe<br \/>\n.<br \/>\nF\u00fcr Mund und Z\u00e4hne: Rosenaufgu\u00df &#8212; Rosenhonig &#8212; Rosentinktur &#8212; L\u00f6ffelkrautgeist &#8212; Mund- und Gurkelw\u00e4sser &#8212; Mundwasser &#8212; Myrrhtentinktur &#8212; Mundwasser2 &#8212; Zahnpulver &#8212; Zahnseife &#8212; Kummerfeldsches Wasser &#8212; Haarwasser &#8212; Bohrs\u00e4ure &#8212; Carbol\u00f6l &#8212; Chloralhydrat &#8212; Chloroform &#8212; Chlorzink &#8212; Eichenlaub &#8212; Holl\u00e4ndische Fl\u00fcssigkeit &#8212; Kognak &#8212; Kokain &#8212; Kreosot und Weingeist &#8212; L\u00e4rchenbl\u00e4tter &#8212; Lavendel &#8212; Opiumtinktur, Nelken\u00f6l &#8212; Orthoform &#8212; Spargelwurzel<br \/>\n.<br \/>\nF\u00fcr Blase und Niere: Hauhecheltee &#8212; Lorbeersalbe &#8212; Harntreibendes Mittel &#8212; S\u00fc\u00dfholzwurzel &#8212; Wacholderbeertee &#8212; Wacholderbier<br \/>\n.<br \/>\nF\u00fcr Verschiedenes: Duches. Lebenselexier &#8212; Hoffmanns Lebensbalsam &#8212; Kr\u00e4uteressig &#8212; Mandelanwendungen &#8212; Melissengeist &#8212; Rautenpulver &#8212; K\u00f6lnisches Wasser &#8212; Lavendelwasser &#8212; Pfefferminzwasser &#8212; Parf\u00fcm<br \/>\n.<br \/>\nMischrezepte<br \/>\n.<br \/>\nWelche Krankheit- welches Kraut (alphabethische Auflistung)<br \/>\n.<br \/>\nWildgem\u00fcse (Sammeln und Rezepte, z.B. F\u00fcr Brennessel, L\u00f6wenzahn, Sauerampfer, Spitzwegerich,&#8230;)<br \/>\n.<br \/>\nDie Kr\u00e4uter: Standort, Aussehen, Sammelzeit, Bl\u00fcte, Zubereitung und Anwendung Folgende Kr\u00e4uter werden beschrieben:<br \/>\n.<br \/>\nAbbi\u00df &#8212; Agave &#8212; Akelei &#8212; Alant &#8212; Aloe &#8212; Andorn &#8212; Angelika &#8212; Anis &#8212; Anserine &#8212; Apfel &#8212; Arnika &#8212; Attich &#8212; Augentrost &#8212; Baldrian &#8212; Basiklikum &#8212; Beifu\u00df &#8212; Benediktenkraut &#8212; Berberitze &#8212; Bertramswurzel &#8212; Betonie &#8212; Bibernelle &#8212; Birke &#8212; Bitterklee &#8212; Bitterschopf &#8212; Bockshornklee &#8212; Brennessel &#8212; Brombeere &#8212; Brunnenkresse &#8212; Dill &#8212; Dornschlehe &#8212; Eberesche &#8212; Eberwurz &#8212; Ehrenpreis &#8212; Eibisch &#8212; Eiche &#8212; Eisenkraut &#8212; Engels\u00fc\u00df &#8212; Enzian &#8212; Erdbeere &#8212; Faulbaum &#8212; Fenchel &#8212; G\u00e4nsebl\u00fcmchen &#8212; F\u00fcnffingerkraut &#8212; Ginster &#8212; Gundelrebe &#8212; Hauhechel &#8212; Hauswurz &#8212; Heidelbeere &#8212; Heckenrose &#8212; Heublumen &#8212; Hirtent\u00e4schel &#8212; Holunder &#8212; H\u00fchnerdarm &#8212; Huflattich &#8212; Hundszunge &#8212; Johannisbeere rot und schwarz &#8212; Johanneskraut &#8212; Kalmus &#8212; Kamille &#8212; Kampfer &#8212; Kerbel &#8212; Klette &#8212; Kn\u00f6terich &#8212; Kornblume &#8212; Kreuzblume &#8212; Kreuzdorn &#8212; L\u00e4rche &#8212; Lavendel &#8212; Lein &#8212; Linde &#8212; L\u00f6ffelkraut &#8212; L\u00f6wenzahn &#8212; Lungenkraut &#8212; Malve &#8212; Melisse &#8212; Mistel &#8212; Isl\u00e4ndisch Moos &#8212; Odermennige &#8212; Petersilie &#8212; Pfeffer-, Krauseminze &#8212; Rainfarn &#8212; Rettich &#8212; Rhabarber &#8212; Ringelblume &#8212; Rosmarin &#8212; Salbei &#8212; Sandelholz &#8212; Sanikel &#8212; Sauerampfer &#8212; Schafgarbe &#8212; Sch\u00f6llkraut &#8212; Schl\u00fcsselblume &#8212; Stiefm\u00fctterchen &#8212; Tanne &#8212; Taubnessel &#8212; Tausendg\u00fcldenkraut &#8212; Thymian &#8212; Tormentill &#8212; Veilchen &#8212; Wachholder &#8212; Waldmeister &#8212; Wallwurz &#8212; Wegerich &#8212; Wegwarte &#8212;Weinraute &#8212; Wermut &#8212; Wiesenschaumkraut &#8212; Wollblume &#8212; Wurmfarn &#8212; Zinnkraut &#8212; Zwiebel<br \/>\n.<br \/>\nDie Wirkstoffe der Heilkr\u00e4uter:<br \/>\n.<br \/>\nMineralstoffe: Natrium &#8212; Kalium &#8212; Alkalische Minerale &#8212; Metalle &#8212; Anorganische S\u00e4uren &#8212; Jod und Bromverbindungen<br \/>\n.<br \/>\nOrganische Verbindungen: Gerbstoffe &#8212; \u00c4therische \u00d6le &#8212; Harze &#8212; Bitterstoffe &#8212; Saponine &#8212; Alkaloide &#8212; Glykoside &#8212; Vitamine<br \/>\n.<br \/>\nVerzeichnis der Kr\u00e4uter Deutsch- Lateinisch<br \/>\n.<br \/>\nAbbildungen (20 Seiten)<br \/>\n<\/small><\/div>\n<p>&nbsp;<\/p>\n","protected":false},"excerpt":{"rendered":"<p>Das Kr\u00e4uterfreak- und Waldl\u00e4uferkollektiv pr\u00e4sentiert: DIE KR\u00c4UTERFIBEL Buch mit Handwerkerklebebindung, [&hellip;] &hellip; <a href=\"https:\/\/www.packpapierverlag.de\/?product=die-krauterfibel\">Weiterlesen <span class=\"meta-nav\">&rarr;<\/span><\/a><\/p>\n","protected":false},"featured_media":2285,"template":"","meta":[],"product_brand":[],"product_cat":[16,3],"product_tag":[],"class_list":{"0":"post-386","1":"product","2":"type-product","3":"status-publish","4":"has-post-thumbnail","6":"product_cat-krauter-und-drogen","7":"product_cat-produkte","9":"first","10":"instock","11":"shipping-taxable","12":"purchasable","13":"product-type-simple"},"_links":{"self":[{"href":"https:\/\/www.packpapierverlag.de\/index.php?rest_route=\/wp\/v2\/product\/386","targetHints":{"allow":["GET"]}}],"collection":[{"href":"https:\/\/www.packpapierverlag.de\/index.php?rest_route=\/wp\/v2\/product"}],"about":[{"href":"https:\/\/www.packpapierverlag.de\/index.php?rest_route=\/wp\/v2\/types\/product"}],"wp:featuredmedia":[{"embeddable":true,"href":"https:\/\/www.packpapierverlag.de\/index.php?rest_route=\/wp\/v2\/media\/2285"}],"wp:attachment":[{"href":"https:\/\/www.packpapierverlag.de\/index.php?rest_route=%2Fwp%2Fv2%2Fmedia&parent=386"}],"wp:term":[{"taxonomy":"product_brand","embeddable":true,"href":"https:\/\/www.packpapierverlag.de\/index.php?rest_route=%2Fwp%2Fv2%2Fproduct_brand&post=386"},{"taxonomy":"product_cat","embeddable":true,"href":"https:\/\/www.packpapierverlag.de\/index.php?rest_route=%2Fwp%2Fv2%2Fproduct_cat&post=386"},{"taxonomy":"product_tag","embeddable":true,"href":"https:\/\/www.packpapierverlag.de\/index.php?rest_route=%2Fwp%2Fv2%2Fproduct_tag&post=386"}],"curies":[{"name":"wp","href":"https:\/\/api.w.org\/{rel}","templated":true}]}}