{"id":474,"date":"2010-12-12T16:35:31","date_gmt":"2010-12-12T15:35:31","guid":{"rendered":"http:\/\/www.packpapierverlag.de\/neu\/?p=474"},"modified":"2017-04-15T18:30:01","modified_gmt":"2017-04-15T16:30:01","slug":"leben-in-bauwagen","status":"publish","type":"product","link":"https:\/\/www.packpapierverlag.de\/?product=leben-in-bauwagen","title":{"rendered":"Tanz aus der Wohnhaft &#8211; Leben in Bauw\u00e4gen von Bischoff und Knoll (p105)"},"content":{"rendered":"<p style=\"margin-bottom: 0cm; text-align: left; color: #275415; font-family: Helvetica,Arial,sans-serif;\">\n<a href=\"https:\/\/www.packpapierverlag.de\/wp-content\/uploads\/2010\/12\/Bauwagenbuch.jpg\"><img loading=\"lazy\" decoding=\"async\" class=\"alignleft size-medium wp-image-3196\" title=\"Bauwagenbuch\" src=\"https:\/\/www.packpapierverlag.de\/wp-content\/uploads\/2010\/12\/Bauwagenbuch-300x200.jpg\" alt=\"\" width=\"300\" height=\"200\" srcset=\"https:\/\/www.packpapierverlag.de\/wp-content\/uploads\/2010\/12\/Bauwagenbuch-300x200.jpg 300w, https:\/\/www.packpapierverlag.de\/wp-content\/uploads\/2010\/12\/Bauwagenbuch.jpg 1024w\" sizes=\"auto, (max-width: 300px) 100vw, 300px\" \/><\/a><small><span style=\"font-size: medium;\"><small><b>Klaus <\/b><\/small><\/span><\/small><small><span style=\"font-size: medium;\"><small><b>Bischof, Georg Knoll:<\/b><\/small><\/span><\/small><\/p>\n<p style=\"margin-bottom: 0cm; text-align: left; color: #275415; font-family: Helvetica,Arial,sans-serif;\"><span style=\"color: #b80047;\"><span style=\"font-size: large;\"><i><b><big>Tanz aus der Wohnhaft !<\/big><br \/>\nLeben in Bauw\u00e4gen<\/b><\/i><\/span><\/span><br \/>\n<small><span style=\"color: #275415;\">Wundersch\u00f6nes Buch im<\/span> <b><span style=\"color: #b80047;\">Format A4 <\/span><\/b><span style=\"color: #275415;\">quer. 110<br \/>\nSeiten. Packpapier- Verlag Osnabr\u00fcck.<\/span><br \/>\n<b><span style=\"color: #b80047;\">MIT 56 GANZSEITIGEN PHOTOS: <\/span><\/b><span style=\"color: #275415;\">In<br \/>\nschwarz\/wei\u00df gehalten, was den Bildern eine ganz besonders ausdrucksstarke Stimmung verleiht. Es sind verschiedene Menschen, bemalte und ausgebaute W\u00e4gen, wilde Pl\u00e4tze, friedliche Szenen und Aktionen aus dem<br \/>\nBauwagenleben abgebildet- wer da nicht fliegen will, dem kann nicht mehr geholfen werden! Vom Badewannen- Bauwagen \u00fcber Sit-Ins mit Kindern und Hunden, Stra\u00dfenaktionen, Musizieren, Handwerken, W\u00e4sche- waschen bis zum Klavierspiel im Wald und wilden Traktorfahrten \u00fcbers Stoppelfeld ist alles dabei. Ein einmaliges und lebendiges Szenedokument. Und au\u00dferdem: ganz viele Texte, Dokumente, Presseartikel, Faksimiles, Interviews zum Thema Geschichte der Bauwagenkultur, \u00c4mter, Beh\u00f6rden, Repression, Widerstand, Kreativit\u00e4t, Spa\u00df und alternative Arbeits-, Wohn- und Lebensentw\u00fcrfe, und wie die jeweils umliegende Bev\u00f6lkerung und Politik darauf reagiert<\/span>.<br \/>\n<span style=\"color: #b80047;\"><span style=\"font-size: medium;\"><small><u><b>Themen und Inhalte, auszugsweise:<\/b><\/u><\/small><\/span><\/span><br \/>\n<b>Vorwort mit einf\u00fchrendem Comic vom Mainzer Bauwagenplatz<br \/>\nI. Leben auf R\u00e4dern <\/b>(Auszug aus der Diplomarbeit von Heike Kleinke (1993) f\u00fcr den Fachbereich Sozialp\u00e4dagogik in Frankfurt\/Main)<br \/>\n<b>II. Einzug: Motive, Gruppe, Utopie, darin:<\/b> Gegenseitige Interviews mit den Leutchen im Gemeinschaftswagen des Platzes R\u00fcsselsheim \u00fcber Motive, Utopien und Alltag * Bauwagen Rodenbach: Etwas zur Geschichte * Platzbesetzung in Darmstadt: Prozesse gegen Klabauta<br \/>\n<b>III. Gemeinschaft: Arbeit, Fest, Kommunikation, darin:<\/b> Wagenplatz R\u00fcsselheim: Wagenplatzgeschichte und Stimmungsberichte, Pl\u00e4ne * Erkl\u00e4rung des Regionalen Plenums Hessen\/Rhein-Main und Forderungen an die Hessische Landesregierung * Wagenburg Klabauta: Ein Rundschreiben<br \/>\n<b>IV. \u00c4rger: Nachbarn, Beh\u00f6rden, Faschos, darin: <\/b>Wagenburg Klabauta: 1,5 Jahre zuvor; Radiosendung bei Radio Lora Z\u00fcrich * Wagendorf Dietzenbach: Ein kurzer Spa\u00df mit st\u00e4ndigem R\u00e4umungsdruck und \u201eEuch will doch keiner&#8230;\u201c und diversen Treffen zwischen Bauw\u00e4glern und den Landtagsabgeordneten Karin Hagemann und Ursula Hammann, Vertr\u00e4gen usw.<br \/>\n<b>V. Alltag: Heizung, Waschen, Hunde, darin:<\/b> Alltags- Tagebuch, Weihnachten und mehr<br \/>\n<span style=\"font-weight: bold;\">Briefe und Erkl\u00e4rungen: <\/span>Brief der Stadt R\u00fcsselsheim * Brief der Stadt Mainz * Wagenburgtelegramm von Frankfurt Borsigallee * Brief der Stadt Frankfurt * Erkl\u00e4rung der Gr\u00fcnen * Gestattungsvertrag Frankfurt * Pachtvertrag Wiesbaden<br \/>\n<b>Die Photoseiten und Faksimiles sind \u00fcber das ganze Buch verteilt<\/b><\/small><\/p>\n<p>&nbsp;<\/p>\n","protected":false},"excerpt":{"rendered":"<p>Klaus Bischof, Georg Knoll: Tanz aus der Wohnhaft ! Leben [&hellip;] &hellip; <a href=\"https:\/\/www.packpapierverlag.de\/?product=leben-in-bauwagen\">Weiterlesen <span class=\"meta-nav\">&rarr;<\/span><\/a><\/p>\n","protected":false},"featured_media":3196,"template":"","meta":[],"product_brand":[],"product_cat":[6,3],"product_tag":[],"class_list":{"0":"post-474","1":"product","2":"type-product","3":"status-publish","4":"has-post-thumbnail","6":"product_cat-politik-und-geschichte","7":"product_cat-produkte","9":"first","10":"instock","11":"shipping-taxable","12":"purchasable","13":"product-type-simple"},"_links":{"self":[{"href":"https:\/\/www.packpapierverlag.de\/index.php?rest_route=\/wp\/v2\/product\/474","targetHints":{"allow":["GET"]}}],"collection":[{"href":"https:\/\/www.packpapierverlag.de\/index.php?rest_route=\/wp\/v2\/product"}],"about":[{"href":"https:\/\/www.packpapierverlag.de\/index.php?rest_route=\/wp\/v2\/types\/product"}],"wp:featuredmedia":[{"embeddable":true,"href":"https:\/\/www.packpapierverlag.de\/index.php?rest_route=\/wp\/v2\/media\/3196"}],"wp:attachment":[{"href":"https:\/\/www.packpapierverlag.de\/index.php?rest_route=%2Fwp%2Fv2%2Fmedia&parent=474"}],"wp:term":[{"taxonomy":"product_brand","embeddable":true,"href":"https:\/\/www.packpapierverlag.de\/index.php?rest_route=%2Fwp%2Fv2%2Fproduct_brand&post=474"},{"taxonomy":"product_cat","embeddable":true,"href":"https:\/\/www.packpapierverlag.de\/index.php?rest_route=%2Fwp%2Fv2%2Fproduct_cat&post=474"},{"taxonomy":"product_tag","embeddable":true,"href":"https:\/\/www.packpapierverlag.de\/index.php?rest_route=%2Fwp%2Fv2%2Fproduct_tag&post=474"}],"curies":[{"name":"wp","href":"https:\/\/api.w.org\/{rel}","templated":true}]}}

Tanz aus der Wohnhaft &#8211; Leben in Bauwägen von Bischoff und Knoll (p105)

<p style="margin-bottom: 0cm; text-align: left; color: #275415; font-family: Helvetica,Arial,sans-serif;">
<a href="https://www.packpapierverlag.de/wp-content/uploads/2010/12/Bauwagenbuch.jpg"><img loading="lazy" decoding="async" class="alignleft size-medium wp-image-3196" title="Bauwagenbuch" src="https://www.packpapierverlag.de/wp-content/uploads/2010/12/Bauwagenbuch-300x200.jpg" alt="" width="300" height="200" srcset="https://www.packpapierverlag.de/wp-content/uploads/2010/12/Bauwagenbuch-300x200.jpg 300w, https://www.packpapierverlag.de/wp-content/uploads/2010/12/Bauwagenbuch.jpg 1024w" sizes="auto, (max-width: 300px) 100vw, 300px" /></a><small><span style="font-size: medium;"><small><b>Klaus </b></small></span></small><small><span style="font-size: medium;"><small><b>Bischof, Georg Knoll:</b></small></span></small></p>
<p style="margin-bottom: 0cm; text-align: left; color: #275415; font-family: Helvetica,Arial,sans-serif;"><span style="color: #b80047;"><span style="font-size: large;"><i><b><big>Tanz aus der Wohnhaft !</big><br />
Leben in Bauwägen</b></i></span></span><br />
<small><span style="color: #275415;">Wunderschönes Buch im</span> <b><span style="color: #b80047;">Format A4 </span></b><span style="color: #275415;">quer. 110<br />
Seiten. Packpapier- Verlag Osnabrück.</span><br />
<b><span style="color: #b80047;">MIT 56 GANZSEITIGEN PHOTOS: </span></b><span style="color: #275415;">In<br />
schwarz/weiß gehalten, was den Bildern eine ganz besonders ausdrucksstarke Stimmung verleiht. Es sind verschiedene Menschen, bemalte und ausgebaute Wägen, wilde Plätze, friedliche Szenen und Aktionen aus dem<br />
Bauwagenleben abgebildet- wer da nicht fliegen will, dem kann nicht mehr geholfen werden! Vom Badewannen- Bauwagen über Sit-Ins mit Kindern und Hunden, Straßenaktionen, Musizieren, Handwerken, Wäsche- waschen bis zum Klavierspiel im Wald und wilden Traktorfahrten übers Stoppelfeld ist alles dabei. Ein einmaliges und lebendiges Szenedokument. Und außerdem: ganz viele Texte, Dokumente, Presseartikel, Faksimiles, Interviews zum Thema Geschichte der Bauwagenkultur, Ämter, Behörden, Repression, Widerstand, Kreativität, Spaß und alternative Arbeits-, Wohn- und Lebensentwürfe, und wie die jeweils umliegende Bevölkerung und Politik darauf reagiert</span>.<br />
<span style="color: #b80047;"><span style="font-size: medium;"><small><u><b>Themen und Inhalte, auszugsweise:</b></u></small></span></span><br />
<b>Vorwort mit einführendem Comic vom Mainzer Bauwagenplatz<br />
I. Leben auf Rädern </b>(Auszug aus der Diplomarbeit von Heike Kleinke (1993) für den Fachbereich Sozialpädagogik in Frankfurt/Main)<br />
<b>II. Einzug: Motive, Gruppe, Utopie, darin:</b> Gegenseitige Interviews mit den Leutchen im Gemeinschaftswagen des Platzes Rüsselsheim über Motive, Utopien und Alltag * Bauwagen Rodenbach: Etwas zur Geschichte * Platzbesetzung in Darmstadt: Prozesse gegen Klabauta<br />
<b>III. Gemeinschaft: Arbeit, Fest, Kommunikation, darin:</b> Wagenplatz Rüsselheim: Wagenplatzgeschichte und Stimmungsberichte, Pläne * Erklärung des Regionalen Plenums Hessen/Rhein-Main und Forderungen an die Hessische Landesregierung * Wagenburg Klabauta: Ein Rundschreiben<br />
<b>IV. Ärger: Nachbarn, Behörden, Faschos, darin: </b>Wagenburg Klabauta: 1,5 Jahre zuvor; Radiosendung bei Radio Lora Zürich * Wagendorf Dietzenbach: Ein kurzer Spaß mit ständigem Räumungsdruck und „Euch will doch keiner&#8230;“ und diversen Treffen zwischen Bauwäglern und den Landtagsabgeordneten Karin Hagemann und Ursula Hammann, Verträgen usw.<br />
<b>V. Alltag: Heizung, Waschen, Hunde, darin:</b> Alltags- Tagebuch, Weihnachten und mehr<br />
<span style="font-weight: bold;">Briefe und Erklärungen: </span>Brief der Stadt Rüsselsheim * Brief der Stadt Mainz * Wagenburgtelegramm von Frankfurt Borsigallee * Brief der Stadt Frankfurt * Erklärung der Grünen * Gestattungsvertrag Frankfurt * Pachtvertrag Wiesbaden<br />
<b>Die Photoseiten und Faksimiles sind über das ganze Buch verteilt</b></small></p>
<p>&nbsp;</p>
