{"id":494,"date":"2010-12-12T16:39:41","date_gmt":"2010-12-12T15:39:41","guid":{"rendered":"http:\/\/www.packpapierverlag.de\/neu\/?p=494"},"modified":"2017-05-02T18:14:05","modified_gmt":"2017-05-02T16:14:05","slug":"projektwerkstatt-herrschaftsfrei-wirtschaften","status":"publish","type":"product","link":"https:\/\/www.packpapierverlag.de\/?product=projektwerkstatt-herrschaftsfrei-wirtschaften","title":{"rendered":"Projektwerkstatt: Herrschaftsfrei Wirtschaften (p138)"},"content":{"rendered":"<p><a href=\"https:\/\/www.packpapierverlag.de\/wp-content\/uploads\/2010\/12\/Herrschaftsfrei-wirtschaften.jpg\"><img loading=\"lazy\" decoding=\"async\" class=\"alignleft size-medium wp-image-4897\" title=\"Herrschaftsfrei wirtschaften\" src=\"https:\/\/www.packpapierverlag.de\/wp-content\/uploads\/2010\/12\/Herrschaftsfrei-wirtschaften-209x300.jpg\" alt=\"\" width=\"209\" height=\"300\" srcset=\"https:\/\/www.packpapierverlag.de\/wp-content\/uploads\/2010\/12\/Herrschaftsfrei-wirtschaften-209x300.jpg 209w, https:\/\/www.packpapierverlag.de\/wp-content\/uploads\/2010\/12\/Herrschaftsfrei-wirtschaften-300x429.jpg 300w, https:\/\/www.packpapierverlag.de\/wp-content\/uploads\/2010\/12\/Herrschaftsfrei-wirtschaften-715x1024.jpg 715w, https:\/\/www.packpapierverlag.de\/wp-content\/uploads\/2010\/12\/Herrschaftsfrei-wirtschaften.jpg 1024w\" sizes=\"auto, (max-width: 209px) 100vw, 209px\" \/><\/a><small style=\"color: #20416d;\"><big style=\"font-weight: bold; color: #176d15;\"><span style=\"font-family: Helvetica,Arial,sans-serif;\">Herrschaftsfrei wirtschaften !<\/span><\/big><br style=\"font-family: Helvetica,Arial,sans-serif;\" \/><span style=\"font-family: Helvetica,Arial,sans-serif; font-weight: bold;\">Eigentum \u00fcberwinden \u2013 Technik und Produktion \u2013 Aktionen und Alternativen \u2013 Projekte und Infos<\/span><br style=\"font-family: Helvetica,Arial,sans-serif;\" \/><span style=\"font-family: Helvetica,Arial,sans-serif;\">Aus der Reihe Fragend voran, Hefte zu Widerstand und Vision. Projektwerkstadt, 2005. Heft mit 91 Seiten und vielen Abbildungen<\/span><br style=\"font-family: Helvetica,Arial,sans-serif;\" \/><span style=\"font-family: Helvetica,Arial,sans-serif;\">Wirtschaften ohne Herrschaft: Viele Menschen wollen trotzt gro\u00dfer Unzufriedenheit nicht am derzeitigen kapitalistischen Wirtschaftssystem r\u00fctteln. Grund daf\u00fcr ist auch die Furcht, ohne dieses System am n\u00e4chsten Morgen keine Fr\u00fchst\u00fccksbr\u00f6tchen mehr zu bekommen. Die Mangelwirtschaft der sozialistischen L\u00e4nder dient als ewige Abschreckung. Ist diese Furcht begr\u00fcndet?<\/span><br style=\"font-family: Helvetica,Arial,sans-serif;\" \/><span style=\"font-family: Helvetica,Arial,sans-serif;\">Die moderne Welt- Sozialbewegung behauptet: Eine andere Welt ist m\u00f6glich. Auf unserer Suche nach anderen Wirtschaftsformen k\u00f6nnen wir vielleicht etwas erarbeiten, bei dem Br\u00f6tchen endlich wieder richtig gut schmecken, gesund sind und ihre Produktion \u00f6kologisch und sozial verantwortbar ist.<\/span><br style=\"font-family: Helvetica,Arial,sans-serif;\" \/><span style=\"font-family: Helvetica,Arial,sans-serif;\">In diesem Buch kommen unterschiedliche Autoren zu Wort, die ihre Ideen herrschaftsfreier Wirtschaft vorstellen. Wie das alles im Alltag aussehen k\u00f6nnte, deuten weitere Texte mit konkreten Projektans\u00e4tzen und Alternativen zu \u00f6konomischen Zw\u00e4ngen an.<\/span><br style=\"font-family: Helvetica,Arial,sans-serif;\" \/><span style=\"font-family: Helvetica,Arial,sans-serif;\"><span style=\"font-weight: bold;\">INHALT:<\/span> * <span style=\"font-weight: bold;\">Vorwort<\/span> * <span style=\"font-weight: bold;\">Annette Schlemm (Physikerin, Jena): Fragend voran..<\/span>. zu anderen Weisen der Bed\u00fcrfnisbefriedigung * <span style=\"font-weight: bold;\">Annette Schlemm: Umrisse einer konkreten Utopie:<\/span> Befreite, kreative Menschheit * Bed\u00fcrfnisse * Individuelle Selbstentfaltung und kooperative Selbstorganisierung (Herrschaftsfreiheit) * Die Freiheit, auch in der Produktion Alternativen zu schaffen * Wiedereinbettung des \u00d6konomischen ins Gesellschaftliche * Dezentral- vernetzte Strukturen * \u00d6kologisch vertr\u00e4gliche, humane und produktive technische <span style=\"font-weight: bold;\">Mittel * Franz Schandl (Historiker, Publizist, Redakteur der Zeitschrift Streifz\u00fcge, Wien): Gegen die Verwertung! <\/span>Utopie und Sozialismus*\u00a0 Eroberung der Fragen * Gutes Leben * <span style=\"font-weight: bold;\">Jutta Sundermann: Autonomie statt Konzernkontrolle<\/span>: International quer und souver\u00e4n denken * Von der Idee der Ern\u00e4hrungssouver\u00e4nit\u00e4t * <span style=\"font-weight: bold;\">Carola M\u00f6ller: Theoretische Zug\u00e4nge zu solidarischer \u00d6konomie<\/span>: Gesellschaftliche Ziele f\u00fcr eine solidarische \u00d6konomie Neugestaltung der Arbeit * PionierInnen? * <span style=\"font-weight: bold;\">Netzwerk Gratis\u00f6konomie: Bye- bye Capitalism<\/span>: Die Idee * Was sind Gratis\u00f6konomie- Projekte? * Warum soll das Netzwerk nur f\u00fcr Menschen offen sein, die sich in Gratis\u00f6konomie- Projekten engagieren und nicht f\u00fcr alle Leute? * Und wie funktioniert die Kooperation und gegenseitige Hilfe im Netzwerk konkret? * Einladung * <span style=\"font-weight: bold;\">Gruppe Solidarische \u00d6konomie\/Sch\u00f6ner leben aus Freiburg: \u201eSch\u00f6ner Leben\u201c<\/span> * Zum Beispiel die Solidarkasse * Zum Beispiel Austausch von F\u00e4higkeiten und Kenntnissen * Weitere Ans\u00e4tze bzw. Fragestellungen * <span style=\"font-weight: bold;\">Diskussionspapier aus dem Arbeitskreis Lokale \u00d6konomie e.V.: Soviel Erwerbsarbeit wie n\u00f6tig, so viel Gemeinschaftsarbeit und freie Zeit wie m\u00f6glich!<\/span> * Der Umsonstladen als Teil der Projektgemeinschaft * Was ist neue Arbeit f\u00fcr uns? * Zur Rolle<br \/>\nder Erwerbsarbeit * <span style=\"font-weight: bold;\">Simone Ott (Gie\u00dfen): Umsonstl\u00e4den: Wohlf\u00fchlprojekte f\u00fcr Revolution\u00e4re?!<\/span>: Eine Reaktion auf die Kritik von Robert Kurz * <span style=\"font-weight: bold;\">Jens Herrmann: Utopia meets reality.<\/span> Grenzerfahrungen in der anderen Wirtschaft:\u00a0 Ein Warensubjekt ist ein Warensubjekt ist ein Warensubjekt * Alternative Caritas * Willkommen in der Arbeitswelt * Wart Ihr schonmal im Fernsehen? * <span style=\"font-weight: bold;\">Werner Baeuner: Wer nicht arbeitet, soll auch nicht m\u00fcssen! <\/span>* <span style=\"font-weight: bold;\">Benni B\u00e4rmann, Stefan Meretz, Stefan Merten, Annette Schlemm: Knappheit<\/span> * <span style=\"font-weight: bold;\">Kristina Bayer (Berlin): Solidarwirtschaft in Brasilien<\/span>: Eine politische Momentaufnahme: Alter Wein in neuen Schl\u00e4uchen? * Zum Selbstverst\u00e4ndnis der solidar\u00f6konomischen Bewegung * Aufbruchsstimmung in den Projekten * Solidarwirtschaft versus Regierungspolitik * <span style=\"font-weight: bold;\">Annette Schlemm: Freie Software: Modell und Keimform einer neuen Weise der Bed\u00fcrfnisbefriedigung:<\/span> Freier Code und Freiheit der Organisierung * Einheit von individueller Selbstentfaltung und kooperativer Selbstorganisierung * Selbstentfaltung in Freiheit * Mehr als nur Software * Was tun? * <span style=\"font-weight: bold;\">Franz Nahrada: Global Villages<\/span> * <span style=\"font-weight: bold;\">Reiner Nebelung: Technik ist die Antwort- aber was ist eigentlich die Frage? <\/span>Do it yourself- aber bitte auf hohem Niveau * Selektiv Laser Melting Technologie (SLM) * Stereolithographie (SLA) * <span style=\"font-weight: bold;\">Aktuelle Entwicklungen <\/span>* <span style=\"font-weight: bold;\">Zweite \u00d6konomie mit anderen Zielen<\/span> * <span style=\"font-weight: bold;\">Schlusswort: Wer Visionen hat&#8230;. * Literatur und Lesehinweise<\/span> * Der Ticker- Initiativen und Ver\u00f6ffentlichungen aus den Themenkreisen * Herrschaft, Staat, Parteien * Direct Action * Kritische Psychologie * Kommunikation und Medien * Frei- R\u00e4ume * Markt und Macht * Lernen von unten, Schule, Uni, Ausbildung * Utopien und Experimente *<\/span><\/small><\/p>\n","protected":false},"excerpt":{"rendered":"<p>Herrschaftsfrei wirtschaften !Eigentum \u00fcberwinden \u2013 Technik und Produktion \u2013 Aktionen [&hellip;] &hellip; <a href=\"https:\/\/www.packpapierverlag.de\/?product=projektwerkstatt-herrschaftsfrei-wirtschaften\">Weiterlesen <span class=\"meta-nav\">&rarr;<\/span><\/a><\/p>\n","protected":false},"featured_media":4897,"template":"","meta":[],"product_brand":[],"product_cat":[6,3,4],"product_tag":[],"class_list":{"0":"post-494","1":"product","2":"type-product","3":"status-publish","4":"has-post-thumbnail","6":"product_cat-politik-und-geschichte","7":"product_cat-produkte","8":"product_cat-projekte-utopie-chaos","10":"first","11":"instock","12":"shipping-taxable","13":"purchasable","14":"product-type-simple"},"_links":{"self":[{"href":"https:\/\/www.packpapierverlag.de\/index.php?rest_route=\/wp\/v2\/product\/494","targetHints":{"allow":["GET"]}}],"collection":[{"href":"https:\/\/www.packpapierverlag.de\/index.php?rest_route=\/wp\/v2\/product"}],"about":[{"href":"https:\/\/www.packpapierverlag.de\/index.php?rest_route=\/wp\/v2\/types\/product"}],"wp:featuredmedia":[{"embeddable":true,"href":"https:\/\/www.packpapierverlag.de\/index.php?rest_route=\/wp\/v2\/media\/4897"}],"wp:attachment":[{"href":"https:\/\/www.packpapierverlag.de\/index.php?rest_route=%2Fwp%2Fv2%2Fmedia&parent=494"}],"wp:term":[{"taxonomy":"product_brand","embeddable":true,"href":"https:\/\/www.packpapierverlag.de\/index.php?rest_route=%2Fwp%2Fv2%2Fproduct_brand&post=494"},{"taxonomy":"product_cat","embeddable":true,"href":"https:\/\/www.packpapierverlag.de\/index.php?rest_route=%2Fwp%2Fv2%2Fproduct_cat&post=494"},{"taxonomy":"product_tag","embeddable":true,"href":"https:\/\/www.packpapierverlag.de\/index.php?rest_route=%2Fwp%2Fv2%2Fproduct_tag&post=494"}],"curies":[{"name":"wp","href":"https:\/\/api.w.org\/{rel}","templated":true}]}}