{"id":4962,"date":"2012-06-03T22:50:49","date_gmt":"2012-06-03T20:50:49","guid":{"rendered":"http:\/\/www.packpapierverlag.de\/?p=4962"},"modified":"2020-01-26T10:39:44","modified_gmt":"2020-01-26T09:39:44","slug":"das-food-coop-handbuch-gemeinsam-okologisch-handeln","status":"publish","type":"product","link":"https:\/\/www.packpapierverlag.de\/?product=das-food-coop-handbuch-gemeinsam-okologisch-handeln","title":{"rendered":"Das Food- Coop Handbuch. Gemeinsam \u00f6kologisch handeln (f35)"},"content":{"rendered":"<p><a href=\"https:\/\/www.packpapierverlag.de\/wp-content\/uploads\/2012\/06\/Food-Coop-Handbuch.jpg\"><img loading=\"lazy\" decoding=\"async\" class=\"alignleft size-medium wp-image-4963\" title=\"Food Coop Handbuch\" src=\"https:\/\/www.packpapierverlag.de\/wp-content\/uploads\/2012\/06\/Food-Coop-Handbuch-216x300.jpg\" alt=\"\" width=\"216\" height=\"300\" srcset=\"https:\/\/www.packpapierverlag.de\/wp-content\/uploads\/2012\/06\/Food-Coop-Handbuch-216x300.jpg 216w, https:\/\/www.packpapierverlag.de\/wp-content\/uploads\/2012\/06\/Food-Coop-Handbuch-300x417.jpg 300w, https:\/\/www.packpapierverlag.de\/wp-content\/uploads\/2012\/06\/Food-Coop-Handbuch-737x1024.jpg 737w, https:\/\/www.packpapierverlag.de\/wp-content\/uploads\/2012\/06\/Food-Coop-Handbuch.jpg 1024w\" sizes=\"auto, (max-width: 216px) 100vw, 216px\" \/><\/a><small style=\"color: #334b08;\"><span style=\"font-family: Helvetica,Arial,sans-serif;\">Bundesgemeinschaft der Lebensmittelkooperativen (Herausgeber):<\/span><br style=\"font-family: Helvetica,Arial,sans-serif;\" \/><big style=\"color: #808000;\"><span style=\"font-family: Helvetica,Arial,sans-serif; font-weight: bold;\">Food-Coop Handbuch. Gemeinsam \u00f6kologisch handeln (f35)<\/span><\/big> <br style=\"font-family: Helvetica,Arial,sans-serif;\" \/><span style=\"font-family: Helvetica,Arial,sans-serif;\">Bochum 1997. ISBN 3-00-005371-9<\/span><br style=\"font-family: Helvetica,Arial,sans-serif;\" \/><span style=\"font-family: Helvetica,Arial,sans-serif;\">110 Seiten mit Abbildungen<\/span><br style=\"font-family: Helvetica,Arial,sans-serif;\" \/><span style=\"font-family: Helvetica,Arial,sans-serif;\">Kooperationen statt Monopole, Direkteinkauf beim Erzeuger statt \u00fcber Gro\u00dflieferanten. F\u00fcr einen direkten Handel von Mensch zu Mensch und \u00f6kologisch und sozial nachhaltiges Wirtschaften.<\/span><br style=\"font-family: Helvetica,Arial,sans-serif;\" \/><span style=\"font-family: Helvetica,Arial,sans-serif;\">Das vorliegende Koop- Handbuch versteht sich als Leitfaden f\u00fcr die Neugr\u00fcndung von Koops und als Anregung zur Verbesserung und Motivation bestehender Koops. <\/span><br style=\"font-family: Helvetica,Arial,sans-serif;\" \/><span style=\"font-family: Helvetica,Arial,sans-serif; font-weight: bold;\">INHALT:<\/span><span style=\"font-family: Helvetica,Arial,sans-serif;\"> Vorwort * <span style=\"font-weight: bold;\">Koop-Typen <\/span>(z.B. Land- Koop mit Haushalten, Stadt- Koop mit Mitgliedern, Koops mit Ehrenamt, Koops mit bezahltem Ladendienst,&#8230;) * <span style=\"font-weight: bold;\">Neugr\u00fcndung <\/span>(Praktischer Leitfaden, Startschwierigkeiten, Erfahrungsberichte) * <span style=\"font-weight: bold;\">Mitglieder <\/span>(Kommunikations- und Entscheidungsstrukturen, Mitgliederversammlung, Arbeitsgruppen, Au\u00dfendarstellung, Mitgliederbetreuung,&#8230;) * <span style=\"font-weight: bold;\">Ladengestaltung und \u2013 Ausstattung<\/span> (Raum, Waren, Mitglieder, Infrastruktur, Grundausstattung, Kommunikation, Kinderecke, usw.) * <span style=\"font-weight: bold;\">Warenbezug <\/span>(Produktauswahl, Lieferantenauswahl, Bestellung, Lieferung, Bezahlung, Non-food-Bereich) * <span style=\"font-weight: bold;\">Warenabgabe <\/span>(Dienstsysteme, Ladendienst, Gebindegr\u00f6\u00dfen, Etikettensysteme, Bestellsysteme, Mitgliedereinkauf, \u00d6ffnungszeiten) * <span style=\"font-weight: bold;\">Warengegenwert und Finanzierung <\/span>(Finanzierungsprobleme, Verlustvermeidung, Von der Warenannahme bis zur Reklamation, Inventur und Buchhaltung, Schwierigkeiten) * <span style=\"font-weight: bold;\">Rechtsformen <\/span>(Vorstellung verschiedener Rechtsformen, Erfahrungsberichte Food- Koops und Steuern) * <span style=\"font-weight: bold;\">Vernetzung und \u00fcberregionale Zusammenschl\u00fcsse <\/span>(Bundesarbeitsgemeinschaft der Lebensmittelkooperativen e.V., \u00d6komarkt e.V., Rheinische Arbeitsgemeinschaft und \u00d6kologisches Handeln GMbH) * <span style=\"font-weight: bold;\">Politisches <\/span>(Politischer Hintergrund und Anspr\u00fcche: Ein Blick ins Gesch\u00e4ft, Agenda 21, Grundlegende Gedanken zu Ern\u00e4hrung und Jahreszeitenrhythmus) * <span style=\"font-weight: bold;\">Anhang<\/span>: Leitfaden zur Gr\u00fcndung, Satzungen, Quellen und Literatur, Adressenverzeichnis<\/span><br style=\"font-family: Helvetica,Arial,sans-serif;\" \/><\/small><\/p>\n","protected":false},"excerpt":{"rendered":"<p>Bundesgemeinschaft der Lebensmittelkooperativen (Herausgeber):Food-Coop Handbuch. Gemeinsam \u00f6kologisch handeln (f35) Bochum [&hellip;] &hellip; <a href=\"https:\/\/www.packpapierverlag.de\/?product=das-food-coop-handbuch-gemeinsam-okologisch-handeln\">Weiterlesen <span class=\"meta-nav\">&rarr;<\/span><\/a><\/p>\n","protected":false},"featured_media":4963,"template":"","meta":[],"product_brand":[],"product_cat":[41],"product_tag":[],"class_list":{"0":"post-4962","1":"product","2":"type-product","3":"status-publish","4":"has-post-thumbnail","6":"product_cat-antiquariat","8":"first","9":"instock","10":"shipping-taxable","11":"purchasable","12":"product-type-simple"},"_links":{"self":[{"href":"https:\/\/www.packpapierverlag.de\/index.php?rest_route=\/wp\/v2\/product\/4962","targetHints":{"allow":["GET"]}}],"collection":[{"href":"https:\/\/www.packpapierverlag.de\/index.php?rest_route=\/wp\/v2\/product"}],"about":[{"href":"https:\/\/www.packpapierverlag.de\/index.php?rest_route=\/wp\/v2\/types\/product"}],"wp:featuredmedia":[{"embeddable":true,"href":"https:\/\/www.packpapierverlag.de\/index.php?rest_route=\/wp\/v2\/media\/4963"}],"wp:attachment":[{"href":"https:\/\/www.packpapierverlag.de\/index.php?rest_route=%2Fwp%2Fv2%2Fmedia&parent=4962"}],"wp:term":[{"taxonomy":"product_brand","embeddable":true,"href":"https:\/\/www.packpapierverlag.de\/index.php?rest_route=%2Fwp%2Fv2%2Fproduct_brand&post=4962"},{"taxonomy":"product_cat","embeddable":true,"href":"https:\/\/www.packpapierverlag.de\/index.php?rest_route=%2Fwp%2Fv2%2Fproduct_cat&post=4962"},{"taxonomy":"product_tag","embeddable":true,"href":"https:\/\/www.packpapierverlag.de\/index.php?rest_route=%2Fwp%2Fv2%2Fproduct_tag&post=4962"}],"curies":[{"name":"wp","href":"https:\/\/api.w.org\/{rel}","templated":true}]}}