{"id":505,"date":"2010-12-12T16:42:32","date_gmt":"2010-12-12T15:42:32","guid":{"rendered":"http:\/\/www.packpapierverlag.de\/neu\/?p=505"},"modified":"2020-08-13T11:55:27","modified_gmt":"2020-08-13T09:55:27","slug":"ssm-koln-mulheim-20-jahre","status":"publish","type":"product","link":"https:\/\/www.packpapierverlag.de\/?product=ssm-koln-mulheim-20-jahre","title":{"rendered":"SSM K\u00f6ln M\u00fclheim 20 Jahre (zh08)"},"content":{"rendered":"<p>SSM K\u00f6ln M\u00fclheim 20 Jahre, 56 Seiten, DinA4\u00a0 &#8211; Nr.zh08<\/p>\n","protected":false},"excerpt":{"rendered":"<p>SSM K\u00f6ln M\u00fclheim 20 Jahre, 56 Seiten, DinA4\u00a0 &#8211; Nr.zh08<\/p>\n","protected":false},"featured_media":0,"template":"","meta":[],"product_brand":[],"product_cat":[6,3],"product_tag":[],"class_list":{"0":"post-505","1":"product","2":"type-product","3":"status-publish","5":"product_cat-politik-und-geschichte","6":"product_cat-produkte","8":"first","9":"instock","10":"shipping-taxable","11":"purchasable","12":"product-type-simple"},"_links":{"self":[{"href":"https:\/\/www.packpapierverlag.de\/index.php?rest_route=\/wp\/v2\/product\/505","targetHints":{"allow":["GET"]}}],"collection":[{"href":"https:\/\/www.packpapierverlag.de\/index.php?rest_route=\/wp\/v2\/product"}],"about":[{"href":"https:\/\/www.packpapierverlag.de\/index.php?rest_route=\/wp\/v2\/types\/product"}],"wp:attachment":[{"href":"https:\/\/www.packpapierverlag.de\/index.php?rest_route=%2Fwp%2Fv2%2Fmedia&parent=505"}],"wp:term":[{"taxonomy":"product_brand","embeddable":true,"href":"https:\/\/www.packpapierverlag.de\/index.php?rest_route=%2Fwp%2Fv2%2Fproduct_brand&post=505"},{"taxonomy":"product_cat","embeddable":true,"href":"https:\/\/www.packpapierverlag.de\/index.php?rest_route=%2Fwp%2Fv2%2Fproduct_cat&post=505"},{"taxonomy":"product_tag","embeddable":true,"href":"https:\/\/www.packpapierverlag.de\/index.php?rest_route=%2Fwp%2Fv2%2Fproduct_tag&post=505"}],"curies":[{"name":"wp","href":"https:\/\/api.w.org\/{rel}","templated":true}]}}