{"id":5096,"date":"2012-06-10T00:58:30","date_gmt":"2012-06-09T22:58:30","guid":{"rendered":"http:\/\/www.packpapierverlag.de\/?p=5096"},"modified":"2019-05-04T22:51:15","modified_gmt":"2019-05-04T20:51:15","slug":"immanuel-kant-was-ist-aufklarung","status":"publish","type":"product","link":"https:\/\/www.packpapierverlag.de\/?product=immanuel-kant-was-ist-aufklarung","title":{"rendered":"Immanuel Kant &#8211; Was ist Aufkl\u00e4rung? (e72)"},"content":{"rendered":"<p><a href=\"https:\/\/www.packpapierverlag.de\/wp-content\/uploads\/2012\/06\/Kant-Aufkl\u00e4rung.jpg\"><img loading=\"lazy\" decoding=\"async\" class=\"alignleft size-medium wp-image-5097\" title=\"Kant Aufkl\u00e4rung\" src=\"https:\/\/www.packpapierverlag.de\/wp-content\/uploads\/2012\/06\/Kant-Aufkl\u00e4rung-212x300.jpg\" alt=\"\" width=\"212\" height=\"300\" srcset=\"https:\/\/www.packpapierverlag.de\/wp-content\/uploads\/2012\/06\/Kant-Aufkl\u00e4rung-212x300.jpg 212w, https:\/\/www.packpapierverlag.de\/wp-content\/uploads\/2012\/06\/Kant-Aufkl\u00e4rung-300x424.jpg 300w, https:\/\/www.packpapierverlag.de\/wp-content\/uploads\/2012\/06\/Kant-Aufkl\u00e4rung-725x1024.jpg 725w, https:\/\/www.packpapierverlag.de\/wp-content\/uploads\/2012\/06\/Kant-Aufkl\u00e4rung.jpg 1024w\" sizes=\"auto, (max-width: 212px) 100vw, 212px\" \/><\/a> <small style=\"color: #1f3f3f;\"><big style=\"color: #346b6b;\"><span style=\"font-family: Helvetica,Arial,sans-serif; font-weight: bold;\">Immanuel Kant<\/span><br style=\"font-family: Helvetica,Arial,sans-serif; font-weight: bold;\" \/><span style=\"font-family: Helvetica,Arial,sans-serif; font-weight: bold;\">Beantwortung der Frage: Was ist Aufkl\u00e4rung?<\/span><\/big><br style=\"font-family: Helvetica,Arial,sans-serif;\" \/><span style=\"font-family: Helvetica,Arial,sans-serif;\">Kleines Heftchen, DIN A6, 24 Seiten.<\/span><br style=\"font-family: Helvetica,Arial,sans-serif;\" \/><span style=\"font-family: Helvetica,Arial,sans-serif;\">\u201eAufkl\u00e4rung ist der Ausgang des Menschen aus seiner selbst verschuldeten Unm\u00fcndigkeit. Unm\u00fcndigkeit ist das Unverm\u00f6gen, sich seines Verstandes ohne Leitung eines anderen zu bedienen. Selbstverschuldet ist diese Unm\u00fcndigkeit, wenn die Ursache derselben nicht am Mangel des Verstandes, sondern der Entschlie\u00dfung und des Mutes liegt, sich seiner ohne Leitung eines anderen zu bedienen. Sapere aude! Habe Mut dich deines eigenen Verstandes zu bedienen! ist also der Wahlspruch der Aufkl\u00e4rung. <\/span><span style=\"font-family: Helvetica,Arial,sans-serif;\">Faulheit und Feigheit sind die Ursachen, warum ein so gro\u00dfer Teil der Menschen (&#8230;) gerne zeitlebens unm\u00fcndig bleiben; und warum es Anderen so leicht wird, sich zu deren Vorm\u00fcndern aufzuwerfen. Es ist so bequem, unm\u00fcndig zu sein. (&#8230;)\u201c<\/span><\/small><\/p>\n","protected":false},"excerpt":{"rendered":"<p>Immanuel KantBeantwortung der Frage: Was ist Aufkl\u00e4rung?Kleines Heftchen, DIN A6, [&hellip;] &hellip; <a href=\"https:\/\/www.packpapierverlag.de\/?product=immanuel-kant-was-ist-aufklarung\">Weiterlesen <span class=\"meta-nav\">&rarr;<\/span><\/a><\/p>\n","protected":false},"featured_media":5097,"template":"","meta":[],"product_brand":[],"product_cat":[7,3],"product_tag":[],"class_list":{"0":"post-5096","1":"product","2":"type-product","3":"status-publish","4":"has-post-thumbnail","6":"product_cat-anarchie-hefte-und-bucher","7":"product_cat-produkte","9":"first","10":"instock","11":"shipping-taxable","12":"purchasable","13":"product-type-simple"},"_links":{"self":[{"href":"https:\/\/www.packpapierverlag.de\/index.php?rest_route=\/wp\/v2\/product\/5096","targetHints":{"allow":["GET"]}}],"collection":[{"href":"https:\/\/www.packpapierverlag.de\/index.php?rest_route=\/wp\/v2\/product"}],"about":[{"href":"https:\/\/www.packpapierverlag.de\/index.php?rest_route=\/wp\/v2\/types\/product"}],"wp:featuredmedia":[{"embeddable":true,"href":"https:\/\/www.packpapierverlag.de\/index.php?rest_route=\/wp\/v2\/media\/5097"}],"wp:attachment":[{"href":"https:\/\/www.packpapierverlag.de\/index.php?rest_route=%2Fwp%2Fv2%2Fmedia&parent=5096"}],"wp:term":[{"taxonomy":"product_brand","embeddable":true,"href":"https:\/\/www.packpapierverlag.de\/index.php?rest_route=%2Fwp%2Fv2%2Fproduct_brand&post=5096"},{"taxonomy":"product_cat","embeddable":true,"href":"https:\/\/www.packpapierverlag.de\/index.php?rest_route=%2Fwp%2Fv2%2Fproduct_cat&post=5096"},{"taxonomy":"product_tag","embeddable":true,"href":"https:\/\/www.packpapierverlag.de\/index.php?rest_route=%2Fwp%2Fv2%2Fproduct_tag&post=5096"}],"curies":[{"name":"wp","href":"https:\/\/api.w.org\/{rel}","templated":true}]}}

Immanuel Kant &#8211; Was ist Aufklärung? (e72)

<p><a href="https://www.packpapierverlag.de/wp-content/uploads/2012/06/Kant-Aufklärung.jpg"><img loading="lazy" decoding="async" class="alignleft size-medium wp-image-5097" title="Kant Aufklärung" src="https://www.packpapierverlag.de/wp-content/uploads/2012/06/Kant-Aufklärung-212x300.jpg" alt="" width="212" height="300" srcset="https://www.packpapierverlag.de/wp-content/uploads/2012/06/Kant-Aufklärung-212x300.jpg 212w, https://www.packpapierverlag.de/wp-content/uploads/2012/06/Kant-Aufklärung-300x424.jpg 300w, https://www.packpapierverlag.de/wp-content/uploads/2012/06/Kant-Aufklärung-725x1024.jpg 725w, https://www.packpapierverlag.de/wp-content/uploads/2012/06/Kant-Aufklärung.jpg 1024w" sizes="auto, (max-width: 212px) 100vw, 212px" /></a> <small style="color: #1f3f3f;"><big style="color: #346b6b;"><span style="font-family: Helvetica,Arial,sans-serif; font-weight: bold;">Immanuel Kant</span><br style="font-family: Helvetica,Arial,sans-serif; font-weight: bold;" /><span style="font-family: Helvetica,Arial,sans-serif; font-weight: bold;">Beantwortung der Frage: Was ist Aufklärung?</span></big><br style="font-family: Helvetica,Arial,sans-serif;" /><span style="font-family: Helvetica,Arial,sans-serif;">Kleines Heftchen, DIN A6, 24 Seiten.</span><br style="font-family: Helvetica,Arial,sans-serif;" /><span style="font-family: Helvetica,Arial,sans-serif;">„Aufklärung ist der Ausgang des Menschen aus seiner selbst verschuldeten Unmündigkeit. Unmündigkeit ist das Unvermögen, sich seines Verstandes ohne Leitung eines anderen zu bedienen. Selbstverschuldet ist diese Unmündigkeit, wenn die Ursache derselben nicht am Mangel des Verstandes, sondern der Entschließung und des Mutes liegt, sich seiner ohne Leitung eines anderen zu bedienen. Sapere aude! Habe Mut dich deines eigenen Verstandes zu bedienen! ist also der Wahlspruch der Aufklärung. </span><span style="font-family: Helvetica,Arial,sans-serif;">Faulheit und Feigheit sind die Ursachen, warum ein so großer Teil der Menschen (&#8230;) gerne zeitlebens unmündig bleiben; und warum es Anderen so leicht wird, sich zu deren Vormündern aufzuwerfen. Es ist so bequem, unmündig zu sein. (&#8230;)“</span></small></p>

<p>Immanuel KantBeantwortung der Frage: Was ist Aufklärung?Kleines Heftchen, DIN A6, [&hellip;] &hellip; <a href="https://www.packpapierverlag.de/?product=immanuel-kant-was-ist-aufklarung">Weiterlesen <span class="meta-nav">&rarr;</span></a></p>
