{"id":5099,"date":"2012-06-10T01:05:27","date_gmt":"2012-06-09T23:05:27","guid":{"rendered":"http:\/\/www.packpapierverlag.de\/?p=5099"},"modified":"2017-04-24T11:18:21","modified_gmt":"2017-04-24T09:18:21","slug":"emma-goldman-die-russische-revolution-e54","status":"publish","type":"product","link":"https:\/\/www.packpapierverlag.de\/?product=emma-goldman-die-russische-revolution-e54","title":{"rendered":"Emma Goldman Die russische Revolution (e54)"},"content":{"rendered":"<p><a href=\"https:\/\/www.packpapierverlag.de\/wp-content\/uploads\/2012\/06\/Goldman-Russische-Revolution.jpg\"><img loading=\"lazy\" decoding=\"async\" class=\"alignleft size-medium wp-image-5100\" title=\"Goldman Russische Revolution\" src=\"https:\/\/www.packpapierverlag.de\/wp-content\/uploads\/2012\/06\/Goldman-Russische-Revolution-201x300.jpg\" alt=\"\" width=\"201\" height=\"300\" srcset=\"https:\/\/www.packpapierverlag.de\/wp-content\/uploads\/2012\/06\/Goldman-Russische-Revolution-201x300.jpg 201w, https:\/\/www.packpapierverlag.de\/wp-content\/uploads\/2012\/06\/Goldman-Russische-Revolution-300x446.jpg 300w, https:\/\/www.packpapierverlag.de\/wp-content\/uploads\/2012\/06\/Goldman-Russische-Revolution-688x1024.jpg 688w, https:\/\/www.packpapierverlag.de\/wp-content\/uploads\/2012\/06\/Goldman-Russische-Revolution.jpg 1024w\" sizes=\"auto, (max-width: 201px) 100vw, 201px\" \/><\/a><small style=\"color: #152b30;\"><span style=\"font-family: Helvetica,Arial,sans-serif;\">Heft in DIN A6 mit 44 Seiten. 2 Aufs\u00e4tze<\/span><br style=\"font-family: Helvetica,Arial,sans-serif;\" \/><big><span style=\"font-family: Helvetica,Arial,sans-serif; font-weight: bold;\">Emma Goldman: Die russische Revolution und das autorit\u00e4re Prinzip (1924)<\/span><span style=\"font-family: Helvetica,Arial,sans-serif;\"> <span style=\"font-weight: bold; color: #992a6c;\">&amp;<\/span><\/span><\/big><span style=\"font-family: Helvetica,Arial,sans-serif;\"><big><span style=\"font-weight: bold;\"> Rudolf Rocker: Dem Andenken einer alten Freundin (\u00fcber Emma Goldman)<\/span><\/big><\/span><br style=\"font-family: Helvetica,Arial,sans-serif;\" \/><span style=\"font-family: Helvetica,Arial,sans-serif;\"><span style=\"font-weight: bold;\">Zur Person Emma Goldmans<\/span>:<br \/>\nAls ebenso unerschrockene wie wortm\u00e4chtige Anw\u00e4ltin libert\u00e4rer Tendenzen war die aus Ru\u00dfland stammende, aber fr\u00fch nach Amerika gekommene Emma Goldman eine der eigenwilligsten und bekanntesten Pers\u00f6nlichkeiten der anarchistischen Bewegung.<\/span><span style=\"font-family: Helvetica,Arial,sans-serif;\"> 1886 war sie im Alter von 17 Jahren aus dem russisch- j\u00fcdischen Bildungsb\u00fcrgertum ihrer Familie ausgebrochen und folgte ihrer Schwester Helene in die Staaten. Unter dem Eindruck der Hinrichtung mehrerer Anarchisten wurde Emma Goldman zur militanten Anarchistin. Sie wurde mehrfach inhaftiert oder mu\u00dfte \u201euntertauchen\u201c, etwa nach Bergmanns gescheiterten Attentat auf Frick. Von 1906 bis 1917 gab Emma Goldman die anarchistische Zeitschrift \u201eMother Earth\u201c heraus und wurde neben Berkman der anarchistische Motor des amerikanischen Anarchismus.<\/span><span style=\"font-family: Helvetica,Arial,sans-serif;\"> Emma Goldman trat f\u00fcr eine individuelle revolution\u00e4re Selbstbefreiung vor allem der Arbeiter, f\u00fcr die Emanzipation von Mann und Frau und f\u00fcr eine freie Sexualmoral ein und sie bek\u00e4mpfte jede Form des Militarismus. Wie viele andere Anarchisten und Kommunisten ging sie nach der Revolution (in ihrem Fall zur\u00fcck) nach Ru\u00dfland und wurde entt\u00e4uscht von der bolschewistischen Diktatur, die sie als \u201eb\u00fcrokratisches Monstrum\u201c bezeichnete. Wie so viele Anarchisten (etwa Proudhon) sprach sie bei Lenin vor, um sich gegen die Verfolgung der Anarchisten durch die Bolschewisten zu wenden- nat\u00fcrlich ohne Erfolg. Durch die russische Revolution desillusioniert, wanderte sie erst nach England, sp\u00e4ter nach Kanada aus, wo sie 1940 starb.<\/span><\/small><\/p>\n","protected":false},"excerpt":{"rendered":"<p>Heft in DIN A6 mit 44 Seiten. 2 Aufs\u00e4tzeEmma Goldman: [&hellip;] &hellip; <a href=\"https:\/\/www.packpapierverlag.de\/?product=emma-goldman-die-russische-revolution-e54\">Weiterlesen <span class=\"meta-nav\">&rarr;<\/span><\/a><\/p>\n","protected":false},"featured_media":5100,"template":"","meta":[],"product_brand":[],"product_cat":[7,3],"product_tag":[],"class_list":{"0":"post-5099","1":"product","2":"type-product","3":"status-publish","4":"has-post-thumbnail","6":"product_cat-anarchie-hefte-und-bucher","7":"product_cat-produkte","9":"first","10":"instock","11":"shipping-taxable","12":"purchasable","13":"product-type-simple"},"_links":{"self":[{"href":"https:\/\/www.packpapierverlag.de\/index.php?rest_route=\/wp\/v2\/product\/5099","targetHints":{"allow":["GET"]}}],"collection":[{"href":"https:\/\/www.packpapierverlag.de\/index.php?rest_route=\/wp\/v2\/product"}],"about":[{"href":"https:\/\/www.packpapierverlag.de\/index.php?rest_route=\/wp\/v2\/types\/product"}],"wp:featuredmedia":[{"embeddable":true,"href":"https:\/\/www.packpapierverlag.de\/index.php?rest_route=\/wp\/v2\/media\/5100"}],"wp:attachment":[{"href":"https:\/\/www.packpapierverlag.de\/index.php?rest_route=%2Fwp%2Fv2%2Fmedia&parent=5099"}],"wp:term":[{"taxonomy":"product_brand","embeddable":true,"href":"https:\/\/www.packpapierverlag.de\/index.php?rest_route=%2Fwp%2Fv2%2Fproduct_brand&post=5099"},{"taxonomy":"product_cat","embeddable":true,"href":"https:\/\/www.packpapierverlag.de\/index.php?rest_route=%2Fwp%2Fv2%2Fproduct_cat&post=5099"},{"taxonomy":"product_tag","embeddable":true,"href":"https:\/\/www.packpapierverlag.de\/index.php?rest_route=%2Fwp%2Fv2%2Fproduct_tag&post=5099"}],"curies":[{"name":"wp","href":"https:\/\/api.w.org\/{rel}","templated":true}]}}