{"id":5107,"date":"2012-06-10T01:19:39","date_gmt":"2012-06-09T23:19:39","guid":{"rendered":"http:\/\/www.packpapierverlag.de\/?p=5107"},"modified":"2017-04-22T18:39:18","modified_gmt":"2017-04-22T16:39:18","slug":"paul-lafargue-pius-ix-mythos-der-unbefleckten-empfangnis-e67","status":"publish","type":"product","link":"https:\/\/www.packpapierverlag.de\/?product=paul-lafargue-pius-ix-mythos-der-unbefleckten-empfangnis-e67","title":{"rendered":"Paul Lafargue: Pius IX. &#038; Mythos der unbefleckten Empf\u00e4ngnis (e67)"},"content":{"rendered":"<p><a href=\"https:\/\/www.packpapierverlag.de\/wp-content\/uploads\/2012\/06\/Lafargue-Pius.jpg\"><img loading=\"lazy\" decoding=\"async\" class=\"alignleft size-medium wp-image-5108\" title=\"Lafargue Pius\" src=\"https:\/\/www.packpapierverlag.de\/wp-content\/uploads\/2012\/06\/Lafargue-Pius-209x300.jpg\" alt=\"\" width=\"209\" height=\"300\" srcset=\"https:\/\/www.packpapierverlag.de\/wp-content\/uploads\/2012\/06\/Lafargue-Pius-209x300.jpg 209w, https:\/\/www.packpapierverlag.de\/wp-content\/uploads\/2012\/06\/Lafargue-Pius-300x430.jpg 300w, https:\/\/www.packpapierverlag.de\/wp-content\/uploads\/2012\/06\/Lafargue-Pius-714x1024.jpg 714w, https:\/\/www.packpapierverlag.de\/wp-content\/uploads\/2012\/06\/Lafargue-Pius.jpg 1024w\" sizes=\"auto, (max-width: 209px) 100vw, 209px\" \/><\/a><small style=\"color: #1f3e3e;\"><big style=\"font-weight: bold; color: #4e2663;\"><span style=\"font-family: Helvetica,Arial,sans-serif;\">Paul Lafargue:<br \/>\nPius IX. im Paradies <span style=\"color: #ae031d;\">&amp; <\/span>Der Mythos von der unbefleckten Empf\u00e4ngnis<\/span><\/big><br style=\"font-family: Helvetica,Arial,sans-serif;\" \/><span style=\"font-family: Helvetica,Arial,sans-serif;\">Mit Anmerkungen und einer biographischen Notiz. DIN A 6 Heft, 52 Seiten<\/span><br style=\"font-family: Helvetica,Arial,sans-serif;\" \/><span style=\"font-family: Helvetica,Arial,sans-serif;\">Bei dem ersten Text (einem B\u00fchnenst\u00fcck) handelt es sich um eine derbe Posse auf die himmlische Familie, das Christentum und die Papst- Kirche. Pius begegnet im Himmel v\u00f6llig fassungslos einer sexuell und moralisch haltlosen und grotesk dummen Familie, die ihn an den Rand des Nervenzusammenbruchs bringt. Insbesondere die sexuellen und famili\u00e4ren Verquickungen, die aus der Dreifaltigkeit folgen, machen ihm schwer zu schaffen. <\/span><span style=\"font-family: Helvetica,Arial,sans-serif;\">Bei dem zweiten Text handelt es sich um eine Studie zum Mythos der unbefleckten Empf\u00e4ngnis, der nicht nur im Christentum bekannt ist. Lafargue f\u00fchrt Beispiele unter anderem aus der griechischen Mythologie und von Naturv\u00f6lkern an, unter anderem Kopfgeburten und Geburten, die nicht aus einem weiblichen Leib heraus erfolgen. Letztlich geht es bei solchen Mythen immer um den rechtlichen Anspruch, der im Zusammenhang mit dem jeweils geltenden Matriarchat oder Patriarchat steht. In einigen F\u00e4llen sollen auch Vergewaltigung und Inzest verschleiert werden.<\/span><\/small><\/p>\n","protected":false},"excerpt":{"rendered":"<p>Paul Lafargue: Pius IX. im Paradies &amp; Der Mythos von [&hellip;] &hellip; <a href=\"https:\/\/www.packpapierverlag.de\/?product=paul-lafargue-pius-ix-mythos-der-unbefleckten-empfangnis-e67\">Weiterlesen <span class=\"meta-nav\">&rarr;<\/span><\/a><\/p>\n","protected":false},"featured_media":5108,"template":"","meta":[],"product_brand":[],"product_cat":[7,3],"product_tag":[],"class_list":{"0":"post-5107","1":"product","2":"type-product","3":"status-publish","4":"has-post-thumbnail","6":"product_cat-anarchie-hefte-und-bucher","7":"product_cat-produkte","9":"first","10":"instock","11":"shipping-taxable","12":"purchasable","13":"product-type-simple"},"_links":{"self":[{"href":"https:\/\/www.packpapierverlag.de\/index.php?rest_route=\/wp\/v2\/product\/5107","targetHints":{"allow":["GET"]}}],"collection":[{"href":"https:\/\/www.packpapierverlag.de\/index.php?rest_route=\/wp\/v2\/product"}],"about":[{"href":"https:\/\/www.packpapierverlag.de\/index.php?rest_route=\/wp\/v2\/types\/product"}],"wp:featuredmedia":[{"embeddable":true,"href":"https:\/\/www.packpapierverlag.de\/index.php?rest_route=\/wp\/v2\/media\/5108"}],"wp:attachment":[{"href":"https:\/\/www.packpapierverlag.de\/index.php?rest_route=%2Fwp%2Fv2%2Fmedia&parent=5107"}],"wp:term":[{"taxonomy":"product_brand","embeddable":true,"href":"https:\/\/www.packpapierverlag.de\/index.php?rest_route=%2Fwp%2Fv2%2Fproduct_brand&post=5107"},{"taxonomy":"product_cat","embeddable":true,"href":"https:\/\/www.packpapierverlag.de\/index.php?rest_route=%2Fwp%2Fv2%2Fproduct_cat&post=5107"},{"taxonomy":"product_tag","embeddable":true,"href":"https:\/\/www.packpapierverlag.de\/index.php?rest_route=%2Fwp%2Fv2%2Fproduct_tag&post=5107"}],"curies":[{"name":"wp","href":"https:\/\/api.w.org\/{rel}","templated":true}]}}

Paul Lafargue: Pius IX. &#038; Mythos der unbefleckten Empfängnis (e67)

<p><a href="https://www.packpapierverlag.de/wp-content/uploads/2012/06/Lafargue-Pius.jpg"><img loading="lazy" decoding="async" class="alignleft size-medium wp-image-5108" title="Lafargue Pius" src="https://www.packpapierverlag.de/wp-content/uploads/2012/06/Lafargue-Pius-209x300.jpg" alt="" width="209" height="300" srcset="https://www.packpapierverlag.de/wp-content/uploads/2012/06/Lafargue-Pius-209x300.jpg 209w, https://www.packpapierverlag.de/wp-content/uploads/2012/06/Lafargue-Pius-300x430.jpg 300w, https://www.packpapierverlag.de/wp-content/uploads/2012/06/Lafargue-Pius-714x1024.jpg 714w, https://www.packpapierverlag.de/wp-content/uploads/2012/06/Lafargue-Pius.jpg 1024w" sizes="auto, (max-width: 209px) 100vw, 209px" /></a><small style="color: #1f3e3e;"><big style="font-weight: bold; color: #4e2663;"><span style="font-family: Helvetica,Arial,sans-serif;">Paul Lafargue:<br />
Pius IX. im Paradies <span style="color: #ae031d;">&amp; </span>Der Mythos von der unbefleckten Empfängnis</span></big><br style="font-family: Helvetica,Arial,sans-serif;" /><span style="font-family: Helvetica,Arial,sans-serif;">Mit Anmerkungen und einer biographischen Notiz. DIN A 6 Heft, 52 Seiten</span><br style="font-family: Helvetica,Arial,sans-serif;" /><span style="font-family: Helvetica,Arial,sans-serif;">Bei dem ersten Text (einem Bühnenstück) handelt es sich um eine derbe Posse auf die himmlische Familie, das Christentum und die Papst- Kirche. Pius begegnet im Himmel völlig fassungslos einer sexuell und moralisch haltlosen und grotesk dummen Familie, die ihn an den Rand des Nervenzusammenbruchs bringt. Insbesondere die sexuellen und familiären Verquickungen, die aus der Dreifaltigkeit folgen, machen ihm schwer zu schaffen. </span><span style="font-family: Helvetica,Arial,sans-serif;">Bei dem zweiten Text handelt es sich um eine Studie zum Mythos der unbefleckten Empfängnis, der nicht nur im Christentum bekannt ist. Lafargue führt Beispiele unter anderem aus der griechischen Mythologie und von Naturvölkern an, unter anderem Kopfgeburten und Geburten, die nicht aus einem weiblichen Leib heraus erfolgen. Letztlich geht es bei solchen Mythen immer um den rechtlichen Anspruch, der im Zusammenhang mit dem jeweils geltenden Matriarchat oder Patriarchat steht. In einigen Fällen sollen auch Vergewaltigung und Inzest verschleiert werden.</span></small></p>
