{"id":5143,"date":"2012-06-11T22:32:20","date_gmt":"2012-06-11T20:32:20","guid":{"rendered":"http:\/\/www.packpapierverlag.de\/?p=5143"},"modified":"2020-01-29T21:30:51","modified_gmt":"2020-01-29T20:30:51","slug":"20-jahre-kommune-niederkaufungen-f40","status":"publish","type":"product","link":"https:\/\/www.packpapierverlag.de\/?product=20-jahre-kommune-niederkaufungen-f40","title":{"rendered":"Kommune Niederkaufungen, 20 Jahre  (f40)"},"content":{"rendered":"<p>Preis: [yak_price] [yak_buy]<br \/>\n<a href=\"https:\/\/www.packpapierverlag.de\/wp-content\/uploads\/2012\/06\/Kommune-Niederkaufungen.jpg\"><img loading=\"lazy\" decoding=\"async\" class=\"alignleft size-medium wp-image-5144\" title=\"Kommune Niederkaufungen\" src=\"https:\/\/www.packpapierverlag.de\/wp-content\/uploads\/2012\/06\/Kommune-Niederkaufungen-234x300.jpg\" alt=\"\" width=\"234\" height=\"300\" srcset=\"https:\/\/www.packpapierverlag.de\/wp-content\/uploads\/2012\/06\/Kommune-Niederkaufungen-234x300.jpg 234w, https:\/\/www.packpapierverlag.de\/wp-content\/uploads\/2012\/06\/Kommune-Niederkaufungen-300x384.jpg 300w, https:\/\/www.packpapierverlag.de\/wp-content\/uploads\/2012\/06\/Kommune-Niederkaufungen-799x1024.jpg 799w, https:\/\/www.packpapierverlag.de\/wp-content\/uploads\/2012\/06\/Kommune-Niederkaufungen.jpg 1024w\" sizes=\"auto, (max-width: 234px) 100vw, 234px\" \/><\/a><\/p>\n<p><small style=\"color: #1e3d3d; font-family: Helvetica,Arial,sans-serif;\"><big style=\"color: #7b297b;\"><span style=\"font-weight: bold;\">20 Jahre Momentaufnahmen aus der<br \/>\nKommune Niederkaufungen<\/span><\/big><br \/>\nKaufungen 2007. ISBN 978-3-00-021409-7. 151 Seiten, viele s\/w-Photos.<br \/>\nEin wunderbar inspirierendes und mutmachendes Buch und ein<br \/>\nlebenswirklicher Einblick in das Leben einer gro\u00dfen Kommune<br \/>\nund die Freiheit, in einer wirklich solidarischen Gemeinschaft zu leben.<br \/>\nDie Kommunarden leben im eigenen Zimmer, in Kleinfamilien, WGs oder<br \/>\ngleich- und andersgeschlechtlichen Partnerschaften, einige halten sich<br \/>\nfast nur an den gemeinsamen Versammlungs- Pl\u00e4tzen auf, andere<br \/>\nam liebsten in ihrem Musikzimmer, die n\u00e4chsten haben ihre<br \/>\nfesten Bezugsorte wie z.B. die Schreinerei oder das<br \/>\nKr\u00e4uterbeet, einige sind sehr gesellig, andere ziehen sich<br \/>\ngerne mal in ihr K\u00e4mmerchen zur\u00fcck; unter dem Dach<br \/>\nder Kommune gestaltet jeder seinen pers\u00f6nlichen Bereich, wie<br \/>\nes ihm am sch\u00f6nsten erscheint. Da\u00df niemand<br \/>\nvereinzelt, daf\u00fcr sorgen Versammlungen, Feste,<br \/>\nDemonstrationen, das Zusammen-Wirtschaften und Arbeiten, Renovieren,<br \/>\nund vieles mehr. Mit seinen Problemen wird niemand allein gelassen, man<br \/>\nhilft einander im Alltag und wechselt sich mit verschiedenen Diensten<br \/>\nwie W\u00e4schewaschen, Kochen, Kinderbetreuen, usw. ab. Alle<br \/>\nEntscheidungen werden im Konsens getroffen; hier gibt es keine<br \/>\nMehrheit, die die Minderheit zwingt, sich zu f\u00fcgen. Viele<br \/>\nMenschen finden in der Kommune erstmals ein sicheres und<br \/>\nverl\u00e4\u00dfliches Umfeld, in dem sie z.B. aufgrund einer<br \/>\nKrankheit, des Alters oder einer gleichgeschlechtlichen Liebe nicht<br \/>\nausgegrenzt oder angefeindet werden.<br \/>\nEin Paradies? Nein, einfach nur das, was m\u00f6glich ist, wenn<br \/>\nMenschen ihren Mut zusammennehmen und bereit sind, sich f\u00fcr<br \/>\nFreiheit, Selbstbestimmung und eine Welt, die auch Morgen noch<br \/>\nlebenswert ist, auf ein Leben in einer verbindlichen und kooperativen<br \/>\nGemeinschaft einzulassen.<br \/>\nIn diesem Buch \u00e4u\u00dfern sich 53 KommunardInnen aus den<br \/>\nJahrg\u00e4ngen 1940 bis 2000 zu ihrem Leben in der Kommune, wie<br \/>\nsie hierherkamen, was sie erhofften, was sie fanden und sie<br \/>\n\u00e4u\u00dfern ihre W\u00fcnsche, was sie noch alles<br \/>\nmit, f\u00fcr und durch die Kommune erreichen m\u00f6chten.<br \/>\nAus der Einleitung von Mo Auerswald: \u201eVor 25 Jahren hatte<br \/>\nauch ich daran geglaubt, da\u00df wir nur unseren Alltag, unsere<br \/>\nStrukturen ver\u00e4ndern m\u00fc\u00dften, um ein<br \/>\ngerechteres, sinnerf\u00fcllteres, hierarchiefreieres Leben, eben<br \/>\nein \u201ebesseres\u201c Leben, hinzukriegen. Ich dachte,<br \/>\nwenn wir nur unsere t\u00e4glichen Erfahrungen zum Beispiel an<br \/>\nunserem Arbeitsplatz ver\u00e4ndern &#8211; ein<br \/>\n\u201eSein\u201c ohne Chefin oder Chef, entscheiden und<br \/>\narbeiten im Kollektiv &#8211; W\u00fcrde sich, ganz automatisch und wie<br \/>\nvon selbst unser Verantwortungsgef\u00fchl f\u00fcr das<br \/>\nGesamte, unser Einsatz f\u00fcr die Gruppe, unsere Zufriedenheit<br \/>\ndank unserer Selbstbestimmtheit, erh\u00f6hen. Denkste! Ganz so<br \/>\neinfach war und ist das nicht.\u201c<\/small><\/p>\n","protected":false},"excerpt":{"rendered":"<p>Preis: [yak_price] [yak_buy] 20 Jahre Momentaufnahmen aus der Kommune Niederkaufungen [&hellip;] &hellip; <a href=\"https:\/\/www.packpapierverlag.de\/?product=20-jahre-kommune-niederkaufungen-f40\">Weiterlesen <span class=\"meta-nav\">&rarr;<\/span><\/a><\/p>\n","protected":false},"featured_media":0,"template":"","meta":[],"product_brand":[],"product_cat":[6],"product_tag":[],"class_list":{"0":"post-5143","1":"product","2":"type-product","3":"status-publish","5":"product_cat-politik-und-geschichte","7":"first","8":"instock","9":"shipping-taxable","10":"purchasable","11":"product-type-simple"},"_links":{"self":[{"href":"https:\/\/www.packpapierverlag.de\/index.php?rest_route=\/wp\/v2\/product\/5143","targetHints":{"allow":["GET"]}}],"collection":[{"href":"https:\/\/www.packpapierverlag.de\/index.php?rest_route=\/wp\/v2\/product"}],"about":[{"href":"https:\/\/www.packpapierverlag.de\/index.php?rest_route=\/wp\/v2\/types\/product"}],"wp:attachment":[{"href":"https:\/\/www.packpapierverlag.de\/index.php?rest_route=%2Fwp%2Fv2%2Fmedia&parent=5143"}],"wp:term":[{"taxonomy":"product_brand","embeddable":true,"href":"https:\/\/www.packpapierverlag.de\/index.php?rest_route=%2Fwp%2Fv2%2Fproduct_brand&post=5143"},{"taxonomy":"product_cat","embeddable":true,"href":"https:\/\/www.packpapierverlag.de\/index.php?rest_route=%2Fwp%2Fv2%2Fproduct_cat&post=5143"},{"taxonomy":"product_tag","embeddable":true,"href":"https:\/\/www.packpapierverlag.de\/index.php?rest_route=%2Fwp%2Fv2%2Fproduct_tag&post=5143"}],"curies":[{"name":"wp","href":"https:\/\/api.w.org\/{rel}","templated":true}]}}

<p>Preis: [yak_price] [yak_buy]<br />
<a href="https://www.packpapierverlag.de/wp-content/uploads/2012/06/Kommune-Niederkaufungen.jpg"><img loading="lazy" decoding="async" class="alignleft size-medium wp-image-5144" title="Kommune Niederkaufungen" src="https://www.packpapierverlag.de/wp-content/uploads/2012/06/Kommune-Niederkaufungen-234x300.jpg" alt="" width="234" height="300" srcset="https://www.packpapierverlag.de/wp-content/uploads/2012/06/Kommune-Niederkaufungen-234x300.jpg 234w, https://www.packpapierverlag.de/wp-content/uploads/2012/06/Kommune-Niederkaufungen-300x384.jpg 300w, https://www.packpapierverlag.de/wp-content/uploads/2012/06/Kommune-Niederkaufungen-799x1024.jpg 799w, https://www.packpapierverlag.de/wp-content/uploads/2012/06/Kommune-Niederkaufungen.jpg 1024w" sizes="auto, (max-width: 234px) 100vw, 234px" /></a></p>
<p><small style="color: #1e3d3d; font-family: Helvetica,Arial,sans-serif;"><big style="color: #7b297b;"><span style="font-weight: bold;">20 Jahre Momentaufnahmen aus der<br />
Kommune Niederkaufungen</span></big><br />
Kaufungen 2007. ISBN 978-3-00-021409-7. 151 Seiten, viele s/w-Photos.<br />
Ein wunderbar inspirierendes und mutmachendes Buch und ein<br />
lebenswirklicher Einblick in das Leben einer großen Kommune<br />
und die Freiheit, in einer wirklich solidarischen Gemeinschaft zu leben.<br />
Die Kommunarden leben im eigenen Zimmer, in Kleinfamilien, WGs oder<br />
gleich- und andersgeschlechtlichen Partnerschaften, einige halten sich<br />
fast nur an den gemeinsamen Versammlungs- Plätzen auf, andere<br />
am liebsten in ihrem Musikzimmer, die nächsten haben ihre<br />
festen Bezugsorte wie z.B. die Schreinerei oder das<br />
Kräuterbeet, einige sind sehr gesellig, andere ziehen sich<br />
gerne mal in ihr Kämmerchen zurück; unter dem Dach<br />
der Kommune gestaltet jeder seinen persönlichen Bereich, wie<br />
es ihm am schönsten erscheint. Daß niemand<br />
vereinzelt, dafür sorgen Versammlungen, Feste,<br />
Demonstrationen, das Zusammen-Wirtschaften und Arbeiten, Renovieren,<br />
und vieles mehr. Mit seinen Problemen wird niemand allein gelassen, man<br />
hilft einander im Alltag und wechselt sich mit verschiedenen Diensten<br />
wie Wäschewaschen, Kochen, Kinderbetreuen, usw. ab. Alle<br />
Entscheidungen werden im Konsens getroffen; hier gibt es keine<br />
Mehrheit, die die Minderheit zwingt, sich zu fügen. Viele<br />
Menschen finden in der Kommune erstmals ein sicheres und<br />
verläßliches Umfeld, in dem sie z.B. aufgrund einer<br />
Krankheit, des Alters oder einer gleichgeschlechtlichen Liebe nicht<br />
ausgegrenzt oder angefeindet werden.<br />
Ein Paradies? Nein, einfach nur das, was möglich ist, wenn<br />
Menschen ihren Mut zusammennehmen und bereit sind, sich für<br />
Freiheit, Selbstbestimmung und eine Welt, die auch Morgen noch<br />
lebenswert ist, auf ein Leben in einer verbindlichen und kooperativen<br />
Gemeinschaft einzulassen.<br />
In diesem Buch äußern sich 53 KommunardInnen aus den<br />
Jahrgängen 1940 bis 2000 zu ihrem Leben in der Kommune, wie<br />
sie hierherkamen, was sie erhofften, was sie fanden und sie<br />
äußern ihre Wünsche, was sie noch alles<br />
mit, für und durch die Kommune erreichen möchten.<br />
Aus der Einleitung von Mo Auerswald: „Vor 25 Jahren hatte<br />
auch ich daran geglaubt, daß wir nur unseren Alltag, unsere<br />
Strukturen verändern müßten, um ein<br />
gerechteres, sinnerfüllteres, hierarchiefreieres Leben, eben<br />
ein „besseres“ Leben, hinzukriegen. Ich dachte,<br />
wenn wir nur unsere täglichen Erfahrungen zum Beispiel an<br />
unserem Arbeitsplatz verändern &#8211; ein<br />
„Sein“ ohne Chefin oder Chef, entscheiden und<br />
arbeiten im Kollektiv &#8211; Würde sich, ganz automatisch und wie<br />
von selbst unser Verantwortungsgefühl für das<br />
Gesamte, unser Einsatz für die Gruppe, unsere Zufriedenheit<br />
dank unserer Selbstbestimmtheit, erhöhen. Denkste! Ganz so<br />
einfach war und ist das nicht.“</small></p>
