{"id":5174,"date":"2012-06-14T00:16:10","date_gmt":"2012-06-13T22:16:10","guid":{"rendered":"http:\/\/www.packpapierverlag.de\/?p=5174"},"modified":"2017-05-04T13:32:02","modified_gmt":"2017-05-04T11:32:02","slug":"oben-bleiben-protest-gegen-stuttgart-21","status":"publish","type":"product","link":"https:\/\/www.packpapierverlag.de\/?product=oben-bleiben-protest-gegen-stuttgart-21","title":{"rendered":"Oben bleiben!!! Protest gegen Stuttgart 21"},"content":{"rendered":"<p><a href=\"https:\/\/www.packpapierverlag.de\/wp-content\/uploads\/2012\/06\/oben-bleiben.jpg\"><img loading=\"lazy\" decoding=\"async\" class=\"alignleft size-medium wp-image-5175\" title=\"oben bleiben\" src=\"https:\/\/www.packpapierverlag.de\/wp-content\/uploads\/2012\/06\/oben-bleiben-199x300.jpg\" alt=\"\" width=\"199\" height=\"300\" srcset=\"https:\/\/www.packpapierverlag.de\/wp-content\/uploads\/2012\/06\/oben-bleiben-199x300.jpg 199w, https:\/\/www.packpapierverlag.de\/wp-content\/uploads\/2012\/06\/oben-bleiben-300x451.jpg 300w, https:\/\/www.packpapierverlag.de\/wp-content\/uploads\/2012\/06\/oben-bleiben-681x1024.jpg 681w, https:\/\/www.packpapierverlag.de\/wp-content\/uploads\/2012\/06\/oben-bleiben.jpg 1024w\" sizes=\"auto, (max-width: 199px) 100vw, 199px\" \/><\/a><small style=\"color: #183030;\"><span style=\"font-family: Helvetica,Arial,sans-serif;\">Albrecht G\u00f6tz von Olenhusen &amp; Gerd Paulus (Hrsg.):<\/span><br style=\"font-family: Helvetica,Arial,sans-serif;\" \/><big style=\"color: #2d5b5b;\"><span style=\"font-family: Helvetica,Arial,sans-serif; font-weight: bold;\">Oben bleiben !!! Manifeste und Bilder des Protests gegen &#8222;Stuttgart 21&#8220;<\/span><\/big><br style=\"font-family: Helvetica,Arial,sans-serif;\" \/><span style=\"font-family: Helvetica,Arial,sans-serif;\">Z\u00fcrich: Kain &amp; Aber 2010. ISBN 878-3-0369-6281-9<\/span><br style=\"font-family: Helvetica,Arial,sans-serif;\" \/><span style=\"font-family: Helvetica,Arial,sans-serif; font-weight: bold;\">207 bunte Photo- Seiten mit Ver\u00f6ffentlichungen dutzender \u201eAutoren\u201c: Zettel, Slogans, Texte, Collagen und Photos vom Bauzaun.<\/span><br style=\"font-family: Helvetica,Arial,sans-serif;\" \/><span style=\"font-family: Helvetica,Arial,sans-serif;\">Ein kurzweiliger Bilder-Streifzug durch die vielf\u00e4ltige Protestlandschaft rund um das Prestige-Projekt \u201eStuttgart 21\u201c.<\/span><br style=\"font-family: Helvetica,Arial,sans-serif;\" \/><span style=\"font-family: Helvetica,Arial,sans-serif;\">Au\u00dferdem <span style=\"font-weight: bold;\">9 Kommentare <\/span>zum Stuttgarter Widerstand- und dessen Wirkung dar\u00fcber hinaus: &#8230; Albrecht G\u00f6tz von Ohlenhusen: Die Bahn macht mobil &#8230; Harry Rowohlt: \u201eK21\u201c gegen \u201eS21\u201c gegen \u201eK21\u201c und wo das Ganze? &#8230; Wiglaf Droste: Stuttgarter Lehrstunden &#8230; Klaus Theweleit: Kopf bleibt oben &#8230; Ludger L\u00fctkehaus: Salzstock Stuttgart, Tiefbahnhof Gorleben 21 &#8230; Joe Bauer: Scheinwerferdemokratie &#8230; Cornelius G\u00f6tz von Olenhusen: Stuttgart 3000 &#8230; Otto J\u00e4gersberg: Die Undankbaren &#8230; Irmtraud G\u00f6tz von Olenhusen: Wunschzettel<\/span><br style=\"font-family: Helvetica,Arial,sans-serif;\" \/><span style=\"font-family: Helvetica,Arial,sans-serif;\">Die <span style=\"font-weight: bold;\">Beitr\u00e4ge vom Bauzaun <\/span>sind nach folgenden Themen geordnet: &#8230; Anale Charaktere &#8230;. Aufstand Gewalt Widerstand &#8230;. Baden und Schwaben &#8230;. Bahn(hof) f\u00fcr das Volk &#8230;. Ba(h)nanenrepublik &#8230;. Bauzaun &#8230; Bibel &#8230; Delikte &#8230; Dichter und Denker &#8230; Dicke Luft &#8230; Drohungen &#8230; Evolution &#8230; Geld &#8230; Gr\u00f6\u00dfenwahn &#8230; Grube &#8230; Hirnlos &#8230; Ingenhoven &#8230; K21 &#8230; Kriegserinnerungen &#8230; Lehren aus der Geschichte &#8230; Lobbyisten &#8230; L\u00fcgen &#8230; Mafia &#8230; Mappus &#8230; Mein Baum &#8230; Merkel &#8230; Mineralquellen &#8230; Oben unten &#8230; Parksch\u00fctzer &#8230; Pisa &#8230; Polizeieinsatz &#8230; Pro 21 &#8230; Ratten &#8230; Schildb\u00fcrger &#8230; Schuster &#8230; Stimmt (nicht) &#8230; Stopp &#8230; S 21 &#8230; Taliba(h)n &#8230; Titanic &#8230; Tunnel &#8230; Volk &#8230; Wahltag &#8230; Wanted<\/span><\/small><\/p>\n","protected":false},"excerpt":{"rendered":"<p>Albrecht G\u00f6tz von Olenhusen &amp; Gerd Paulus (Hrsg.):Oben bleiben !!! [&hellip;] &hellip; <a href=\"https:\/\/www.packpapierverlag.de\/?product=oben-bleiben-protest-gegen-stuttgart-21\">Weiterlesen <span class=\"meta-nav\">&rarr;<\/span><\/a><\/p>\n","protected":false},"featured_media":5175,"template":"","meta":[],"product_brand":[],"product_cat":[9,3],"product_tag":[],"class_list":{"0":"post-5174","1":"product","2":"type-product","3":"status-publish","4":"has-post-thumbnail","6":"product_cat-bewegung-widerstand","7":"product_cat-produkte","9":"first","10":"instock","11":"shipping-taxable","12":"purchasable","13":"product-type-simple"},"_links":{"self":[{"href":"https:\/\/www.packpapierverlag.de\/index.php?rest_route=\/wp\/v2\/product\/5174","targetHints":{"allow":["GET"]}}],"collection":[{"href":"https:\/\/www.packpapierverlag.de\/index.php?rest_route=\/wp\/v2\/product"}],"about":[{"href":"https:\/\/www.packpapierverlag.de\/index.php?rest_route=\/wp\/v2\/types\/product"}],"wp:featuredmedia":[{"embeddable":true,"href":"https:\/\/www.packpapierverlag.de\/index.php?rest_route=\/wp\/v2\/media\/5175"}],"wp:attachment":[{"href":"https:\/\/www.packpapierverlag.de\/index.php?rest_route=%2Fwp%2Fv2%2Fmedia&parent=5174"}],"wp:term":[{"taxonomy":"product_brand","embeddable":true,"href":"https:\/\/www.packpapierverlag.de\/index.php?rest_route=%2Fwp%2Fv2%2Fproduct_brand&post=5174"},{"taxonomy":"product_cat","embeddable":true,"href":"https:\/\/www.packpapierverlag.de\/index.php?rest_route=%2Fwp%2Fv2%2Fproduct_cat&post=5174"},{"taxonomy":"product_tag","embeddable":true,"href":"https:\/\/www.packpapierverlag.de\/index.php?rest_route=%2Fwp%2Fv2%2Fproduct_tag&post=5174"}],"curies":[{"name":"wp","href":"https:\/\/api.w.org\/{rel}","templated":true}]}}

<p><a href="https://www.packpapierverlag.de/wp-content/uploads/2012/06/oben-bleiben.jpg"><img loading="lazy" decoding="async" class="alignleft size-medium wp-image-5175" title="oben bleiben" src="https://www.packpapierverlag.de/wp-content/uploads/2012/06/oben-bleiben-199x300.jpg" alt="" width="199" height="300" srcset="https://www.packpapierverlag.de/wp-content/uploads/2012/06/oben-bleiben-199x300.jpg 199w, https://www.packpapierverlag.de/wp-content/uploads/2012/06/oben-bleiben-300x451.jpg 300w, https://www.packpapierverlag.de/wp-content/uploads/2012/06/oben-bleiben-681x1024.jpg 681w, https://www.packpapierverlag.de/wp-content/uploads/2012/06/oben-bleiben.jpg 1024w" sizes="auto, (max-width: 199px) 100vw, 199px" /></a><small style="color: #183030;"><span style="font-family: Helvetica,Arial,sans-serif;">Albrecht Götz von Olenhusen &amp; Gerd Paulus (Hrsg.):</span><br style="font-family: Helvetica,Arial,sans-serif;" /><big style="color: #2d5b5b;"><span style="font-family: Helvetica,Arial,sans-serif; font-weight: bold;">Oben bleiben !!! Manifeste und Bilder des Protests gegen &#8222;Stuttgart 21&#8220;</span></big><br style="font-family: Helvetica,Arial,sans-serif;" /><span style="font-family: Helvetica,Arial,sans-serif;">Zürich: Kain &amp; Aber 2010. ISBN 878-3-0369-6281-9</span><br style="font-family: Helvetica,Arial,sans-serif;" /><span style="font-family: Helvetica,Arial,sans-serif; font-weight: bold;">207 bunte Photo- Seiten mit Veröffentlichungen dutzender „Autoren“: Zettel, Slogans, Texte, Collagen und Photos vom Bauzaun.</span><br style="font-family: Helvetica,Arial,sans-serif;" /><span style="font-family: Helvetica,Arial,sans-serif;">Ein kurzweiliger Bilder-Streifzug durch die vielfältige Protestlandschaft rund um das Prestige-Projekt „Stuttgart 21“.</span><br style="font-family: Helvetica,Arial,sans-serif;" /><span style="font-family: Helvetica,Arial,sans-serif;">Außerdem <span style="font-weight: bold;">9 Kommentare </span>zum Stuttgarter Widerstand- und dessen Wirkung darüber hinaus: &#8230; Albrecht Götz von Ohlenhusen: Die Bahn macht mobil &#8230; Harry Rowohlt: „K21“ gegen „S21“ gegen „K21“ und wo das Ganze? &#8230; Wiglaf Droste: Stuttgarter Lehrstunden &#8230; Klaus Theweleit: Kopf bleibt oben &#8230; Ludger Lütkehaus: Salzstock Stuttgart, Tiefbahnhof Gorleben 21 &#8230; Joe Bauer: Scheinwerferdemokratie &#8230; Cornelius Götz von Olenhusen: Stuttgart 3000 &#8230; Otto Jägersberg: Die Undankbaren &#8230; Irmtraud Götz von Olenhusen: Wunschzettel</span><br style="font-family: Helvetica,Arial,sans-serif;" /><span style="font-family: Helvetica,Arial,sans-serif;">Die <span style="font-weight: bold;">Beiträge vom Bauzaun </span>sind nach folgenden Themen geordnet: &#8230; Anale Charaktere &#8230;. Aufstand Gewalt Widerstand &#8230;. Baden und Schwaben &#8230;. Bahn(hof) für das Volk &#8230;. Ba(h)nanenrepublik &#8230;. Bauzaun &#8230; Bibel &#8230; Delikte &#8230; Dichter und Denker &#8230; Dicke Luft &#8230; Drohungen &#8230; Evolution &#8230; Geld &#8230; Größenwahn &#8230; Grube &#8230; Hirnlos &#8230; Ingenhoven &#8230; K21 &#8230; Kriegserinnerungen &#8230; Lehren aus der Geschichte &#8230; Lobbyisten &#8230; Lügen &#8230; Mafia &#8230; Mappus &#8230; Mein Baum &#8230; Merkel &#8230; Mineralquellen &#8230; Oben unten &#8230; Parkschützer &#8230; Pisa &#8230; Polizeieinsatz &#8230; Pro 21 &#8230; Ratten &#8230; Schildbürger &#8230; Schuster &#8230; Stimmt (nicht) &#8230; Stopp &#8230; S 21 &#8230; Taliba(h)n &#8230; Titanic &#8230; Tunnel &#8230; Volk &#8230; Wahltag &#8230; Wanted</span></small></p>

<p>Albrecht Götz von Olenhusen &amp; Gerd Paulus (Hrsg.):Oben bleiben !!! [&hellip;] &hellip; <a href="https://www.packpapierverlag.de/?product=oben-bleiben-protest-gegen-stuttgart-21">Weiterlesen <span class="meta-nav">&rarr;</span></a></p>
