{"id":5257,"date":"2012-06-16T23:31:50","date_gmt":"2012-06-16T21:31:50","guid":{"rendered":"http:\/\/www.packpapierverlag.de\/?p=5257"},"modified":"2020-04-08T21:20:47","modified_gmt":"2020-04-08T19:20:47","slug":"mandala-malbuch-fur-kinder","status":"publish","type":"product","link":"https:\/\/www.packpapierverlag.de\/?product=mandala-malbuch-fur-kinder","title":{"rendered":"Mandala Malbuch f\u00fcr Kinder (s19)"},"content":{"rendered":"<p><a href=\"https:\/\/www.packpapierverlag.de\/wp-content\/uploads\/2012\/06\/mandala-malbuch.jpg\"><img loading=\"lazy\" decoding=\"async\" class=\"alignleft size-medium wp-image-5258\" title=\"mandala malbuch\" src=\"https:\/\/www.packpapierverlag.de\/wp-content\/uploads\/2012\/06\/mandala-malbuch-300x293.jpg\" alt=\"\" width=\"300\" height=\"293\" srcset=\"https:\/\/www.packpapierverlag.de\/wp-content\/uploads\/2012\/06\/mandala-malbuch-300x293.jpg 300w, https:\/\/www.packpapierverlag.de\/wp-content\/uploads\/2012\/06\/mandala-malbuch.jpg 1024w\" sizes=\"auto, (max-width: 300px) 100vw, 300px\" \/><\/a><br \/>\n<small style=\"color: #1b3636;\"><big style=\"color: #892d89;\"><span style=\"font-family: Helvetica,Arial,sans-serif; font-weight: bold;\">Mandala &#8211; Malbuch f\u00fcr Kinder<\/span><\/big><br style=\"font-family: Helvetica,Arial,sans-serif;\" \/><span style=\"font-family: Helvetica,Arial,sans-serif;\">Gr\u00f6\u00dfe: ca. 14 x 14 cm. 32 Seiten.<\/span><br style=\"font-family: Helvetica,Arial,sans-serif;\" \/><span style=\"font-family: Helvetica,Arial,sans-serif;\">Auf jeder Seite befindet sich ein Motiv zum Ausmalen. <\/span><span style=\"font-family: Helvetica,Arial,sans-serif;\">Auf dem Bild seht Ihr 4 Beispielseiten. Da die R\u00fcckseite jeweils freigelassen ist, kann man die fertig ausgemalten Bildchen sp\u00e4ter auch gut zum Aufh\u00e4ngen oder Verschenken heraustrennen.<\/span><\/small><\/p>\n","protected":false},"excerpt":{"rendered":"<p>Mandala &#8211; Malbuch f\u00fcr KinderGr\u00f6\u00dfe: ca. 14 x 14 cm. [&hellip;] &hellip; <a href=\"https:\/\/www.packpapierverlag.de\/?product=mandala-malbuch-fur-kinder\">Weiterlesen <span class=\"meta-nav\">&rarr;<\/span><\/a><\/p>\n","protected":false},"featured_media":5258,"template":"","meta":[],"product_brand":[],"product_cat":[13,3],"product_tag":[],"class_list":{"0":"post-5257","1":"product","2":"type-product","3":"status-publish","4":"has-post-thumbnail","6":"product_cat-kinderbucher-spiele","7":"product_cat-produkte","9":"first","10":"instock","11":"shipping-taxable","12":"purchasable","13":"product-type-simple"},"_links":{"self":[{"href":"https:\/\/www.packpapierverlag.de\/index.php?rest_route=\/wp\/v2\/product\/5257","targetHints":{"allow":["GET"]}}],"collection":[{"href":"https:\/\/www.packpapierverlag.de\/index.php?rest_route=\/wp\/v2\/product"}],"about":[{"href":"https:\/\/www.packpapierverlag.de\/index.php?rest_route=\/wp\/v2\/types\/product"}],"wp:featuredmedia":[{"embeddable":true,"href":"https:\/\/www.packpapierverlag.de\/index.php?rest_route=\/wp\/v2\/media\/5258"}],"wp:attachment":[{"href":"https:\/\/www.packpapierverlag.de\/index.php?rest_route=%2Fwp%2Fv2%2Fmedia&parent=5257"}],"wp:term":[{"taxonomy":"product_brand","embeddable":true,"href":"https:\/\/www.packpapierverlag.de\/index.php?rest_route=%2Fwp%2Fv2%2Fproduct_brand&post=5257"},{"taxonomy":"product_cat","embeddable":true,"href":"https:\/\/www.packpapierverlag.de\/index.php?rest_route=%2Fwp%2Fv2%2Fproduct_cat&post=5257"},{"taxonomy":"product_tag","embeddable":true,"href":"https:\/\/www.packpapierverlag.de\/index.php?rest_route=%2Fwp%2Fv2%2Fproduct_tag&post=5257"}],"curies":[{"name":"wp","href":"https:\/\/api.w.org\/{rel}","templated":true}]}}