{"id":550,"date":"2010-12-12T19:32:20","date_gmt":"2010-12-12T18:32:20","guid":{"rendered":"http:\/\/www.packpapierverlag.de\/neu\/?p=550"},"modified":"2023-02-21T19:41:32","modified_gmt":"2023-02-21T18:41:32","slug":"2-arme-voll-holz","status":"publish","type":"product","link":"https:\/\/www.packpapierverlag.de\/?product=2-arme-voll-holz","title":{"rendered":"EsA 2 Arme voll Holz Feuerorgel mit Turbo Lader (c09)"},"content":{"rendered":"<p><a href=\"https:\/\/www.packpapierverlag.de\/wp-content\/uploads\/2010\/12\/2-Arme.jpg\"><img loading=\"lazy\" decoding=\"async\" class=\"alignleft size-medium wp-image-3923\" title=\"2 Arme\" src=\"https:\/\/www.packpapierverlag.de\/wp-content\/uploads\/2010\/12\/2-Arme-212x300.jpg\" alt=\"\" width=\"212\" height=\"300\" srcset=\"https:\/\/www.packpapierverlag.de\/wp-content\/uploads\/2010\/12\/2-Arme-212x300.jpg 212w, https:\/\/www.packpapierverlag.de\/wp-content\/uploads\/2010\/12\/2-Arme-300x424.jpg 300w, https:\/\/www.packpapierverlag.de\/wp-content\/uploads\/2010\/12\/2-Arme-725x1024.jpg 725w, https:\/\/www.packpapierverlag.de\/wp-content\/uploads\/2010\/12\/2-Arme.jpg 1024w\" sizes=\"auto, (max-width: 212px) 100vw, 212px\" \/><\/a><small style=\"color: #440000; font-weight: bold; font-style: italic; font-family: Helvetica,Arial,sans-serif;\">Hinweis: Das abgebildete Cover ist das einer \u00e4lteren Ausgabe, verkauft wird nat\u00fcrlich immer die aktuellste. <\/small><br style=\"font-family: Helvetica,Arial,sans-serif;\" \/><small style=\"color: #440000; font-family: Helvetica,Arial,sans-serif;\"><big style=\"font-weight: bold; color: #880000;\">Diplom- Ingenieur Andreas Meyer: Zwei Arme voll Holz.<\/big><br \/>\nDie Feuerorgel mit Turbolader. Eine Dokumentation alternativer Heiztechnik. Ofenheft Nr. 4 der Reihe \u201eEinf\u00e4lle statt Abf\u00e4lle\u201c. 2007. ISBN 3-924038-70-8<br \/>\nLeitfaden zum Nachbau aus Schrott. Zentralheizungen aus alten Ofen und Herden. Abw\u00e4rmeheizung und Brennstoffersparnis. Reich bebilderte (Photos, Schaubilder, Anleitungen, &#8230;) Brosch\u00fcre mit 111 Seiten, DIN A 5 Umweltpapier. Mit Hinweisen zum Sonnenkollektor- Anschlu\u00df an die Feuerorgel und mit weiteren Tips zur selbstgewonnenen Solarenergie. Dieses Ofenheft ist also die optimale Erg\u00e4nzung f\u00fcr die Solarhefte aus der gleichen Reihe. Allerdings nur f\u00fcr Liebhaber und Menschen mit technischem Wissen zu empfehlen.<br \/>\n<span style=\"font-weight: bold;\">INHALT:<\/span> * <span style=\"font-weight: bold;\">Vorwort zum Thema alternative Heizungen * Erste Herdverbesserung: vorgew\u00e4rmte Nebenluft <\/span>* <span style=\"font-weight: bold;\">Einfache Heizungs- Bauwerke:\u00a0<\/span>Holzofen, \u00d6lofen- Warmwasserbereitung mit Abw\u00e4rme * \u00d6lofen &#8211; Badeofen \u2013 Zentralheizung * Badeofen \u2013 Fu\u00dfbodenheizung * Energie aus dem Ofenrohr zum Nulltarif * Anzeigepropeller * Kaminofen mit Warmluft und Warmwasser aus Abw\u00e4rme * <span style=\"font-weight: bold;\">Die Vorstufe zur Turboheizung:<\/span>\u00a0Die Kochherd \u2013 Badeofen \u2013 Heizung mit Warmwasser * Der Badeofen * Umw\u00e4lzpumpe * W\u00e4rmetauscher * Nacherhitzer * Heizk\u00f6rper * Inbetriebnahme und Tipps * Warmes Wasser mit Geduld * Abschaltthermostat * Wassernachf\u00fcll- Automatik * Nachwort zur Versottungsgefahr * <span style=\"font-weight: bold;\">Die Feuerorgel:\u00a0<\/span>Kurzbeschreibung der Turboladerheizung * Systemskizze der Turboladerheizung * Die Zuluft- und Abgasf\u00fchrung im Endzustand * Die Feuerorgel- Zeichnungen und Details * Wirtschaftlichkeit * Luftpipeline zwischen Turbolader und Ofen * Das Kehlblech mit Wirbelrohr * Beobachtungsfenster in der Herdt\u00fcr * Erl\u00e4uterungen zur Abgasf\u00fchrung * Der tiefergelegte Rost bei der Feuerorgel * Nachschubautomatik f\u00fcr Holzscheite * Vollkomfort durch Feuerorgel- Erweiterung zur Zweistoff- Feuerung * Verbesserung eines billigen \u00d6lofens zum Zyklon- Blaubrenner * Anbau des Blaubrenner- Zyklons an die Feuerorgel * Weitere Verbesserungen: Zusatz- Wirbelrohr und Dunstabzug * Der Turbolader in verbesserter Ausf\u00fchrung, solide und<br \/>\nzweistufig * Holzverbrauchs- und Wirkungsgradmessungen * Aufsatzbackr\u00f6hre f\u00fcr alle Herde und eiserne \u00d6fen * Kachelofen- Schornstein bringt fast 100% Wirkungsgrad * Die Miniatur- Fu\u00dfbodenheizung *<span style=\"font-weight: bold;\"> Stromspar Wasserboiler, K\u00fchl-, W\u00e4rmepumpen- und Solartechnik<\/span>:\u00a0Elektroboiler mit Anschluss an die Warmwasserheizung * Strom sparen bei K\u00fchlschr\u00e4nken * Mein Tiefk\u00fchlschrank schenkt kostenlos Warmwasser * Selbstbau- W\u00e4rmepumpe mit K\u00fchlschrankkompressor * Sonnenkollektoranschluss: W\u00e4rmetauscher im Badeboiler * Sonnenkollektoren aus Abf\u00e4llen (System Andreas Meyer)* <span style=\"font-weight: bold;\">Und noch mehr pfiffige Bastelwerke:<\/span> Die Wasser- Spartonne im Obergeschoss * Schrott- Traktor * Mulchm\u00e4her * Schallged\u00e4mpfte Motors\u00e4ge * Doppelstock- Lastentandem * <span style=\"font-weight: bold;\">Anhang, Neuheiten der 2001\/2007 Ausgabe: <\/span>\u00dcber den Autor *Verbessern eines Schrott- \u00d6lheizkessels auf den neusten Standart * Ziegel- Abw\u00e4rme- Liegebank mit Warmwasserheizung und Turbo- Feuerbox * Funktion und Details der Turbo- Feuerbox * Y- Ofen- Kunstwerke, auch mit Turbo- Feuerbox * Unterbrandofen mit Gebl\u00e4sebrenner * Solaranlagen an senkrechter S\u00fcd- Wand: Warmwasser auch im Winter * Jurtenofen &#8211; der Turbo- Ofen ohne Stromverbrauch! *<\/small><\/p>\n","protected":false},"excerpt":{"rendered":"<p>Hinweis: Das abgebildete Cover ist das einer \u00e4lteren Ausgabe, verkauft [&hellip;] &hellip; <a href=\"https:\/\/www.packpapierverlag.de\/?product=2-arme-voll-holz\">Weiterlesen <span class=\"meta-nav\">&rarr;<\/span><\/a><\/p>\n","protected":false},"featured_media":3923,"template":"","meta":[],"product_brand":[],"product_cat":[3,5],"product_tag":[],"class_list":{"0":"post-550","1":"product","2":"type-product","3":"status-publish","4":"has-post-thumbnail","6":"product_cat-produkte","7":"product_cat-selbstversorgung","9":"first","10":"instock","11":"shipping-taxable","12":"purchasable","13":"product-type-simple"},"_links":{"self":[{"href":"https:\/\/www.packpapierverlag.de\/index.php?rest_route=\/wp\/v2\/product\/550","targetHints":{"allow":["GET"]}}],"collection":[{"href":"https:\/\/www.packpapierverlag.de\/index.php?rest_route=\/wp\/v2\/product"}],"about":[{"href":"https:\/\/www.packpapierverlag.de\/index.php?rest_route=\/wp\/v2\/types\/product"}],"wp:featuredmedia":[{"embeddable":true,"href":"https:\/\/www.packpapierverlag.de\/index.php?rest_route=\/wp\/v2\/media\/3923"}],"wp:attachment":[{"href":"https:\/\/www.packpapierverlag.de\/index.php?rest_route=%2Fwp%2Fv2%2Fmedia&parent=550"}],"wp:term":[{"taxonomy":"product_brand","embeddable":true,"href":"https:\/\/www.packpapierverlag.de\/index.php?rest_route=%2Fwp%2Fv2%2Fproduct_brand&post=550"},{"taxonomy":"product_cat","embeddable":true,"href":"https:\/\/www.packpapierverlag.de\/index.php?rest_route=%2Fwp%2Fv2%2Fproduct_cat&post=550"},{"taxonomy":"product_tag","embeddable":true,"href":"https:\/\/www.packpapierverlag.de\/index.php?rest_route=%2Fwp%2Fv2%2Fproduct_tag&post=550"}],"curies":[{"name":"wp","href":"https:\/\/api.w.org\/{rel}","templated":true}]}}