{"id":558,"date":"2010-12-12T19:33:41","date_gmt":"2010-12-12T18:33:41","guid":{"rendered":"http:\/\/www.packpapierverlag.de\/neu\/?p=558"},"modified":"2021-11-10T17:39:29","modified_gmt":"2021-11-10T16:39:29","slug":"12-steinofen-bauplane","status":"publish","type":"product","link":"https:\/\/www.packpapierverlag.de\/?product=12-steinofen-bauplane","title":{"rendered":"EsA 12 Steinofen-Baupl\u00e4ne (c15) zZ.nicht lieferbar!"},"content":{"rendered":"<p><a href=\"https:\/\/www.packpapierverlag.de\/wp-content\/uploads\/2010\/12\/12-Stein\u00f6fen.jpg\"><img loading=\"lazy\" decoding=\"async\" class=\"alignleft size-medium wp-image-4439\" title=\"12 Stein\u00f6fen\" src=\"https:\/\/www.packpapierverlag.de\/wp-content\/uploads\/2010\/12\/12-Stein\u00f6fen-215x300.jpg\" alt=\"\" width=\"215\" height=\"300\" srcset=\"https:\/\/www.packpapierverlag.de\/wp-content\/uploads\/2010\/12\/12-Stein\u00f6fen-215x300.jpg 215w, https:\/\/www.packpapierverlag.de\/wp-content\/uploads\/2010\/12\/12-Stein\u00f6fen-300x418.jpg 300w, https:\/\/www.packpapierverlag.de\/wp-content\/uploads\/2010\/12\/12-Stein\u00f6fen-734x1024.jpg 734w, https:\/\/www.packpapierverlag.de\/wp-content\/uploads\/2010\/12\/12-Stein\u00f6fen.jpg 1024w\" sizes=\"auto, (max-width: 215px) 100vw, 215px\" \/><\/a><small style=\"color: #561c03;\"><big style=\"font-weight: bold; color: #993300;\"><span style=\"font-family: Helvetica,Arial,sans-serif;\">12 Steinofen- Baupl\u00e4ne. Bew\u00e4hrte \u00d6fen Stein f\u00fcr Stein gezeichnet und zum Nachbau erkl\u00e4rt.<\/span><\/big><br style=\"font-family: Helvetica,Arial,sans-serif;\" \/><span style=\"font-family: Helvetica,Arial,sans-serif;\">Ofenbauheft 3 der Reihe Einf\u00e4lle statt Abf\u00e4lle. EAN 978-3-924038-73-1. <\/span><span style=\"font-family: Helvetica,Arial,sans-serif;\">Reich illustrierte Brosch\u00fcre mit 92 Seiten, DIN A5. Neue Auflage 2009.<\/span><br style=\"font-family: Helvetica,Arial,sans-serif;\" \/><span style=\"font-family: Helvetica,Arial,sans-serif;\">In dieser Brosch\u00fcren wird der Bau unterschiedlicher Stein\u00f6fen f\u00fcr verschiedene Zwecke und Raumbedingungen und in unterschiedlichen Gr\u00f6\u00dfen und Formen klar und einfach dargestellt. Die Darstellung des Baus der verschiedenen Ofentypen erleichtert es, den optimalen Ofen f\u00fcr den vorhandenen Raum und die eigenen F\u00e4higkeiten auszuw\u00e4hlen.<\/span><br style=\"font-family: Helvetica,Arial,sans-serif;\" \/><span style=\"font-family: Helvetica,Arial,sans-serif;\"><span style=\"font-weight: bold;\">INHALT: <\/span>*<br \/>\nOfenheizung * Vorher zu kl\u00e4ren: Sicherheitsabst\u00e4nde, Genehmigung * Besondere Bau- Details und Hinweise: Untergrund, Sockel &#8212; Dehnfugen &#8212; Ofent\u00fcren, Reinigungs\u00f6ffnungen &#8212; Ofenrohr und Anschlu\u00df, Abzugsklappe &#8212; Austrocknen &#8212; Ein Ri\u00df- was nun? &#8212; Hinweise zum sauberen und effektiven Heizen &#8212; Mauer- Praxis * Baupl\u00e4ne + Tabelle der Baupl\u00e4ne * Fachkunde, Fachbegriffe, Anmeldeformular, Beispiel- Photos * <span style=\"font-weight: bold;\">F\u00fcr folgende Stein\u00f6fen sind Baupl\u00e4ne enthalten:<\/span> * Kleiner transportabler Steinofen (zum Heizen, f\u00fcr schwache Fu\u00dfb\u00f6den geeignet) * Transportable Steinofen- Feuerung f\u00fcr Abw\u00e4rme\u00f6fen (zum Heizen, Kochen, Backen, f\u00fcr schwache B\u00f6den geeignet, schnell aufheizend und lange wirksam, Zwei- Zimmer- Heizung) * Leichtester hoher Steinofen (Zum Heizen und Kochen, mit W\u00e4rmefach, auch als Wasserheizung, hoch, geringe Standfl\u00e4che) * Einfacher hoher Steinofen (Zum Heizen und Kochen, mit W\u00e4rmefach, auch als Wasserheizung, hoch, geringe Standfl\u00e4che) * Hoher Ofen mit h\u00f6her gesetztem Feuerraum (Zum Heizen und Kochen, mit W\u00e4rmefach, auch als Wasserheizung, hoch, geringe Standfl\u00e4che) * Hoher Ofen mit geheizter Bank (Zum Heizen, mit W\u00e4rmefach, Zwei- Zimmer- Heizung, gro\u00dfe Ofenbank, geringe Standfl\u00e4che) * Ofen mit liegenden Z\u00fcgen (Zum Heizen und Backen, Zwei- Zimmer- Heizung, hoch und schmal) * Heizofen in Einfachst- Bauweise (Zum Heizen und Backen, Zwei- Zimmer- Heizung, Gew\u00f6lbeofen) * Back- und T\u00f6pferofen (Zum Heizen, Backen, Tonbrennen, mit Abw\u00e4rmeofen, Zwei- Zimmer- Heizung, Gew\u00f6lbeofen, Einfachst- Bauweise) * Heiz- Back- Kochofen (Zum Heizen, Backen, Kochen, Tonbrennen, Gew\u00f6lbeform) * Steinofen mit Gew\u00f6lbe (Zum Heizen, mit W\u00e4rmfach, auch als Wasserheizung, schnell aufheizend und lange wirksam, Zwei- Zimmer- Heizung) * Guter K\u00fcchenherd (zum Heizen, Kochen, Backen, mit W\u00e4rmefach, Herd, der nebenbei heizt)<\/span><\/small><\/p>\n","protected":false},"excerpt":{"rendered":"<p>12 Steinofen- Baupl\u00e4ne. Bew\u00e4hrte \u00d6fen Stein f\u00fcr Stein gezeichnet und [&hellip;] &hellip; <a href=\"https:\/\/www.packpapierverlag.de\/?product=12-steinofen-bauplane\">Weiterlesen <span class=\"meta-nav\">&rarr;<\/span><\/a><\/p>\n","protected":false},"featured_media":4439,"template":"","meta":[],"product_brand":[],"product_cat":[3,5],"product_tag":[],"class_list":{"0":"post-558","1":"product","2":"type-product","3":"status-publish","4":"has-post-thumbnail","6":"product_cat-produkte","7":"product_cat-selbstversorgung","9":"first","10":"instock","11":"shipping-taxable","12":"purchasable","13":"product-type-simple"},"_links":{"self":[{"href":"https:\/\/www.packpapierverlag.de\/index.php?rest_route=\/wp\/v2\/product\/558","targetHints":{"allow":["GET"]}}],"collection":[{"href":"https:\/\/www.packpapierverlag.de\/index.php?rest_route=\/wp\/v2\/product"}],"about":[{"href":"https:\/\/www.packpapierverlag.de\/index.php?rest_route=\/wp\/v2\/types\/product"}],"wp:featuredmedia":[{"embeddable":true,"href":"https:\/\/www.packpapierverlag.de\/index.php?rest_route=\/wp\/v2\/media\/4439"}],"wp:attachment":[{"href":"https:\/\/www.packpapierverlag.de\/index.php?rest_route=%2Fwp%2Fv2%2Fmedia&parent=558"}],"wp:term":[{"taxonomy":"product_brand","embeddable":true,"href":"https:\/\/www.packpapierverlag.de\/index.php?rest_route=%2Fwp%2Fv2%2Fproduct_brand&post=558"},{"taxonomy":"product_cat","embeddable":true,"href":"https:\/\/www.packpapierverlag.de\/index.php?rest_route=%2Fwp%2Fv2%2Fproduct_cat&post=558"},{"taxonomy":"product_tag","embeddable":true,"href":"https:\/\/www.packpapierverlag.de\/index.php?rest_route=%2Fwp%2Fv2%2Fproduct_tag&post=558"}],"curies":[{"name":"wp","href":"https:\/\/api.w.org\/{rel}","templated":true}]}}