{"id":5623,"date":"2013-03-22T23:42:14","date_gmt":"2013-03-22T22:42:14","guid":{"rendered":"http:\/\/www.packpapierverlag.de\/?p=5623"},"modified":"2019-05-04T22:47:10","modified_gmt":"2019-05-04T20:47:10","slug":"die-anarchisten-in-athen","status":"publish","type":"product","link":"https:\/\/www.packpapierverlag.de\/?product=die-anarchisten-in-athen","title":{"rendered":"Die Anarchisten in Athen (e78)"},"content":{"rendered":"<p><a href=\"https:\/\/www.packpapierverlag.de\/wp-content\/uploads\/2013\/03\/Anarchisten-Athen.jpg\"><img loading=\"lazy\" decoding=\"async\" class=\"alignleft size-medium wp-image-5624\" title=\"Anarchisten Athen\" src=\"https:\/\/www.packpapierverlag.de\/wp-content\/uploads\/2013\/03\/Anarchisten-Athen-214x300.jpg\" alt=\"\" width=\"214\" height=\"300\" srcset=\"https:\/\/www.packpapierverlag.de\/wp-content\/uploads\/2013\/03\/Anarchisten-Athen-214x300.jpg 214w, https:\/\/www.packpapierverlag.de\/wp-content\/uploads\/2013\/03\/Anarchisten-Athen-300x419.jpg 300w, https:\/\/www.packpapierverlag.de\/wp-content\/uploads\/2013\/03\/Anarchisten-Athen-733x1024.jpg 733w, https:\/\/www.packpapierverlag.de\/wp-content\/uploads\/2013\/03\/Anarchisten-Athen.jpg 1024w\" sizes=\"auto, (max-width: 214px) 100vw, 214px\" \/><\/a> <small style=\"color: #0b2f3d;\"><big><span style=\"font-family: Helvetica,Arial,sans-serif; font-weight: bold;\">Die Anarchisten in Athen<\/span><\/big><br style=\"font-family: Helvetica,Arial,sans-serif;\" \/><span style=\"font-family: Helvetica,Arial,sans-serif;\">Brosch\u00fcre zu den \u201eGriechischen Wochen\u201c, einer Soliveranstaltung vom Big Buttinsky und dem Packpapier Verlag im Fr\u00fchjahr 2012.<\/span><br style=\"font-family: Helvetica,Arial,sans-serif;\" \/><span style=\"font-family: Helvetica,Arial,sans-serif;\">Heft mit 44 Seiten, DIN A5. <\/span><\/small><\/p>\n<p><small style=\"color: #0b2f3d;\"><span style=\"font-family: Helvetica,Arial,sans-serif;\">Ausl\u00f6ser der Jugendaufst\u00e4nde in Athen 2009 war die Erschie\u00dfung des 15j\u00e4hrigen Alexis Grigoropoulos durch einen Polizisten im Dezember 2008. Hintergrund der Revolten war aber auch das neoliberale Wirtschaftssystem, das in Griechenland aufgrund der spezifischen Klientelpolitik besonders ausgepr\u00e4gt ist und mitverantwortlich f\u00fcr eine enorme Jugendarbeitslosigkeit, gegen die die Jugendlichen demonstrierten.<\/span><br style=\"font-family: Helvetica,Arial,sans-serif;\" \/><span style=\"font-family: Helvetica,Arial,sans-serif;\">Den revoltierenden Jugendlichen schlossen sich anarchistische Gruppen an, es kam zu Sprengstoffanschl\u00e4gen u.a. in Athen, aber auch zu kreativen Aktionen der Selbstorganisation und gegenseitigen Hilfe.<\/span><span style=\"font-family: Helvetica,Arial,sans-serif;\"><br \/>\nDie Brosch\u00fcre will \u00fcber die Ereignisse informieren und die sozialen Hintergr\u00fcnde einer von vielen Geschichten der aktuellen &#8222;Wirtschaftskrise\u201c erhellen.<\/span><br style=\"font-family: Helvetica,Arial,sans-serif;\" \/><span style=\"font-family: Helvetica,Arial,sans-serif; font-weight: bold;\">INHALT: <\/span><span style=\"font-family: Helvetica,Arial,sans-serif;\">Interview zur Revolte in Griechenland mit Vassilis Vassilikos: Wir haben auf die Gelegenheit gewartet, um zu explodieren. (2008) * Pressespiegel- Attentats-Serie in Athen (2009)* Freiheit f\u00fcr Alexis \u2013 Solikomitee (2010) * Manifest der Weltrevolution (2008) * Vom Organisieren eines Aufstands * Die Revolte der prekarisierten Jugend in Griechenland \u2013 von Dr. Gregor Kritidis (2008) * Die Demokratie in Griechenland zwischen Ende und Wiedergeburt \u2013 von Dr. Gregor Kritidis (2011) <\/span><\/small><\/p>\n","protected":false},"excerpt":{"rendered":"<p>Die Anarchisten in AthenBrosch\u00fcre zu den \u201eGriechischen Wochen\u201c, einer Soliveranstaltung [&hellip;] &hellip; <a href=\"https:\/\/www.packpapierverlag.de\/?product=die-anarchisten-in-athen\">Weiterlesen <span class=\"meta-nav\">&rarr;<\/span><\/a><\/p>\n","protected":false},"featured_media":5624,"template":"","meta":[],"product_brand":[],"product_cat":[7,9,3],"product_tag":[],"class_list":{"0":"post-5623","1":"product","2":"type-product","3":"status-publish","4":"has-post-thumbnail","6":"product_cat-anarchie-hefte-und-bucher","7":"product_cat-bewegung-widerstand","8":"product_cat-produkte","10":"first","11":"instock","12":"shipping-taxable","13":"purchasable","14":"product-type-simple"},"_links":{"self":[{"href":"https:\/\/www.packpapierverlag.de\/index.php?rest_route=\/wp\/v2\/product\/5623","targetHints":{"allow":["GET"]}}],"collection":[{"href":"https:\/\/www.packpapierverlag.de\/index.php?rest_route=\/wp\/v2\/product"}],"about":[{"href":"https:\/\/www.packpapierverlag.de\/index.php?rest_route=\/wp\/v2\/types\/product"}],"wp:featuredmedia":[{"embeddable":true,"href":"https:\/\/www.packpapierverlag.de\/index.php?rest_route=\/wp\/v2\/media\/5624"}],"wp:attachment":[{"href":"https:\/\/www.packpapierverlag.de\/index.php?rest_route=%2Fwp%2Fv2%2Fmedia&parent=5623"}],"wp:term":[{"taxonomy":"product_brand","embeddable":true,"href":"https:\/\/www.packpapierverlag.de\/index.php?rest_route=%2Fwp%2Fv2%2Fproduct_brand&post=5623"},{"taxonomy":"product_cat","embeddable":true,"href":"https:\/\/www.packpapierverlag.de\/index.php?rest_route=%2Fwp%2Fv2%2Fproduct_cat&post=5623"},{"taxonomy":"product_tag","embeddable":true,"href":"https:\/\/www.packpapierverlag.de\/index.php?rest_route=%2Fwp%2Fv2%2Fproduct_tag&post=5623"}],"curies":[{"name":"wp","href":"https:\/\/api.w.org\/{rel}","templated":true}]}}

<p><a href="https://www.packpapierverlag.de/wp-content/uploads/2013/03/Anarchisten-Athen.jpg"><img loading="lazy" decoding="async" class="alignleft size-medium wp-image-5624" title="Anarchisten Athen" src="https://www.packpapierverlag.de/wp-content/uploads/2013/03/Anarchisten-Athen-214x300.jpg" alt="" width="214" height="300" srcset="https://www.packpapierverlag.de/wp-content/uploads/2013/03/Anarchisten-Athen-214x300.jpg 214w, https://www.packpapierverlag.de/wp-content/uploads/2013/03/Anarchisten-Athen-300x419.jpg 300w, https://www.packpapierverlag.de/wp-content/uploads/2013/03/Anarchisten-Athen-733x1024.jpg 733w, https://www.packpapierverlag.de/wp-content/uploads/2013/03/Anarchisten-Athen.jpg 1024w" sizes="auto, (max-width: 214px) 100vw, 214px" /></a> <small style="color: #0b2f3d;"><big><span style="font-family: Helvetica,Arial,sans-serif; font-weight: bold;">Die Anarchisten in Athen</span></big><br style="font-family: Helvetica,Arial,sans-serif;" /><span style="font-family: Helvetica,Arial,sans-serif;">Broschüre zu den „Griechischen Wochen“, einer Soliveranstaltung vom Big Buttinsky und dem Packpapier Verlag im Frühjahr 2012.</span><br style="font-family: Helvetica,Arial,sans-serif;" /><span style="font-family: Helvetica,Arial,sans-serif;">Heft mit 44 Seiten, DIN A5. </span></small></p>
<p><small style="color: #0b2f3d;"><span style="font-family: Helvetica,Arial,sans-serif;">Auslöser der Jugendaufstände in Athen 2009 war die Erschießung des 15jährigen Alexis Grigoropoulos durch einen Polizisten im Dezember 2008. Hintergrund der Revolten war aber auch das neoliberale Wirtschaftssystem, das in Griechenland aufgrund der spezifischen Klientelpolitik besonders ausgeprägt ist und mitverantwortlich für eine enorme Jugendarbeitslosigkeit, gegen die die Jugendlichen demonstrierten.</span><br style="font-family: Helvetica,Arial,sans-serif;" /><span style="font-family: Helvetica,Arial,sans-serif;">Den revoltierenden Jugendlichen schlossen sich anarchistische Gruppen an, es kam zu Sprengstoffanschlägen u.a. in Athen, aber auch zu kreativen Aktionen der Selbstorganisation und gegenseitigen Hilfe.</span><span style="font-family: Helvetica,Arial,sans-serif;"><br />
Die Broschüre will über die Ereignisse informieren und die sozialen Hintergründe einer von vielen Geschichten der aktuellen &#8222;Wirtschaftskrise“ erhellen.</span><br style="font-family: Helvetica,Arial,sans-serif;" /><span style="font-family: Helvetica,Arial,sans-serif; font-weight: bold;">INHALT: </span><span style="font-family: Helvetica,Arial,sans-serif;">Interview zur Revolte in Griechenland mit Vassilis Vassilikos: Wir haben auf die Gelegenheit gewartet, um zu explodieren. (2008) * Pressespiegel- Attentats-Serie in Athen (2009)* Freiheit für Alexis – Solikomitee (2010) * Manifest der Weltrevolution (2008) * Vom Organisieren eines Aufstands * Die Revolte der prekarisierten Jugend in Griechenland – von Dr. Gregor Kritidis (2008) * Die Demokratie in Griechenland zwischen Ende und Wiedergeburt – von Dr. Gregor Kritidis (2011) </span></small></p>

<p>Die Anarchisten in AthenBroschüre zu den „Griechischen Wochen“, einer Soliveranstaltung [&hellip;] &hellip; <a href="https://www.packpapierverlag.de/?product=die-anarchisten-in-athen">Weiterlesen <span class="meta-nav">&rarr;</span></a></p>
