{"id":5689,"date":"2013-05-08T23:55:03","date_gmt":"2013-05-08T21:55:03","guid":{"rendered":"http:\/\/www.packpapierverlag.de\/?p=5689"},"modified":"2022-01-16T11:56:27","modified_gmt":"2022-01-16T10:56:27","slug":"bruder-grimmherrmann-cropp-das-lumpengesindel-l25","status":"publish","type":"product","link":"https:\/\/www.packpapierverlag.de\/?product=bruder-grimmherrmann-cropp-das-lumpengesindel-l25","title":{"rendered":"Br\u00fcder Grimm\/H.Cropp : Das Lumpengesindel 3,-\u20ac (l25)"},"content":{"rendered":"<p><a href=\"https:\/\/www.packpapierverlag.de\/wp-content\/uploads\/2013\/05\/Das-Lumpengesindel.jpg\"><img loading=\"lazy\" decoding=\"async\" class=\"alignleft size-medium wp-image-5691\" title=\"Das Lumpengesindel\" src=\"https:\/\/www.packpapierverlag.de\/wp-content\/uploads\/2013\/05\/Das-Lumpengesindel-210x300.jpg\" alt=\"\" width=\"210\" height=\"300\" srcset=\"https:\/\/www.packpapierverlag.de\/wp-content\/uploads\/2013\/05\/Das-Lumpengesindel-210x300.jpg 210w, https:\/\/www.packpapierverlag.de\/wp-content\/uploads\/2013\/05\/Das-Lumpengesindel-300x428.jpg 300w, https:\/\/www.packpapierverlag.de\/wp-content\/uploads\/2013\/05\/Das-Lumpengesindel-718x1024.jpg 718w, https:\/\/www.packpapierverlag.de\/wp-content\/uploads\/2013\/05\/Das-Lumpengesindel.jpg 1024w\" sizes=\"auto, (max-width: 210px) 100vw, 210px\" \/><\/a><small style=\"color: #132802;\"><span style=\"font-family: Helvetica,Arial,sans-serif; font-weight: bold; color: #480e38;\">Br\u00fcder Grimm: Das Lumpengesindel<\/span><br style=\"font-family: Helvetica,Arial,sans-serif; font-weight: bold; color: #480e38;\" \/><span style=\"font-family: Helvetica,Arial,sans-serif; font-weight: bold; color: #480e38;\">Herrmann Cropp: &#8230;. und die Geschichte hinter der Geschichte<\/span> 3,-\u20ac (l25)<br style=\"font-family: Helvetica,Arial,sans-serif;\" \/><span style=\"font-family: Helvetica,Arial,sans-serif;\">24 Seiten, illustriert, Kartonumschlag (Kunstdruck).<\/span><br style=\"font-family: Helvetica,Arial,sans-serif;\" \/><span style=\"font-family: Helvetica,Arial,sans-serif;\"><span style=\"font-weight: bold;\">Viele M\u00e4rchen und Legenden kennen Lumpen, Tauge- und Habenichtse<\/span>; die Aussortierten der Gesellschaft verwandeln sich im Laufe der Zeiten, mal sind es Tiere, denen das Gnadenbrot verwehrt wird und die dann \u00fcber die Landstra\u00dfe tingeln (Bremer Stadtmusikanten), mal sind es \u201eheruntergekommene\u201c Adelige und intellektuelle Bohemiens und manchmal auch die vergessenen Dinge, der Kleinkram, um den sich etwa der Philosoph Walter Benjamin und der Schriftsteller Hans Christian Andersen gek\u00fcmmert haben. Den Grimms ging es bei ihrer M\u00e4rchensammlung weniger um die sozialkritische Dimension der Geschichten, sondern darum, irgendwelchen \u201eurdeutschen\u201c Erz\u00e4hlungen nachzuforschen- womit sie die Germanistik erfunden haben; allerdings mu\u00dften sie einigerma\u00dfen ver\u00e4rgert feststellen, da\u00df die meisten angeblich deutschen M\u00e4rchen schon lange in Frankreich, Griechenland oder Island bekannt waren. Herrmann Cropp setzt sich in seinem Kommentar kritisch mit den Irrt\u00fcmern der Grimmschen M\u00e4rchenforschung und mit der in C.G. Jungs \u201eArchetypen\u201c gipfelnden Suche nach \u201edem Urspr\u00fcnglichen\u201c auseinander und erl\u00e4utert einige Erz\u00e4hlmotive aus verschiedenen L\u00e4ndern rund um das Lumpengesindel, die sich auf teilweise verbl\u00fcffende Weise \u00e4hneln. Im Kern geht es in diesen M\u00e4rchen, Legenden und Mythen immer um den Kampf f\u00fcr soziale Gerechtigkeit und ein Leben in W\u00fcrde. Und damit gehen uns die Grimmschen M\u00e4rchensammlungen auch heute noch etwas an, denn die Lumpen, \u201edas Gesindel sind n\u00e4mlich wir, zu 99% jedenfalls.\u201c<\/span><br style=\"font-family: Helvetica,Arial,sans-serif;\" \/><span style=\"font-family: Helvetica,Arial,sans-serif;\"><span style=\"font-weight: bold;\">INHALT: <\/span>Grimm: Das Lumpengesindel (illustriert) * Cropp: Anmerkungen zum Lumpengesindel * Die Rache der Tiere * Lumpen und M\u00fchlsteine- ein sozialer Kampf * Moderne Lumpen * Die Grimms&#8230; und die M\u00e4rchentheorie * Literaturhinweise<\/span><\/small><\/p>\n","protected":false},"excerpt":{"rendered":"<p>Br\u00fcder Grimm: Das LumpengesindelHerrmann Cropp: &#8230;. und die Geschichte hinter [&hellip;] &hellip; <a href=\"https:\/\/www.packpapierverlag.de\/?product=bruder-grimmherrmann-cropp-das-lumpengesindel-l25\">Weiterlesen <span class=\"meta-nav\">&rarr;<\/span><\/a><\/p>\n","protected":false},"featured_media":5691,"template":"","meta":[],"product_brand":[],"product_cat":[18,3],"product_tag":[],"class_list":{"0":"post-5689","1":"product","2":"type-product","3":"status-publish","4":"has-post-thumbnail","6":"product_cat-literatur","7":"product_cat-produkte","9":"first","10":"instock","11":"shipping-taxable","12":"purchasable","13":"product-type-simple"},"_links":{"self":[{"href":"https:\/\/www.packpapierverlag.de\/index.php?rest_route=\/wp\/v2\/product\/5689","targetHints":{"allow":["GET"]}}],"collection":[{"href":"https:\/\/www.packpapierverlag.de\/index.php?rest_route=\/wp\/v2\/product"}],"about":[{"href":"https:\/\/www.packpapierverlag.de\/index.php?rest_route=\/wp\/v2\/types\/product"}],"wp:featuredmedia":[{"embeddable":true,"href":"https:\/\/www.packpapierverlag.de\/index.php?rest_route=\/wp\/v2\/media\/5691"}],"wp:attachment":[{"href":"https:\/\/www.packpapierverlag.de\/index.php?rest_route=%2Fwp%2Fv2%2Fmedia&parent=5689"}],"wp:term":[{"taxonomy":"product_brand","embeddable":true,"href":"https:\/\/www.packpapierverlag.de\/index.php?rest_route=%2Fwp%2Fv2%2Fproduct_brand&post=5689"},{"taxonomy":"product_cat","embeddable":true,"href":"https:\/\/www.packpapierverlag.de\/index.php?rest_route=%2Fwp%2Fv2%2Fproduct_cat&post=5689"},{"taxonomy":"product_tag","embeddable":true,"href":"https:\/\/www.packpapierverlag.de\/index.php?rest_route=%2Fwp%2Fv2%2Fproduct_tag&post=5689"}],"curies":[{"name":"wp","href":"https:\/\/api.w.org\/{rel}","templated":true}]}}

Brüder Grimm/H.Cropp : Das Lumpengesindel 3,-€ (l25)

<p><a href="https://www.packpapierverlag.de/wp-content/uploads/2013/05/Das-Lumpengesindel.jpg"><img loading="lazy" decoding="async" class="alignleft size-medium wp-image-5691" title="Das Lumpengesindel" src="https://www.packpapierverlag.de/wp-content/uploads/2013/05/Das-Lumpengesindel-210x300.jpg" alt="" width="210" height="300" srcset="https://www.packpapierverlag.de/wp-content/uploads/2013/05/Das-Lumpengesindel-210x300.jpg 210w, https://www.packpapierverlag.de/wp-content/uploads/2013/05/Das-Lumpengesindel-300x428.jpg 300w, https://www.packpapierverlag.de/wp-content/uploads/2013/05/Das-Lumpengesindel-718x1024.jpg 718w, https://www.packpapierverlag.de/wp-content/uploads/2013/05/Das-Lumpengesindel.jpg 1024w" sizes="auto, (max-width: 210px) 100vw, 210px" /></a><small style="color: #132802;"><span style="font-family: Helvetica,Arial,sans-serif; font-weight: bold; color: #480e38;">Brüder Grimm: Das Lumpengesindel</span><br style="font-family: Helvetica,Arial,sans-serif; font-weight: bold; color: #480e38;" /><span style="font-family: Helvetica,Arial,sans-serif; font-weight: bold; color: #480e38;">Herrmann Cropp: &#8230;. und die Geschichte hinter der Geschichte</span> 3,-€ (l25)<br style="font-family: Helvetica,Arial,sans-serif;" /><span style="font-family: Helvetica,Arial,sans-serif;">24 Seiten, illustriert, Kartonumschlag (Kunstdruck).</span><br style="font-family: Helvetica,Arial,sans-serif;" /><span style="font-family: Helvetica,Arial,sans-serif;"><span style="font-weight: bold;">Viele Märchen und Legenden kennen Lumpen, Tauge- und Habenichtse</span>; die Aussortierten der Gesellschaft verwandeln sich im Laufe der Zeiten, mal sind es Tiere, denen das Gnadenbrot verwehrt wird und die dann über die Landstraße tingeln (Bremer Stadtmusikanten), mal sind es „heruntergekommene“ Adelige und intellektuelle Bohemiens und manchmal auch die vergessenen Dinge, der Kleinkram, um den sich etwa der Philosoph Walter Benjamin und der Schriftsteller Hans Christian Andersen gekümmert haben. Den Grimms ging es bei ihrer Märchensammlung weniger um die sozialkritische Dimension der Geschichten, sondern darum, irgendwelchen „urdeutschen“ Erzählungen nachzuforschen- womit sie die Germanistik erfunden haben; allerdings mußten sie einigermaßen verärgert feststellen, daß die meisten angeblich deutschen Märchen schon lange in Frankreich, Griechenland oder Island bekannt waren. Herrmann Cropp setzt sich in seinem Kommentar kritisch mit den Irrtümern der Grimmschen Märchenforschung und mit der in C.G. Jungs „Archetypen“ gipfelnden Suche nach „dem Ursprünglichen“ auseinander und erläutert einige Erzählmotive aus verschiedenen Ländern rund um das Lumpengesindel, die sich auf teilweise verblüffende Weise ähneln. Im Kern geht es in diesen Märchen, Legenden und Mythen immer um den Kampf für soziale Gerechtigkeit und ein Leben in Würde. Und damit gehen uns die Grimmschen Märchensammlungen auch heute noch etwas an, denn die Lumpen, „das Gesindel sind nämlich wir, zu 99% jedenfalls.“</span><br style="font-family: Helvetica,Arial,sans-serif;" /><span style="font-family: Helvetica,Arial,sans-serif;"><span style="font-weight: bold;">INHALT: </span>Grimm: Das Lumpengesindel (illustriert) * Cropp: Anmerkungen zum Lumpengesindel * Die Rache der Tiere * Lumpen und Mühlsteine- ein sozialer Kampf * Moderne Lumpen * Die Grimms&#8230; und die Märchentheorie * Literaturhinweise</span></small></p>

<p>Brüder Grimm: Das LumpengesindelHerrmann Cropp: &#8230;. und die Geschichte hinter [&hellip;] &hellip; <a href="https://www.packpapierverlag.de/?product=bruder-grimmherrmann-cropp-das-lumpengesindel-l25">Weiterlesen <span class="meta-nav">&rarr;</span></a></p>
