{"id":5740,"date":"2013-10-25T12:41:23","date_gmt":"2013-10-25T10:41:23","guid":{"rendered":"http:\/\/www.packpapierverlag.de\/?p=5740"},"modified":"2017-12-01T16:39:38","modified_gmt":"2017-12-01T15:39:38","slug":"contraste-die-monatszeitung-fur-selbstorganisation-nr-309-juni-2010","status":"publish","type":"product","link":"https:\/\/www.packpapierverlag.de\/?product=contraste-die-monatszeitung-fur-selbstorganisation-nr-309-juni-2010","title":{"rendered":"CONTRASTE Die Monatszeitung f\u00fcr Selbstorganisation Nr. 309, Juni 2010"},"content":{"rendered":"<p><a href=\"https:\/\/www.packpapierverlag.de\/wp-content\/uploads\/2013\/10\/Contraste-309-Juni-2010.jpg\"><img loading=\"lazy\" decoding=\"async\" class=\"alignleft size-medium wp-image-5741\" title=\"Contraste 309 Juni 2010\" src=\"https:\/\/www.packpapierverlag.de\/wp-content\/uploads\/2013\/10\/Contraste-309-Juni-2010-202x300.jpg\" alt=\"\" width=\"202\" height=\"300\" srcset=\"https:\/\/www.packpapierverlag.de\/wp-content\/uploads\/2013\/10\/Contraste-309-Juni-2010-202x300.jpg 202w, https:\/\/www.packpapierverlag.de\/wp-content\/uploads\/2013\/10\/Contraste-309-Juni-2010-300x444.jpg 300w, https:\/\/www.packpapierverlag.de\/wp-content\/uploads\/2013\/10\/Contraste-309-Juni-2010-691x1024.jpg 691w, https:\/\/www.packpapierverlag.de\/wp-content\/uploads\/2013\/10\/Contraste-309-Juni-2010.jpg 1024w\" sizes=\"auto, (max-width: 202px) 100vw, 202px\" \/><\/a><small style=\"color: #193333;\"><big style=\"color: #5f2040;\"><span style=\"font-family: Helvetica,Arial,sans-serif; font-weight: bold;\">CONTRASTE &#8211; Die Monatszeitung f\u00fcr Selbstorganisation<\/span><\/big><br style=\"font-family: Helvetica,Arial,sans-serif;\" \/><span style=\"font-family: Helvetica,Arial,sans-serif;\">Nummer 309, 27. Jahrgang, Juni 2010<\/span><span style=\"font-family: Helvetica,Arial,sans-serif;\">; Zeitungsformat, 16 Seiten.<\/span><br style=\"font-family: Helvetica,Arial,sans-serif;\" \/><span style=\"font-family: Helvetica,Arial,sans-serif;\">INHALT DIESER AUSGABE<\/span><span style=\"font-family: Helvetica,Arial,sans-serif;\">:<br \/>\nKulturgenossenschaften * Zensur durch Wohnungsgesellschaft SAGA: Tr\u00e4ume brauchen R\u00e4ume- Kein Tag ohne Infoladen Hamburg Wilhelmsburg, F\u00e4hrstra\u00dfe 10 * EU-Rettungspakete * 33. BUKO-Kongre\u00df: Commons kontrovers * \u201eRecht auf Stadt\u201c- Bewegung * Dokumentation: Kapitalismus, ein Zerst\u00f6rungsprojekt: Interview mit der \u00f6sterreichischen Patriarchatskritikerin Claudia von Werlhof * Gibt es ein Leben ohne Euro? Regionalw\u00e4hrungen als Alternative zum Geldsystem * Mit fairem Konsum bessere Arbeitsbedingungen schaffen? * Mundraub: Wilde Obstb\u00e4ume, Beeren und Str\u00e4ucher kartieren * Erfolg und Mi\u00dferfolg des \u201eDessauer Modells\u201c: Versuch \u00fcber ein Jahrzehnt * Kommerzialisierungsdruck auf Kulturgenossenschaften: Kulturvielfalt erhalten * Kunst im Kollektiv: Die Geschichte der K\u00fcnstlergemeinschaft \u201eKunst+Bau\u201c * Wenn B\u00fcrger die Kultur selbst in die Hand nehmen: \u201eAndere Filme anders zeigen\u201c * Von der Karteikarte zu digitalen Kulturlandschaften (Vom Projekt zur Genossenschaft u.a.) * Berlin Musik Commission eG * Solidarische \u00d6konomie zwischen Markt und Staat * Informationsb\u00fcndnis Nicaragua: \u201eFokuscaf\u00e9 Lateinamerike\u201c * Ticker: Repressionen und Rechtsf\u00e4lle * Die IG Farben-Saga: \u201eEs kann keinen Schlu\u00dfstrich geben\u201c * Roma und Sinti-Deportation aus Hamburg 1940 * Gl\u00fccks\u00f6konomie bei Roma\/Zigeunergruppen: \u201eIch verdiene \u00fcberall meine Br\u00f6tchen, sogar in der W\u00fcste\u201c * Rezensionen von B\u00fcchern und Zeitschriften * Kleinanzeigen\/Marktplatz * Tagungen\/Seminare\/Treffen<\/span><\/small><\/p>\n","protected":false},"excerpt":{"rendered":"<p>CONTRASTE &#8211; Die Monatszeitung f\u00fcr SelbstorganisationNummer 309, 27. Jahrgang, Juni [&hellip;] &hellip; <a href=\"https:\/\/www.packpapierverlag.de\/?product=contraste-die-monatszeitung-fur-selbstorganisation-nr-309-juni-2010\">Weiterlesen <span class=\"meta-nav\">&rarr;<\/span><\/a><\/p>\n","protected":false},"featured_media":5741,"template":"","meta":[],"product_brand":[],"product_cat":[40],"product_tag":[],"class_list":{"0":"post-5740","1":"product","2":"type-product","3":"status-publish","4":"has-post-thumbnail","6":"product_cat-zeitschriften","8":"first","9":"instock","10":"shipping-taxable","11":"purchasable","12":"product-type-simple"},"_links":{"self":[{"href":"https:\/\/www.packpapierverlag.de\/index.php?rest_route=\/wp\/v2\/product\/5740","targetHints":{"allow":["GET"]}}],"collection":[{"href":"https:\/\/www.packpapierverlag.de\/index.php?rest_route=\/wp\/v2\/product"}],"about":[{"href":"https:\/\/www.packpapierverlag.de\/index.php?rest_route=\/wp\/v2\/types\/product"}],"wp:featuredmedia":[{"embeddable":true,"href":"https:\/\/www.packpapierverlag.de\/index.php?rest_route=\/wp\/v2\/media\/5741"}],"wp:attachment":[{"href":"https:\/\/www.packpapierverlag.de\/index.php?rest_route=%2Fwp%2Fv2%2Fmedia&parent=5740"}],"wp:term":[{"taxonomy":"product_brand","embeddable":true,"href":"https:\/\/www.packpapierverlag.de\/index.php?rest_route=%2Fwp%2Fv2%2Fproduct_brand&post=5740"},{"taxonomy":"product_cat","embeddable":true,"href":"https:\/\/www.packpapierverlag.de\/index.php?rest_route=%2Fwp%2Fv2%2Fproduct_cat&post=5740"},{"taxonomy":"product_tag","embeddable":true,"href":"https:\/\/www.packpapierverlag.de\/index.php?rest_route=%2Fwp%2Fv2%2Fproduct_tag&post=5740"}],"curies":[{"name":"wp","href":"https:\/\/api.w.org\/{rel}","templated":true}]}}

CONTRASTE Die Monatszeitung für Selbstorganisation Nr. 309, Juni 2010

<p><a href="https://www.packpapierverlag.de/wp-content/uploads/2013/10/Contraste-309-Juni-2010.jpg"><img loading="lazy" decoding="async" class="alignleft size-medium wp-image-5741" title="Contraste 309 Juni 2010" src="https://www.packpapierverlag.de/wp-content/uploads/2013/10/Contraste-309-Juni-2010-202x300.jpg" alt="" width="202" height="300" srcset="https://www.packpapierverlag.de/wp-content/uploads/2013/10/Contraste-309-Juni-2010-202x300.jpg 202w, https://www.packpapierverlag.de/wp-content/uploads/2013/10/Contraste-309-Juni-2010-300x444.jpg 300w, https://www.packpapierverlag.de/wp-content/uploads/2013/10/Contraste-309-Juni-2010-691x1024.jpg 691w, https://www.packpapierverlag.de/wp-content/uploads/2013/10/Contraste-309-Juni-2010.jpg 1024w" sizes="auto, (max-width: 202px) 100vw, 202px" /></a><small style="color: #193333;"><big style="color: #5f2040;"><span style="font-family: Helvetica,Arial,sans-serif; font-weight: bold;">CONTRASTE &#8211; Die Monatszeitung für Selbstorganisation</span></big><br style="font-family: Helvetica,Arial,sans-serif;" /><span style="font-family: Helvetica,Arial,sans-serif;">Nummer 309, 27. Jahrgang, Juni 2010</span><span style="font-family: Helvetica,Arial,sans-serif;">; Zeitungsformat, 16 Seiten.</span><br style="font-family: Helvetica,Arial,sans-serif;" /><span style="font-family: Helvetica,Arial,sans-serif;">INHALT DIESER AUSGABE</span><span style="font-family: Helvetica,Arial,sans-serif;">:<br />
Kulturgenossenschaften * Zensur durch Wohnungsgesellschaft SAGA: Träume brauchen Räume- Kein Tag ohne Infoladen Hamburg Wilhelmsburg, Fährstraße 10 * EU-Rettungspakete * 33. BUKO-Kongreß: Commons kontrovers * „Recht auf Stadt“- Bewegung * Dokumentation: Kapitalismus, ein Zerstörungsprojekt: Interview mit der österreichischen Patriarchatskritikerin Claudia von Werlhof * Gibt es ein Leben ohne Euro? Regionalwährungen als Alternative zum Geldsystem * Mit fairem Konsum bessere Arbeitsbedingungen schaffen? * Mundraub: Wilde Obstbäume, Beeren und Sträucher kartieren * Erfolg und Mißerfolg des „Dessauer Modells“: Versuch über ein Jahrzehnt * Kommerzialisierungsdruck auf Kulturgenossenschaften: Kulturvielfalt erhalten * Kunst im Kollektiv: Die Geschichte der Künstlergemeinschaft „Kunst+Bau“ * Wenn Bürger die Kultur selbst in die Hand nehmen: „Andere Filme anders zeigen“ * Von der Karteikarte zu digitalen Kulturlandschaften (Vom Projekt zur Genossenschaft u.a.) * Berlin Musik Commission eG * Solidarische Ökonomie zwischen Markt und Staat * Informationsbündnis Nicaragua: „Fokuscafé Lateinamerike“ * Ticker: Repressionen und Rechtsfälle * Die IG Farben-Saga: „Es kann keinen Schlußstrich geben“ * Roma und Sinti-Deportation aus Hamburg 1940 * Glücksökonomie bei Roma/Zigeunergruppen: „Ich verdiene überall meine Brötchen, sogar in der Wüste“ * Rezensionen von Büchern und Zeitschriften * Kleinanzeigen/Marktplatz * Tagungen/Seminare/Treffen</span></small></p>

<p>CONTRASTE &#8211; Die Monatszeitung für SelbstorganisationNummer 309, 27. Jahrgang, Juni [&hellip;] &hellip; <a href="https://www.packpapierverlag.de/?product=contraste-die-monatszeitung-fur-selbstorganisation-nr-309-juni-2010">Weiterlesen <span class="meta-nav">&rarr;</span></a></p>
