{"id":5744,"date":"2013-10-27T17:21:52","date_gmt":"2013-10-27T16:21:52","guid":{"rendered":"http:\/\/www.packpapierverlag.de\/?p=5744"},"modified":"2017-12-01T16:38:34","modified_gmt":"2017-12-01T15:38:34","slug":"contraste-monatszeitung-fur-selbstorganisation-nr-270-marz-2007","status":"publish","type":"product","link":"https:\/\/www.packpapierverlag.de\/?product=contraste-monatszeitung-fur-selbstorganisation-nr-270-marz-2007","title":{"rendered":"CONTRASTE &#8211; Monatszeitung f\u00fcr Selbstorganisation Nr. 270 M\u00e4rz 2007"},"content":{"rendered":"<p><a href=\"https:\/\/www.packpapierverlag.de\/wp-content\/uploads\/2013\/10\/Contraste-270-M\u00e4rz-2007.jpg\"><img loading=\"lazy\" decoding=\"async\" class=\"alignleft size-medium wp-image-5745\" title=\"Contraste 270 M\u00e4rz 2007\" src=\"https:\/\/www.packpapierverlag.de\/wp-content\/uploads\/2013\/10\/Contraste-270-M\u00e4rz-2007-201x300.jpg\" alt=\"\" width=\"201\" height=\"300\" srcset=\"https:\/\/www.packpapierverlag.de\/wp-content\/uploads\/2013\/10\/Contraste-270-M\u00e4rz-2007-201x300.jpg 201w, https:\/\/www.packpapierverlag.de\/wp-content\/uploads\/2013\/10\/Contraste-270-M\u00e4rz-2007-300x446.jpg 300w, https:\/\/www.packpapierverlag.de\/wp-content\/uploads\/2013\/10\/Contraste-270-M\u00e4rz-2007-688x1024.jpg 688w, https:\/\/www.packpapierverlag.de\/wp-content\/uploads\/2013\/10\/Contraste-270-M\u00e4rz-2007.jpg 1024w\" sizes=\"auto, (max-width: 201px) 100vw, 201px\" \/><\/a><br \/>\n<small style=\"color: #032a12;\"><big style=\"color: #470e41;\"><span style=\"font-family: Helvetica,Arial,sans-serif; font-weight: bold;\">CONTRASTE &#8211; Die Monatszeitung f\u00fcr Selbstorganisation<\/span><\/big><br style=\"font-family: Helvetica,Arial,sans-serif;\" \/><span style=\"font-family: Helvetica,Arial,sans-serif;\">Nummer 270, 24. Jahrgang, M\u00e4rz 2007; Zeitungsformat, 16 Seiten + 4 Seiten Sonderbeilage Buko-Kongre\u00df in Leipzig <\/span><br style=\"font-family: Helvetica,Arial,sans-serif;\" \/><span style=\"font-family: Helvetica,Arial,sans-serif;\"><span style=\"font-weight: bold;\">INHALT DIESER AUSGABE<\/span>:<br \/>\nSCHWERPUNKTTHEMA: Feministische Selbstorganisation gestern und heute * Frauen gemeinsam stark! * Hamburg: 20 Jahre Archiv Aktiv e.V. f\u00fcr gewaltfreie Bewegungen * Aspirina D7: F\u00f6rderung von Finanzierungskampagnen * Kommunetermine * Arbeitsloseninitiativen: Von Hungerstreik bis Sattessen im Supermarkt * Neue Armut: Linsensuppe f\u00fcr alle \u201eAbgespeisten\u201c * \u201eEntwicklungsprojekte\u201c in Mittelamerika * Faslane365* Modell Wasserburg: Das Projekt Eulenspiegel in Wasserburg am Bodensee- Reflexionen: Eulenspiegel und die Selbstverwaltung * Projektbesuch: Grenzerfahrung- die Lutzweiler M\u00fchle (\u00d6kodorfprojekt) * Alternative Wohnprojekte: Gemeinschaft- erfahren * Frauenbewegung: Schwestern sind gemeinsam stark * Courage- Schonungslos * Globale Entmannung * Frauenbetriebe: Vom Kollektiv zur Einzelunternehmerin * Feministische Selbstorganisation: WeiberWirtschaft (Frauengenossenschaft) * Die Geschichte der Schoko(fabrik) in Berlin Kreuzberg: Von der Besetzerin zur Besitzerin * Frauenwohnprojekt in Berlin: Beginen sind freie Frauen, die mit beiden F\u00fc\u00dfen auf der Erde stehen * FrauenGesundheitsZentrum: Gegen geschlechtsblinde Medizin * Artenbildung: Homo constructor gigantus * Dokumentarfilm \u201eNeben der Spur\u201c * Nachruf: Dahlien f\u00fcr Heidi Heinisch * Selbsthilfe Linden G, Hannover: Von der Selbsthilfe zur Nutzung- eine Wohnungsgenossenschaft im Wandel * Genossenschaftsgr\u00fcndungen durch PromotorInnen vorantreiben * B\u00fccher\/Brosch\u00fcren\/Zeitschriften (Rezensionen) * Kleinanzeigen\/Marktplatz * Tagungen\/Seminare\/Treffen * SONDERTEIL BUKO: Ein Kongre\u00df f\u00fcr Widerst\u00e4ndigkeit * Widerst\u00e4ndige Praxis zwischen Flachwasser und Tiefsee * Wie denn nun eine andere Welt? * Widerstand gegen Krieg, Militarismus und Gewalt * \u00d6konomisierung und Privatisierung + Bewegungserfahrungen auf dem Pr\u00fcfstand * Feminism(s) revisited * Macht Netze gegen Machtnetze * Wir sind hier, weil ihr unsere L\u00e4nder zerst\u00f6rt * Buko wird 30 * Im Kapitalismus verfangen<\/span><\/small><\/p>\n","protected":false},"excerpt":{"rendered":"<p>CONTRASTE &#8211; Die Monatszeitung f\u00fcr SelbstorganisationNummer 270, 24. Jahrgang, M\u00e4rz [&hellip;] &hellip; <a href=\"https:\/\/www.packpapierverlag.de\/?product=contraste-monatszeitung-fur-selbstorganisation-nr-270-marz-2007\">Weiterlesen <span class=\"meta-nav\">&rarr;<\/span><\/a><\/p>\n","protected":false},"featured_media":5745,"template":"","meta":[],"product_brand":[],"product_cat":[40],"product_tag":[],"class_list":{"0":"post-5744","1":"product","2":"type-product","3":"status-publish","4":"has-post-thumbnail","6":"product_cat-zeitschriften","8":"first","9":"instock","10":"shipping-taxable","11":"purchasable","12":"product-type-simple"},"_links":{"self":[{"href":"https:\/\/www.packpapierverlag.de\/index.php?rest_route=\/wp\/v2\/product\/5744","targetHints":{"allow":["GET"]}}],"collection":[{"href":"https:\/\/www.packpapierverlag.de\/index.php?rest_route=\/wp\/v2\/product"}],"about":[{"href":"https:\/\/www.packpapierverlag.de\/index.php?rest_route=\/wp\/v2\/types\/product"}],"wp:featuredmedia":[{"embeddable":true,"href":"https:\/\/www.packpapierverlag.de\/index.php?rest_route=\/wp\/v2\/media\/5745"}],"wp:attachment":[{"href":"https:\/\/www.packpapierverlag.de\/index.php?rest_route=%2Fwp%2Fv2%2Fmedia&parent=5744"}],"wp:term":[{"taxonomy":"product_brand","embeddable":true,"href":"https:\/\/www.packpapierverlag.de\/index.php?rest_route=%2Fwp%2Fv2%2Fproduct_brand&post=5744"},{"taxonomy":"product_cat","embeddable":true,"href":"https:\/\/www.packpapierverlag.de\/index.php?rest_route=%2Fwp%2Fv2%2Fproduct_cat&post=5744"},{"taxonomy":"product_tag","embeddable":true,"href":"https:\/\/www.packpapierverlag.de\/index.php?rest_route=%2Fwp%2Fv2%2Fproduct_tag&post=5744"}],"curies":[{"name":"wp","href":"https:\/\/api.w.org\/{rel}","templated":true}]}}

CONTRASTE &#8211; Monatszeitung für Selbstorganisation Nr. 270 März 2007

<p><a href="https://www.packpapierverlag.de/wp-content/uploads/2013/10/Contraste-270-März-2007.jpg"><img loading="lazy" decoding="async" class="alignleft size-medium wp-image-5745" title="Contraste 270 März 2007" src="https://www.packpapierverlag.de/wp-content/uploads/2013/10/Contraste-270-März-2007-201x300.jpg" alt="" width="201" height="300" srcset="https://www.packpapierverlag.de/wp-content/uploads/2013/10/Contraste-270-März-2007-201x300.jpg 201w, https://www.packpapierverlag.de/wp-content/uploads/2013/10/Contraste-270-März-2007-300x446.jpg 300w, https://www.packpapierverlag.de/wp-content/uploads/2013/10/Contraste-270-März-2007-688x1024.jpg 688w, https://www.packpapierverlag.de/wp-content/uploads/2013/10/Contraste-270-März-2007.jpg 1024w" sizes="auto, (max-width: 201px) 100vw, 201px" /></a><br />
<small style="color: #032a12;"><big style="color: #470e41;"><span style="font-family: Helvetica,Arial,sans-serif; font-weight: bold;">CONTRASTE &#8211; Die Monatszeitung für Selbstorganisation</span></big><br style="font-family: Helvetica,Arial,sans-serif;" /><span style="font-family: Helvetica,Arial,sans-serif;">Nummer 270, 24. Jahrgang, März 2007; Zeitungsformat, 16 Seiten + 4 Seiten Sonderbeilage Buko-Kongreß in Leipzig </span><br style="font-family: Helvetica,Arial,sans-serif;" /><span style="font-family: Helvetica,Arial,sans-serif;"><span style="font-weight: bold;">INHALT DIESER AUSGABE</span>:<br />
SCHWERPUNKTTHEMA: Feministische Selbstorganisation gestern und heute * Frauen gemeinsam stark! * Hamburg: 20 Jahre Archiv Aktiv e.V. für gewaltfreie Bewegungen * Aspirina D7: Förderung von Finanzierungskampagnen * Kommunetermine * Arbeitsloseninitiativen: Von Hungerstreik bis Sattessen im Supermarkt * Neue Armut: Linsensuppe für alle „Abgespeisten“ * „Entwicklungsprojekte“ in Mittelamerika * Faslane365* Modell Wasserburg: Das Projekt Eulenspiegel in Wasserburg am Bodensee- Reflexionen: Eulenspiegel und die Selbstverwaltung * Projektbesuch: Grenzerfahrung- die Lutzweiler Mühle (Ökodorfprojekt) * Alternative Wohnprojekte: Gemeinschaft- erfahren * Frauenbewegung: Schwestern sind gemeinsam stark * Courage- Schonungslos * Globale Entmannung * Frauenbetriebe: Vom Kollektiv zur Einzelunternehmerin * Feministische Selbstorganisation: WeiberWirtschaft (Frauengenossenschaft) * Die Geschichte der Schoko(fabrik) in Berlin Kreuzberg: Von der Besetzerin zur Besitzerin * Frauenwohnprojekt in Berlin: Beginen sind freie Frauen, die mit beiden Füßen auf der Erde stehen * FrauenGesundheitsZentrum: Gegen geschlechtsblinde Medizin * Artenbildung: Homo constructor gigantus * Dokumentarfilm „Neben der Spur“ * Nachruf: Dahlien für Heidi Heinisch * Selbsthilfe Linden G, Hannover: Von der Selbsthilfe zur Nutzung- eine Wohnungsgenossenschaft im Wandel * Genossenschaftsgründungen durch PromotorInnen vorantreiben * Bücher/Broschüren/Zeitschriften (Rezensionen) * Kleinanzeigen/Marktplatz * Tagungen/Seminare/Treffen * SONDERTEIL BUKO: Ein Kongreß für Widerständigkeit * Widerständige Praxis zwischen Flachwasser und Tiefsee * Wie denn nun eine andere Welt? * Widerstand gegen Krieg, Militarismus und Gewalt * Ökonomisierung und Privatisierung + Bewegungserfahrungen auf dem Prüfstand * Feminism(s) revisited * Macht Netze gegen Machtnetze * Wir sind hier, weil ihr unsere Länder zerstört * Buko wird 30 * Im Kapitalismus verfangen</span></small></p>

<p>CONTRASTE &#8211; Die Monatszeitung für SelbstorganisationNummer 270, 24. Jahrgang, März [&hellip;] &hellip; <a href="https://www.packpapierverlag.de/?product=contraste-monatszeitung-fur-selbstorganisation-nr-270-marz-2007">Weiterlesen <span class="meta-nav">&rarr;</span></a></p>
